000
CXUS55 KOHX 161010
CF6BNA
PRELIMINARY LOCAL CLIMATOLOGICAL DATA (WS FORM: F-6)

                                          STATION:   NASHVILLE
                                          MONTH:     OCTOBER
                                          YEAR:      2017
                                          LATITUDE:   36  7 N
                                          LONGITUDE:  86 41 W

  TEMPERATURE IN F:       :PCPN:    SNOW:  WIND      :SUNSHINE: SKY     :PK WND
================================================================================
1   2   3   4   5  6A  6B    7    8   9   10  11  12  13   14  15   16   17  18
                                     12Z  AVG MX 2MIN
DY MAX MIN AVG DEP HDD CDD  WTR  SNW DPTH SPD SPD DIR MIN PSBL S-S WX    SPD DR
================================================================================

 1  83  51  67   1   0   2 0.00  0.0    0  6.3 16 140   M    M   5        20 120
 2  81  56  69   4   0   4 0.00  0.0    0  7.9 17 130   M    M   6        22 150
 3  86  63  75  10   0  10 0.00  0.0    0  6.3 15 190   M    M   4        19 180
 4  84  58  71   7   0   6 0.00  0.0    0  3.1 12 180   M    M   3        14 180
 5  84  57  71   7   0   6 0.00  0.0    0  1.9 10 100   M    M   5        16 110
 6  85  57  71   7   0   6 0.00  0.0    0  5.4 13 140   M    M   5        18 170
 7  85  62  74  11   0   9 0.01  0.0    0 12.1 20 160   M    M   7 1      27 160
 8  77  72  75  12   0  10 0.31  0.0    0  7.0 15  60   M    M  10 1      20 190
 9  84  70  77  15   0  12 0.00  0.0    0  4.2  9  90   M    M   9        12 200
10  84  74  79  17   0  14 0.31  0.0    0  7.5 16 170   M    M   8 1      21 170
11  75  58  67   5   0   2    T  0.0    0  7.1 13 310   M    M   9 1      20 310
12  65  51  58  -4   7   0 0.00  0.0    0  5.2 10  70   M    M   8        14 330
13  79  46  63   2   2   0 0.00  0.0    0  2.1  7  80   M    M   2 12     10  40
14  86  56  71  10   0   6 0.00  0.0    0  7.7 20 190   M    M   3        26 190
15  83  53  68   8   0   3 0.04  0.0    0 10.5 28 310   M    M   6 1      36 320
================================================================================
SM 1221  884         9  90  0.67     0.0  94.3          M       90
================================================================================
AV 81.4 58.9                               6.3 FASTST   M    M   6    MAX(MPH)
                                 MISC ---->  # 28 310               # 36  320
================================================================================
NOTES:
# LAST OF SEVERAL OCCURRENCES

COLUMN 17 PEAK WIND IN M.P.H.

PRELIMINARY LOCAL CLIMATOLOGICAL DATA (WS FORM: F-6) , PAGE 2

                                          STATION:  NASHVILLE
                                          MONTH:    OCTOBER
                                          YEAR:     2017
                                          LATITUDE:   36  7 N
                                          LONGITUDE:  86 41 W

[TEMPERATURE DATA]      [PRECIPITATION DATA]       SYMBOLS USED IN COLUMN 16

AVERAGE MONTHLY: 70.2   TOTAL FOR MONTH:   0.67    1 = FOG OR MIST
DPTR FM NORMAL:   7.2   DPTR FM NORMAL:   -0.78    2 = FOG REDUCING VISIBILITY
HIGHEST:    86 ON 14, 3 GRTST 24HR  0.31 ON 10-10      TO 1/4 MILE OR LESS
LOWEST:     46 ON 13                               3 = THUNDER
                        SNOW, ICE PELLETS, HAIL    4 = ICE PELLETS
                        TOTAL MONTH:   0.0 INCH    5 = HAIL
                        GRTST 24HR     0.0         6 = FREEZING RAIN OR DRIZZLE
                        GRTST DEPTH:   0           7 = DUSTSTORM OR SANDSTORM:
                                                       VSBY 1/2 MILE OR LESS
                                                   8 = SMOKE OR HAZE
[NO. OF DAYS WITH]      [WEATHER - DAYS WITH]      9 = BLOWING SNOW
                                                   X = TORNADO
MAX 32 OR BELOW:   0    0.01 INCH OR MORE:   4
MAX 90 OR ABOVE:   0    0.10 INCH OR MORE:   2
MIN 32 OR BELOW:   0    0.50 INCH OR MORE:   0
MIN  0 OR BELOW:   0    1.00 INCH OR MORE:   0

[HDD (BASE 65) ]
TOTAL THIS MO.     9    CLEAR  (SCALE 0-3)   3
DPTR FM NORMAL   -55    PTCLDY (SCALE 4-7)   8
TOTAL FM JUL 1    21    CLOUDY (SCALE 8-10)  4
DPTR FM NORMAL   -67

[CDD (BASE 65) ]
TOTAL THIS MO.    90
DPTR FM NORMAL    57    [PRESSURE DATA]
TOTAL FM JAN 1  1893    HIGHEST SLP M ON M
DPTR FM NORMAL   266    LOWEST  SLP 29.58 ON  8

[REMARKS]
