000
CXUS56 KBOI 241002
CF6BNO
PRELIMINARY LOCAL CLIMATOLOGICAL DATA (WS FORM: F-6)

                                          STATION:   BURNS OR
                                          MONTH:     JULY
                                          YEAR:      2017
                                          LATITUDE:   43 34 N
                                          LONGITUDE: 118 57 W

  TEMPERATURE IN F:       :PCPN:    SNOW:  WIND      :SUNSHINE: SKY     :PK WND
================================================================================
1   2   3   4   5  6A  6B    7    8   9   10  11  12  13   14  15   16   17  18
                                     12Z  AVG MX 2MIN
DY MAX MIN AVG DEP HDD CDD  WTR  SNW DPTH SPD SPD DIR MIN PSBL S-S WX    SPD DR
================================================================================

 1  90  47  69   6   0   4 0.00    M    M  7.4 22 330   M    M   0        26 320
 2  91  53  72   8   0   7 0.00    M    M  7.5 17 190   M    M   0        26 190
 3  91  52  72   8   0   7 0.00    M    M  7.3 16 190   M    M   0        21 220
 4  93  45  69   5   0   4 0.00    M    M  5.8 15 210   M    M   0        20 210
 5  94  45  70   6   0   5 0.00    M    M  6.2 22 200   M    M   0        27 200
 6  96  47  72   7   0   7 0.00    M    M  5.3 14  80   M    M   0        18  70
 7  96  49  73   8   0   8 0.00    M    M  5.9 16 320   M    M   0        21 310
 8  97  49  73   8   0   8 0.00    M    M  3.9  9 220   M    M   0        30 330
 9  96  50  73   7   0   8 0.00    M    M  7.2 18 320   M    M   0        24 250
10  88  58  73   7   0   8 0.00    M    M 10.2 22 230   M    M   0        29 240
11  86  46  66   0   0   1 0.00    M    M  7.1 14 180   M    M   0        17 180
12  91  43  67   1   0   2 0.00    M    M  5.3 16 200   M    M   0        22 220
13  93  49  71   4   0   6 0.00    M    M  7.1 14 200   M    M   0        19 140
14  95  50  73   6   0   8    T    M    M  4.8 37 150   M    M   1        46 170
15  94  50  72   5   0   7 0.00    M    M  8.6 23 230   M    M   0        28 230
16  86  48  67   0   0   2 0.00    M    M  8.0 16 260   M    M   0        24 220
17  88  43  66  -2   0   1 0.00    M    M  6.2 25  60   M    M   0        29 290
18  88  45  67  -1   0   2 0.00    M    M  5.6 24 300   M    M   0        32 300
19  88  45  67  -1   0   2 0.00    M    M  7.5 16 260   M    M   0        19 280
20  85  48  67  -1   0   2 0.00    M    M  8.0 18 200   M    M   0        26 230
21  87  47  67  -1   0   2 0.00    M    M   M   M   M   M    M   0         M  M
22  91  43  67  -1   0   2 0.00    M    M  5.9 13 330   M    M   0        19 160
23  96  47  72   4   0   7 0.00    M    M  6.7 16 320   M    M   0        21 330
================================================================================
SM 2100 1099         0 110    T     M    147.5          M        1
================================================================================
AV 91.3 47.8                               6.7 FASTST   M    M   0    MAX(MPH)
                                 MISC ---->  # 37 150               # 46  170
================================================================================
NOTES:
# LAST OF SEVERAL OCCURRENCES

COLUMN 17 PEAK WIND IN M.P.H.

PRELIMINARY LOCAL CLIMATOLOGICAL DATA (WS FORM: F-6) , PAGE 2

                                          STATION:  BURNS OR
                                          MONTH:    JULY
                                          YEAR:     2017
                                          LATITUDE:   43 34 N
                                          LONGITUDE: 118 57 W

[TEMPERATURE DATA]      [PRECIPITATION DATA]       SYMBOLS USED IN COLUMN 16

AVERAGE MONTHLY: 69.5   TOTAL FOR MONTH:      T    1 = FOG OR MIST
DPTR FM NORMAL:   3.4   DPTR FM NORMAL:   -0.30    2 = FOG REDUCING VISIBILITY
HIGHEST:    97 ON  8    GRTST 24HR    T  ON 14-14      TO 1/4 MILE OR LESS
LOWEST:     43 ON 22,17                            3 = THUNDER
                        SNOW, ICE PELLETS, HAIL    4 = ICE PELLETS
                        TOTAL MONTH:    M          5 = HAIL
                        GRTST 24HR    M  ON   M    6 = FREEZING RAIN OR DRIZZLE
                        GRTST DEPTH:  M  ON   M    7 = DUSTSTORM OR SANDSTORM:
                                                       VSBY 1/2 MILE OR LESS
                                                   8 = SMOKE OR HAZE
[NO. OF DAYS WITH]      [WEATHER - DAYS WITH]      9 = BLOWING SNOW
                                                   X = TORNADO
MAX 32 OR BELOW:   0    0.01 INCH OR MORE:   0
MAX 90 OR ABOVE:  15    0.10 INCH OR MORE:   0
MIN 32 OR BELOW:   0    0.50 INCH OR MORE:   0
MIN  0 OR BELOW:   0    1.00 INCH OR MORE:   0

[HDD (BASE 65) ]
TOTAL THIS MO.     0    CLEAR  (SCALE 0-3)  23
DPTR FM NORMAL   -49    PTCLDY (SCALE 4-7)   0
TOTAL FM JUL 1     0    CLOUDY (SCALE 8-10)  0
DPTR FM NORMAL   -49

[CDD (BASE 65) ]
TOTAL THIS MO.   110
DPTR FM NORMAL    36    [PRESSURE DATA]
TOTAL FM JAN 1   138    HIGHEST SLP M ON M
DPTR FM NORMAL    41    LOWEST  SLP 29.69 ON 10

[REMARKS]
