000
CXUS55 KBOI 231002
CF6BOI
PRELIMINARY LOCAL CLIMATOLOGICAL DATA (WS FORM: F-6)

                                          STATION:   BOISE ID
                                          MONTH:     FEBRUARY
                                          YEAR:      2017
                                          LATITUDE:   43 34 N
                                          LONGITUDE: 116 13 W

  TEMPERATURE IN F:       :PCPN:    SNOW:  WIND      :SUNSHINE: SKY     :PK WND
================================================================================
1   2   3   4   5  6A  6B    7    8   9   10  11  12  13   14  15   16   17  18
                                     12Z  AVG MX 2MIN
DY MAX MIN AVG DEP HDD CDD  WTR  SNW DPTH SPD SPD DIR MIN PSBL S-S WX    SPD DR
================================================================================

 1  29  20  25  -8  40   0    T    T    3  5.3 12 140   M    M  10 18     14 140
 2  31  25  28  -6  37   0    T    T    2  5.2 16 150   M    M  10 18     20 150
 3  43  27  35   1  30   0 0.01    T    2 11.9 22 150   M    M   9        27 160
 4  43  36  40   6  25   0    T  0.0    2 11.1 16 110   M    M  10        20 140
 5  49  37  43   9  22   0 0.00  0.0    T 14.8 24 120   M    M   6        31 110
 6  50  36  43   9  22   0 0.01  0.0    T  8.5 28 130   M    M   8        32 140
 7  42  32  37   2  28   0 0.34  2.1    0  7.8 22 300   M    M   7 12     27 300
 8  48  32  40   5  25   0 0.14  0.0    T 11.7 20 120   M    M   8        25 140
 9  57  45  51  16  14   0    T  0.0    0 14.3 22 110   M    M  10        26 120
10  53  37  45  10  20   0 0.17  0.0    0  5.2 16 330   M    M   7        19 330
11  41  28  35   0  30   0 0.00  0.0    0  8.7 18 300   M    M   0        24 330
12  42  26  34  -2  31   0 0.00  0.0    0  5.6 14 170   M    M   0        18 140
13  43  25  34  -2  31   0 0.00  0.0    0  2.4 12 290   M    M   0 1      13 290
14  42  25  34  -2  31   0 0.00  0.0    0  3.3 12 300   M    M   0 18     14 300
15  45  22  34  -2  31   0    T  0.0    0  3.7 14 180   M    M   3 18     16 180
16  58  37  48  11  17   0 0.04  0.0    0 10.6 30 250   M    M   8 138    50 160
17  51  36  44   7  21   0 0.06  0.0    0  8.8 26 140   M    M   5        34 140
18  50  40  45   8  20   0 0.26  0.0    0 13.2 26 110   M    M  10 1      33 100
19  52  38  45   7  20   0 0.06    T    0  8.2 24 230   M    M   8 35     34 230
20  57  40  49  11  16   0 0.04  0.0    0 14.3 26 140   M    M   7        36 140
21  56  39  48  10  17   0    T  0.0    0 14.5 30 250   M    M   4        37 240
22  41  30  36  -2  29   0    T    T    0  7.7 22 310   M    M   5 1      25 310
================================================================================
SM 1023  713       557   0  1.13     2.1 196.8          M      135
================================================================================
AV 46.5 32.4                               8.9 FASTST   M    M   6    MAX(MPH)
                                 MISC ---->  # 30 250               # 50  160
================================================================================
NOTES:
# LAST OF SEVERAL OCCURRENCES

COLUMN 17 PEAK WIND IN M.P.H.

PRELIMINARY LOCAL CLIMATOLOGICAL DATA (WS FORM: F-6) , PAGE 2

                                          STATION:  BOISE ID
                                          MONTH:    FEBRUARY
                                          YEAR:     2017
                                          LATITUDE:   43 34 N
                                          LONGITUDE: 116 13 W

[TEMPERATURE DATA]      [PRECIPITATION DATA]       SYMBOLS USED IN COLUMN 16

AVERAGE MONTHLY: 39.5   TOTAL FOR MONTH:   1.13    1 = FOG OR MIST
DPTR FM NORMAL:   3.8   DPTR FM NORMAL:    0.37    2 = FOG REDUCING VISIBILITY
HIGHEST:    58 ON 16    GRTST 24HR  0.40 ON  6- 7      TO 1/4 MILE OR LESS
LOWEST:     20 ON  1                               3 = THUNDER
                        SNOW, ICE PELLETS, HAIL    4 = ICE PELLETS
                        TOTAL MONTH:   2.1 INCHES  5 = HAIL
                        GRTST 24HR   2.1 ON   M    6 = FREEZING RAIN OR DRIZZLE
                        GRTST DEPTH:   3 ON  1     7 = DUSTSTORM OR SANDSTORM:
                                                       VSBY 1/2 MILE OR LESS
                                                   8 = SMOKE OR HAZE
[NO. OF DAYS WITH]      [WEATHER - DAYS WITH]      9 = BLOWING SNOW
                                                   X = TORNADO
MAX 32 OR BELOW:   2    0.01 INCH OR MORE:  10
MAX 90 OR ABOVE:   0    0.10 INCH OR MORE:   4
MIN 32 OR BELOW:  11    0.50 INCH OR MORE:   0
MIN  0 OR BELOW:   0    1.00 INCH OR MORE:   0

[HDD (BASE 65) ]
TOTAL THIS MO.   557    CLEAR  (SCALE 0-3)   5
DPTR FM NORMAL   -88    PTCLDY (SCALE 4-7)  10
TOTAL FM JUL 1  4091    CLOUDY (SCALE 8-10)  7
DPTR FM NORMAL    85

[CDD (BASE 65) ]
TOTAL THIS MO.     0
DPTR FM NORMAL     0    [PRESSURE DATA]
TOTAL FM JAN 1     0    HIGHEST SLP M ON M
DPTR FM NORMAL     0    LOWEST  SLP 29.41 ON 18

[REMARKS]
