000
CXUS55 KRIW 160945
CF6BPI
PRELIMINARY LOCAL CLIMATOLOGICAL DATA (WS FORM: F-6)

                                          STATION:   BIG PINEY  WY
                                          MONTH:     JANUARY
                                          YEAR:      2018
                                          LATITUDE:   42 34 N
                                          LONGITUDE: 110  6 W

  TEMPERATURE IN F:       :PCPN:    SNOW:  WIND      :SUNSHINE: SKY     :PK WND
================================================================================
1   2   3   4   5  6A  6B    7    8   9   10  11  12  13   14  15   16   17  18
                                     12Z  AVG MX 2MIN
DY MAX MIN AVG DEP HDD CDD  WTR  SNW DPTH SPD SPD DIR MIN PSBL S-S WX    SPD DR
================================================================================

 1  35  -2  17   6  48   0 0.00  0.0    M  5.7 21 340   M    M   0        24 340
 2  32  -8  12   1  53   0 0.00  0.0    M  3.6 14  20   M    M   0        15  10
 3  35  -2  17   6  48   0 0.00  0.0    M  3.1 10  70   M    M   0        11  80
 4  41   1  21  10  44   0 0.00  0.0    M  3.9  9 350   M    M   0 1      10 340
 5  45   9  27  16  38   0 0.00  0.0    M  3.0 14  20   M    M   3        16  40
 6  34  14  24  13  41   0    T    M    M  4.2 14 340   M    M   6 12     17 320
 7  38  13  26  15  39   0 0.00  0.0    M  6.5 15 350   M    M   0        16 350
 8  34   8  21  10  44   0 0.00    M    M  2.0 10 350   M    M   2        10 350
 9  34  24  29  18  36   0 0.01    M    M  1.7  7 360   M    M  10 1       8  80
10  38  11  25  14  40   0    T    M    M  9.4 28 320   M    M   5 1      35 320
11  33   6  20   9  45   0    T    M    M  6.7 15 350   M    M   4 1      16 360
12  38  16  27  16  38   0 0.04    M    M  8.7 21 310   M    M   6 1      26 320
13  39   9  24  13  41   0 0.00    M    M  5.7 20 360   M    M   2        26 350
14  43   7  25  14  40   0 0.00    M    M  6.2 18  20   M    M   0        22  20
15  29  17  23  12  42   0 0.00    M    M  8.7 21  20   M    M   5        26  20
================================================================================
SM  548  123       637   0  0.05     0.0  79.1          M       43
================================================================================
AV 36.5  8.2                               5.3 FASTST   M    M   3    MAX(MPH)
                                 MISC ---->  # 28 320               # 35  320
================================================================================
NOTES:
# LAST OF SEVERAL OCCURRENCES

COLUMN 17 PEAK WIND IN M.P.H.

PRELIMINARY LOCAL CLIMATOLOGICAL DATA (WS FORM: F-6) , PAGE 2

                                          STATION:  BIG PINEY  WY
                                          MONTH:    JANUARY
                                          YEAR:     2018
                                          LATITUDE:   42 34 N
                                          LONGITUDE: 110  6 W

[TEMPERATURE DATA]      [PRECIPITATION DATA]       SYMBOLS USED IN COLUMN 16

AVERAGE MONTHLY: 22.4   TOTAL FOR MONTH:   0.05    1 = FOG OR MIST
DPTR FM NORMAL:  11.4   DPTR FM NORMAL:   -0.11    2 = FOG REDUCING VISIBILITY
HIGHEST:    45 ON  5    GRTST 24HR  0.04 ON 12-12      TO 1/4 MILE OR LESS
LOWEST:     -8 ON  2                               3 = THUNDER
                        SNOW, ICE PELLETS, HAIL    4 = ICE PELLETS
                        TOTAL MONTH:   0.0 INCH    5 = HAIL
                        GRTST 24HR     0.0         6 = FREEZING RAIN OR DRIZZLE
                        GRTST DEPTH:  M  ON   M    7 = DUSTSTORM OR SANDSTORM:
                                                       VSBY 1/2 MILE OR LESS
                                                   8 = SMOKE OR HAZE
[NO. OF DAYS WITH]      [WEATHER - DAYS WITH]      9 = BLOWING SNOW
                                                   X = TORNADO
MAX 32 OR BELOW:   2    0.01 INCH OR MORE:   2
MAX 90 OR ABOVE:   0    0.10 INCH OR MORE:   0
MIN 32 OR BELOW:  15    0.50 INCH OR MORE:   0
MIN  0 OR BELOW:   3    1.00 INCH OR MORE:   0

[HDD (BASE 65) ]
TOTAL THIS MO.   637    CLEAR  (SCALE 0-3)   8
DPTR FM NORMAL  -173    PTCLDY (SCALE 4-7)   6
TOTAL FM JUL 1  4517    CLOUDY (SCALE 8-10)  1
DPTR FM NORMAL  -732

[CDD (BASE 65) ]
TOTAL THIS MO.     0
DPTR FM NORMAL     0    [PRESSURE DATA]
TOTAL FM JAN 1     0    HIGHEST SLP M ON M
DPTR FM NORMAL     0    LOWEST  SLP 29.51 ON 10

[REMARKS]
