000
CXUS55 KRIW 250945
CF6BPI
PRELIMINARY LOCAL CLIMATOLOGICAL DATA (WS FORM: F-6)

                                          STATION:   BIG PINEY  WY
                                          MONTH:     JULY
                                          YEAR:      2017
                                          LATITUDE:   42 34 N
                                          LONGITUDE: 110  6 W

  TEMPERATURE IN F:       :PCPN:    SNOW:  WIND      :SUNSHINE: SKY     :PK WND
================================================================================
1   2   3   4   5  6A  6B    7    8   9   10  11  12  13   14  15   16   17  18
                                     12Z  AVG MX 2MIN
DY MAX MIN AVG DEP HDD CDD  WTR  SNW DPTH SPD SPD DIR MIN PSBL S-S WX    SPD DR
================================================================================

 1  79  35  57  -3   8   0 0.00  0.0    M  4.8 13 350   M    M   0        14  70
 2  80  43  62   2   3   0 0.00  0.0    0  8.6 28 310   M    M   0        34 320
 3  85  38  62   2   3   0 0.00  0.0    0  7.4 23 310   M    M   1        29 340
 4  87  42  65   5   0   0 0.00  0.0    0  6.9 20 330   M    M   0        29 310
 5  86  44  65   5   0   0 0.06  0.0    0  6.9 26  20   M    M   0 3      35  20
 6  89  42  66   5   0   1    T  0.0    0  7.8 29  20   M    M   0        43 330
 7  84  47  66   5   0   1 0.00    M    M  5.8 25  20   M    M   0 3      33  30
 8  87  44  66   5   0   1 0.00    M    M  6.6 16 260   M    M   0        19 260
 9  86  46  66   5   0   1    T    M    M  8.5 23 310   M    M   1 3      39  40
10  83  55  69   7   0   4 0.01    M    M  8.2 30 320   M    M   4 3      38 330
11  85  44  65   3   0   0 0.00    M    M  7.6 22 280   M    M   1        31 270
12  86  43  65   3   0   0 0.00    M    M  6.1 17  10   M    M   1        26  40
13  88  41  65   3   0   0 0.00  0.0    M  6.9 16  10   M    M   1        21  50
14  89  53  71   9   0   6 0.11  0.0    M  6.3 21  90   M    M   1        24  90
15  86  47  67   5   0   2    T    M    M  8.4 26  70   M    M   1 3      35  80
16  85  48  67   5   0   2 0.00  0.0    M  7.1 22  80   M    M   1 3      26  60
17  78  46  62  -1   3   0    T    M    M  9.7 24 220   M    M   2 3      32 230
18  86  44  65   2   0   0    T    M    M  6.9 18 250   M    M   1 3      22 250
19  87  44  66   3   0   1    T  0.0    0  7.2 15 150   M    M   3        20  80
20  84  50  67   4   0   2 0.19  0.0    0  7.3 26  30   M    M   2 3      35  30
21  84  49  67   4   0   2 0.37  0.0    0  5.8 20 310   M    M   3 13     24 310
22  87  42  65   2   0   0 0.00  0.0    0  7.1 17  10   M    M   0        22 340
23  85  43  64   1   1   0    T  0.0    0  7.4 25 300   M    M   0        32 310
24  84  44  64   1   1   0 0.00    M    M  6.5 22 350   M    M   1 38     31 330
================================================================================
SM 2040 1074        19  23  0.74     0.0 171.8          M       24
================================================================================
AV 85.0 44.8                               7.2 FASTST   M    M   1    MAX(MPH)
                                 MISC ---->  # 30 320               # 43  330
================================================================================
NOTES:
# LAST OF SEVERAL OCCURRENCES

COLUMN 17 PEAK WIND IN M.P.H.

PRELIMINARY LOCAL CLIMATOLOGICAL DATA (WS FORM: F-6) , PAGE 2

                                          STATION:  BIG PINEY  WY
                                          MONTH:    JULY
                                          YEAR:     2017
                                          LATITUDE:   42 34 N
                                          LONGITUDE: 110  6 W

[TEMPERATURE DATA]      [PRECIPITATION DATA]       SYMBOLS USED IN COLUMN 16

AVERAGE MONTHLY: 64.9   TOTAL FOR MONTH:   0.74    1 = FOG OR MIST
DPTR FM NORMAL:   3.1   DPTR FM NORMAL:    0.23    2 = FOG REDUCING VISIBILITY
HIGHEST:    89 ON 14, 6 GRTST 24HR  0.37 ON 21-21      TO 1/4 MILE OR LESS
LOWEST:     35 ON  1                               3 = THUNDER
                        SNOW, ICE PELLETS, HAIL    4 = ICE PELLETS
                        TOTAL MONTH:   0.0 INCH    5 = HAIL
                        GRTST 24HR     0.0         6 = FREEZING RAIN OR DRIZZLE
                        GRTST DEPTH:   0           7 = DUSTSTORM OR SANDSTORM:
                                                       VSBY 1/2 MILE OR LESS
                                                   8 = SMOKE OR HAZE
[NO. OF DAYS WITH]      [WEATHER - DAYS WITH]      9 = BLOWING SNOW
                                                   X = TORNADO
MAX 32 OR BELOW:   0    0.01 INCH OR MORE:   5
MAX 90 OR ABOVE:   0    0.10 INCH OR MORE:   3
MIN 32 OR BELOW:   0    0.50 INCH OR MORE:   0
MIN  0 OR BELOW:   0    1.00 INCH OR MORE:   0

[HDD (BASE 65) ]
TOTAL THIS MO.    19    CLEAR  (SCALE 0-3)  23
DPTR FM NORMAL   -75    PTCLDY (SCALE 4-7)   1
TOTAL FM JUL 1    19    CLOUDY (SCALE 8-10)  0
DPTR FM NORMAL   -75

[CDD (BASE 65) ]
TOTAL THIS MO.    23
DPTR FM NORMAL     7    [PRESSURE DATA]
TOTAL FM JAN 1    24    HIGHEST SLP M ON M
DPTR FM NORMAL     6    LOWEST  SLP 29.80 ON 10

[REMARKS]
