000
CXUS54 KLCH 290610
CF6BPT
PRELIMINARY LOCAL CLIMATOLOGICAL DATA (WS FORM: F-6)

                                          STATION:   BEAUMONT PORT ARTHUR
                                          MONTH:     MARCH
                                          YEAR:      2015
                                          LATITUDE:   29 57 N
                                          LONGITUDE:  94  1 W

  TEMPERATURE IN F:       :PCPN:    SNOW:  WIND      :SUNSHINE: SKY     :PK WND
================================================================================
1   2   3   4   5  6A  6B    7    8   9   10  11  12  13   14  15   16   17  18
                                     12Z  AVG MX 2MIN
DY MAX MIN AVG DEP HDD CDD  WTR  SNW DPTH SPD SPD DIR MIN PSBL S-S WX    SPD DR
================================================================================

 1  72  57  65   6   0   0 0.48  0.0    0  9.5 20 130   M    M  10 13     24 140
 2  67  53  60   1   5   0 0.12  0.0    0  8.0 13 360   M    M  10 1      16  80
 3  80  57  69  10   0   4    T  0.0    0 10.4 24 180   M    M   9 12     32 180
 4  81  57  69  10   0   4    T  0.0    0  9.9 23 320   M    M  10 1      29 310
 5  57  36  47 -13  18   0 0.17    T    0 18.9 35 350   M    M   5 14     43 340
 6  56  30  43 -17  22   0 0.00  0.0    0  9.0 21  40   M    M   0        26  20
 7  63  33  48 -12  17   0 0.00  0.0    0  5.2 13  70   M    M   4        15  80
 8  56  50  53  -7  12   0 0.28  0.0    0  7.2 18  80   M    M   9 1      24  70
 9  65  52  59  -1   6   0 0.33  0.0    0  9.0 16 120   M    M  10 1      22 100
10  65  55  60  -1   5   0    T  0.0    0  7.4 14 290   M    M   9 1      18 290
11  61  54  58  -3   7   0 0.32  0.0    0 10.5 18  10   M    M  10 1      24 360
12  65  56  61   0   4   0 0.19  0.0    0  9.7 21  30   M    M  10 1      26  20
13  65  58  62   1   3   0 0.03  0.0    0  6.9 14 260   M    M   9 1      18 280
14  80  50  65   3   0   0 0.00  0.0    0  6.1 14 190   M    M   3 12     21 190
15  78  53  66   4   0   1 0.00  0.0    0  3.7 10 180   M    M   0        13  10
16  81  55  68   6   0   3 0.00  0.0    0  4.1 10 170   M    M   3 1      13 160
17  82  59  71   9   0   6 0.00  0.0    0  4.7 10 230   M    M   3 12     16 200
18  79  64  72  10   0   7 0.01  0.0    0  5.7 13 210   M    M   9 12     17 210
19  81  63  72   9   0   7    T  0.0    0  4.4 15 170   M    M   8 128    19 180
20  84  64  74  11   0   9 0.00  0.0    0  4.5 13 160   M    M   8 128    17 140
21  71  65  68   5   0   3 6.11  0.0    0  6.3 18  40   M    M  10 123    24 190
22  78  60  69   6   0   4    T  0.0    0  9.2 17 330   M    M   7 1      30  10
23  78  56  67   3   0   2 0.00  0.0    0  7.0 16  10   M    M   4 1      25 100
24  77  53  65   1   0   0 0.00  0.0    0  4.4 14 160   M    M   1 1      18 150
25  79  54  67   3   0   2 0.00  0.0    0  6.9 15 150   M    M   1 12     19 100
26  72  55  64   0   1   0 0.08  0.0    0 10.0 22 330   M    M   7 13     28 350
27  79  44  62  -2   3   0 0.00  0.0    0  7.2 18 320   M    M   0 1      27 310
28   M   M   M   M   M   M    M    M    M   M   M   M   M    M   M 1       M  M
================================================================================
SM 1952 1443       103  52  8.12    T    205.8          M      169
================================================================================
AV 72.3 53.4                               7.6 FASTST   M    M   6    MAX(MPH)
                                 MISC ---->  # 35 350               # 43  340
================================================================================
NOTES:
# LAST OF SEVERAL OCCURRENCES

COLUMN 17 PEAK WIND IN M.P.H.

PRELIMINARY LOCAL CLIMATOLOGICAL DATA (WS FORM: F-6) , PAGE 2

                                          STATION:  BEAUMONT PORT ARTHUR
                                          MONTH:    MARCH
                                          YEAR:     2015
                                          LATITUDE:   29 57 N
                                          LONGITUDE:  94  1 W

[TEMPERATURE DATA]      [PRECIPITATION DATA]       SYMBOLS USED IN COLUMN 16

AVERAGE MONTHLY: 62.9   TOTAL FOR MONTH:   8.12    1 = FOG OR MIST
DPTR FM NORMAL:   1.2   DPTR FM NORMAL:    4.92    2 = FOG REDUCING VISIBILITY
HIGHEST:    84 ON 20    GRTST 24HR  6.11 ON 21-21      TO 1/4 MILE OR LESS
LOWEST:     30 ON  6                               3 = THUNDER
                        SNOW, ICE PELLETS, HAIL    4 = ICE PELLETS
                        TOTAL MONTH:    T          5 = HAIL
                        GRTST 24HR    T  ON  5- 5  6 = FREEZING RAIN OR DRIZZLE
                        GRTST DEPTH:   0           7 = DUSTSTORM OR SANDSTORM:
                                                       VSBY 1/2 MILE OR LESS
                                                   8 = SMOKE OR HAZE
[NO. OF DAYS WITH]      [WEATHER - DAYS WITH]      9 = BLOWING SNOW
                                                   X = TORNADO
MAX 32 OR BELOW:   0    0.01 INCH OR MORE:  11
MAX 90 OR ABOVE:   0    0.10 INCH OR MORE:   8
MIN 32 OR BELOW:   1    0.50 INCH OR MORE:   1
MIN  0 OR BELOW:   0    1.00 INCH OR MORE:   1

[HDD (BASE 65) ]
TOTAL THIS MO.   103    CLEAR  (SCALE 0-3)   7
DPTR FM NORMAL   -36    PTCLDY (SCALE 4-7)   7
TOTAL FM JUL 1  1360    CLOUDY (SCALE 8-10) 13
DPTR FM NORMAL     8

[CDD (BASE 65) ]
TOTAL THIS MO.    52
DPTR FM NORMAL     6    [PRESSURE DATA]
TOTAL FM JAN 1    60    HIGHEST SLP M ON M
DPTR FM NORMAL   -12    LOWEST  SLP 29.85 ON  4

[REMARKS]
