000
CXUS55 KDVN 211100
CF6BRL
PRELIMINARY LOCAL CLIMATOLOGICAL DATA (WS FORM: F-6)

                                          STATION:   BURLINGTON IA
                                          MONTH:     JANUARY
                                          YEAR:      2018
                                          LATITUDE:   40 46 N
                                          LONGITUDE:  91  7 W

  TEMPERATURE IN F:       :PCPN:    SNOW:  WIND      :SUNSHINE: SKY     :PK WND
================================================================================
1   2   3   4   5  6A  6B    7    8   9   10  11  12  13   14  15   16   17  18
                                     12Z  AVG MX 2MIN
DY MAX MIN AVG DEP HDD CDD  WTR  SNW DPTH SPD SPD DIR MIN PSBL S-S WX    SPD DR
================================================================================

 1   1 -16  -7 -33  72   0 0.00    M    M  7.3 13 310   M    M   0        17 320
 2  16 -17   0 -26  65   0 0.00    M    M  8.1 18 200   M    M   0 1      23 210
 3  20  -1  10 -16  55   0    T    M    M 11.3 21 310   M    M   4        28 300
 4   8  -7   1 -25  64   0    T    M    M  4.9 12 320   M    M   6 1      15 320
 5  13  -3   5 -21  60   0    T    M    M  6.5 13  30   M    M   5 8      15  10
 6  14 -12   1 -25  64   0 0.00    M    M  6.8 16 160   M    M   1 18     21 140
 7  33  14  24  -2  41   0 0.08    M    M 12.1 21 190   M    M   9 16     27 190
 8  37  28  33   7  32   0 0.00    M    M  7.5 15 330   M    M   5 1      21 320
 9  35  28  32   6  33   0 0.00    M    M  8.3 16 140   M    M   7 18     21 130
10  53  34  44  18  21   0 0.00    M    M 15.5 26 190   M    M   6 12     38 190
11  52   9  31   5  34   0 0.39    M    M 13.9 25 310   M    M   9 168    34 320
12  18   6  12 -14  53   0 0.00    M    M 15.1 22 330   M    M   5 8      31 320
13  16   4  10 -16  55   0 0.00    M    M  7.1 16 340   M    M   2        20 340
14  24   4  14 -12  51   0 0.03    M    M  9.8 18 180   M    M  10 18     25 170
15  27  -3  12 -14  53   0 0.02    M    M 13.6 23 310   M    M   7 18     33 300
16  12  -6   3 -23  62   0    T    M    M  8.5 16 320   M    M   5 8      22 290
17  21  -6   8 -18  57   0 0.00    M    M  9.7 18 220   M    M   0        23 220
18  35  16  26   0  39   0 0.00    M    M 13.3 21 210   M    M   0        25 210
19  45  28  37  11  28   0 0.00    M    M 15.0 24 200   M    M   0        29 200
20  48  32  40  14  25   0 0.00    M    M  6.5 15 230   M    M   6        19 230
================================================================================
SM  528  132       964   0  0.52    M    200.8          M       87
================================================================================
AV 26.4  6.6                              10.0 FASTST   M    M   4    MAX(MPH)
                                 MISC ---->  # 26 190               # 38  190
================================================================================
NOTES:
# LAST OF SEVERAL OCCURRENCES

COLUMN 17 PEAK WIND IN M.P.H.

PRELIMINARY LOCAL CLIMATOLOGICAL DATA (WS FORM: F-6) , PAGE 2

                                          STATION:  BURLINGTON IA
                                          MONTH:    JANUARY
                                          YEAR:     2018
                                          LATITUDE:   40 46 N
                                          LONGITUDE:  91  7 W

[TEMPERATURE DATA]      [PRECIPITATION DATA]       SYMBOLS USED IN COLUMN 16

AVERAGE MONTHLY: 16.5   TOTAL FOR MONTH:   0.52    1 = FOG OR MIST
DPTR FM NORMAL:  -9.5   DPTR FM NORMAL:   -0.30    2 = FOG REDUCING VISIBILITY
HIGHEST:    53 ON 10    GRTST 24HR  0.39 ON 11-11      TO 1/4 MILE OR LESS
LOWEST:    -17 ON  2                               3 = THUNDER
                        SNOW, ICE PELLETS, HAIL    4 = ICE PELLETS
                        TOTAL MONTH:    M          5 = HAIL
                        GRTST 24HR    M  ON   M    6 = FREEZING RAIN OR DRIZZLE
                        GRTST DEPTH:  M  ON   M    7 = DUSTSTORM OR SANDSTORM:
                                                       VSBY 1/2 MILE OR LESS
                                                   8 = SMOKE OR HAZE
[NO. OF DAYS WITH]      [WEATHER - DAYS WITH]      9 = BLOWING SNOW
                                                   X = TORNADO
MAX 32 OR BELOW:  12    0.01 INCH OR MORE:   4
MAX 90 OR ABOVE:   0    0.10 INCH OR MORE:   1
MIN 32 OR BELOW:  19    0.50 INCH OR MORE:   0
MIN  0 OR BELOW:   9    1.00 INCH OR MORE:   0

[HDD (BASE 65) ]
TOTAL THIS MO.   964    CLEAR  (SCALE 0-3)   7
DPTR FM NORMAL   184    PTCLDY (SCALE 4-7)  10
TOTAL FM JUL 1  3162    CLOUDY (SCALE 8-10)  3
DPTR FM NORMAL   196

[CDD (BASE 65) ]
TOTAL THIS MO.     0
DPTR FM NORMAL     0    [PRESSURE DATA]
TOTAL FM JAN 1     0    HIGHEST SLP M ON M
DPTR FM NORMAL     0    LOWEST  SLP 29.59 ON 10

[REMARKS]
