000
CXAK56 PAFG 231449
CF6BRW
PRELIMINARY LOCAL CLIMATOLOGICAL DATA (WS FORM: F-6)

                                          STATION:   BARROW AK
                                          MONTH:     JANUARY
                                          YEAR:      2018
                                          LATITUDE:   71 17 N
                                          LONGITUDE: 156 47 W

  TEMPERATURE IN F:       :PCPN:    SNOW:  WIND      :SUNSHINE: SKY     :PK WND
================================================================================
1   2   3   4   5  6A  6B    7    8   9   10  11  12  13   14  15   16   17  18
                                     12Z  AVG MX 2MIN
DY MAX MIN AVG DEP HDD CDD  WTR  SNW DPTH SPD SPD DIR MIN PSBL S-S WX    SPD DR
================================================================================

 1   2  -5  -1  10  66   0 0.00  0.0    8 20.5 31  70   M    M   8 9      36  70
 2   6  -5   1  12  64   0 0.00  0.0    8 16.3 26  60   M    M   7 9      32  60
 3  12   1   7  19  58   0    T    T    8  9.0 18 290   M    M  10 19     22 210
 4  10   1   6  18  59   0 0.02  0.2    8  5.5 15 290   M    M  10 19     17 290
 5   6  -8  -1  11  66   0    T    T    8  9.4 16  70   M    M   9 189    19  50
 6  -7 -11  -9   3  74   0 0.00  0.0    8 16.2 21  70   M    M   0 18     26  60
 7 -10 -15 -12   0  77   0 0.00  0.0    8 18.7 24  80   M    M   0 189    27  80
 8  -6 -13  -9   4  74   0 0.00  0.0    8 20.9 29  90   M    M   0 19     32  80
 9   6 -19  -6   7  71   0    T    T    8 12.8 26 110   M    M   8 18     31 110
10   6  -6   0  13  65   0    T    T    8  8.1 14  70   M    M  10 18     17  40
11  -4  -7  -5   8  70   0 0.00  0.0    8  5.8 12  60   M    M  10 18     15  60
12  -3 -13  -8   5  73   0 0.00  0.0    8 11.4 21  70   M    M   7 18     25  60
13   0  -8  -4   9  69   0 0.00  0.0    8 18.0 23  80   M    M   0 8      28  70
14  12  -7   3  17  62   0 0.00  0.0    8 11.7 20  50   M    M   3 18     22  60
15   9  -5   2  16  63   0 0.00  0.0    8  8.9 16 130   M    M   1 128    17 110
16   9  -1   4  18  61   0 0.00  0.0    8  9.4 17 130   M    M   0        19 130
17  22   2  12  26  53   0 0.14    M    M 17.0 23  60   M    M   8 19     28  50
18  22   8  15  29  50   0 0.00  0.0    8 19.2 36 260   M    M  10 1      41 260
19   7 -13  -3  11  68   0 0.00  0.0    8 28.4 38 270   M    M   9 19     43 280
20 -11 -13 -12   2  77   0 0.00  0.0    8 18.7 28 270   M    M   4 89     32 260
21 -11 -25 -18  -4  83   0    T    T    8  7.0 16 270   M    M   8 18     19 270
22 -18 -28 -23  -9  88   0 0.00  0.0    8  1.8  6 240   M    M   4 18      6 240
================================================================================
SM   59 -190      1491   0  0.16     0.2 294.7          M      126
================================================================================
AV  2.7 -8.6                              13.4 FASTST   M    M   6    MAX(MPH)
                                 MISC ---->  # 38 270               # 43  280
================================================================================
NOTES:
# LAST OF SEVERAL OCCURRENCES

COLUMN 17 PEAK WIND IN M.P.H.

PRELIMINARY LOCAL CLIMATOLOGICAL DATA (WS FORM: F-6) , PAGE 2

                                          STATION:  BARROW AK
                                          MONTH:    JANUARY
                                          YEAR:     2018
                                          LATITUDE:   71 17 N
                                          LONGITUDE: 156 47 W

[TEMPERATURE DATA]      [PRECIPITATION DATA]       SYMBOLS USED IN COLUMN 16

AVERAGE MONTHLY: -3.0   TOTAL FOR MONTH:   0.16    1 = FOG OR MIST
DPTR FM NORMAL:  10.0   DPTR FM NORMAL:    0.06    2 = FOG REDUCING VISIBILITY
HIGHEST:    22 ON 18,17 GRTST 24HR  0.14 ON 17-17      TO 1/4 MILE OR LESS
LOWEST:    -28 ON 22                               3 = THUNDER
                        SNOW, ICE PELLETS, HAIL    4 = ICE PELLETS
                        TOTAL MONTH:   0.2 INCH    5 = HAIL
                        GRTST 24HR   0.2 ON  4- 4  6 = FREEZING RAIN OR DRIZZLE
                        GRTST DEPTH:   8 ON 22,21  7 = DUSTSTORM OR SANDSTORM:
                                                       VSBY 1/2 MILE OR LESS
                                                   8 = SMOKE OR HAZE
[NO. OF DAYS WITH]      [WEATHER - DAYS WITH]      9 = BLOWING SNOW
                                                   X = TORNADO
MAX 32 OR BELOW:  22    0.01 INCH OR MORE:   2
MAX 90 OR ABOVE:   0    0.10 INCH OR MORE:   1
MIN 32 OR BELOW:  22    0.50 INCH OR MORE:   0
MIN  0 OR BELOW:  18    1.00 INCH OR MORE:   0

[HDD (BASE 65) ]
TOTAL THIS MO.  1491    CLEAR  (SCALE 0-3)   7
DPTR FM NORMAL  -227    PTCLDY (SCALE 4-7)   7
TOTAL FM JUL 1  8251    CLOUDY (SCALE 8-10)  8
DPTR FM NORMAL -1676

[CDD (BASE 65) ]
TOTAL THIS MO.     0
DPTR FM NORMAL     0    [PRESSURE DATA]
TOTAL FM JAN 1     0    HIGHEST SLP M ON M
DPTR FM NORMAL     0    LOWEST  SLP 29.18 ON 14

[REMARKS]
