000
CXUS53 KGRR 231017
CF6BTL
PRELIMINARY LOCAL CLIMATOLOGICAL DATA (WS FORM: F-6)

                                          STATION:   BATTLE CREEK MI
                                          MONTH:     MAY
                                          YEAR:      2015
                                          LATITUDE:   42 17 N
                                          LONGITUDE:  85 14 W

  TEMPERATURE IN F:       :PCPN:    SNOW:  WIND      :SUNSHINE: SKY     :PK WND
================================================================================
1   2   3   4   5  6A  6B    7    8   9   10  11  12  13   14  15   16   17  18
                                     12Z  AVG MX 2MIN
DY MAX MIN AVG DEP HDD CDD  WTR  SNW DPTH SPD SPD DIR MIN PSBL S-S WX    SPD DR
================================================================================

 1  73  42  58   4   7   0 0.00    M    M  6.8 21 300   M    M   2        25 310
 2  74  42  58   4   7   0 0.00    M    M  6.0 17 250   M    M   0        27 250
 3  79  49  64  10   1   0 0.00    M    M 10.8 22 230   M    M   2        27 200
 4  75  57  66  11   0   1 0.18    M    M 11.0 22 240   M    M   4 3      29 240
 5  59  49  54  -1  11   0 0.84    M    M  7.8 16  70   M    M   8 1      21  80
 6  78  51  65  10   0   0 0.00    M    M  5.8 10 130   M    M   4 128    14 120
 7  85  58  72  16   0   7 0.00    M    M  8.1 17 190   M    M   3 18     23 180
 8  83  63  73  17   0   8 0.32    M    M  8.1 18 240   M    M   4 13     22 220
 9  76  64  70  14   0   5 0.07    M    M  6.1 16 220   M    M   7 1      18 220
10  77  58  68  12   0   3 0.73    M    M  7.7 16 220   M    M  10 138    20 230
11  71  55  63   6   2   0 0.26    M    M 10.4 23 280   M    M   9 12     29 280
12  54  47  51  -6  14   0    T    M    M 15.0 26 250   M    M  10        35 270
13  58  40  49  -8  16   0 0.00    M    M  7.1 14  10   M    M   4        17  10
14  61  42  52  -6  13   0 0.01    M    M  7.2 15 150   M    M   0        21 120
15  75  52  64   6   1   0 0.07    M    M  8.8 20 210   M    M   8 1      24 240
16  77  61  69  11   0   4 0.10    M    M  4.7 12 210   M    M   7 1      15 200
17  81  66  74  16   0   9    T    M    M 12.2 22 200   M    M   6 1      29 190
18  83  53  68   9   0   3 0.00    M    M 13.9 22 290   M    M   2 3      29 310
19  55  38  47 -12  18   0 0.00    M    M 12.7 23 290   M    M   6        31 270
20  59  36  48 -11  17   0 0.01    M    M  5.8 18 340   M    M   4        23 350
21  63  43  53  -7  12   0    T    M    M  9.2 22 270   M    M   5        27 290
22  69  46  58  -2   7   0 0.00    M    M  7.9 20 330   M    M   2        23 300
================================================================================
SM 1565 1112       126  40  2.59    M    193.1          M      107
================================================================================
AV 71.1 50.5                               8.8 FASTST   M    M   5    MAX(MPH)
                                 MISC ---->  # 26 250               # 35  270
================================================================================
NOTES:
# LAST OF SEVERAL OCCURRENCES

COLUMN 17 PEAK WIND IN M.P.H.

PRELIMINARY LOCAL CLIMATOLOGICAL DATA (WS FORM: F-6) , PAGE 2

                                          STATION:  BATTLE CREEK MI
                                          MONTH:    MAY
                                          YEAR:     2015
                                          LATITUDE:   42 17 N
                                          LONGITUDE:  85 14 W

[TEMPERATURE DATA]      [PRECIPITATION DATA]       SYMBOLS USED IN COLUMN 16

AVERAGE MONTHLY: 60.8   TOTAL FOR MONTH:   2.59    1 = FOG OR MIST
DPTR FM NORMAL:   4.0   DPTR FM NORMAL:   -0.04    2 = FOG REDUCING VISIBILITY
HIGHEST:    85 ON  7    GRTST 24HR  0.92 ON 10-11      TO 1/4 MILE OR LESS
LOWEST:     36 ON 20                               3 = THUNDER
                        SNOW, ICE PELLETS, HAIL    4 = ICE PELLETS
                        TOTAL MONTH:    M          5 = HAIL
                        GRTST 24HR    M  ON   M    6 = FREEZING RAIN OR DRIZZLE
                        GRTST DEPTH:  M  ON   M    7 = DUSTSTORM OR SANDSTORM:
                                                       VSBY 1/2 MILE OR LESS
                                                   8 = SMOKE OR HAZE
[NO. OF DAYS WITH]      [WEATHER - DAYS WITH]      9 = BLOWING SNOW
                                                   X = TORNADO
MAX 32 OR BELOW:   0    0.01 INCH OR MORE:  10
MAX 90 OR ABOVE:   0    0.10 INCH OR MORE:   6
MIN 32 OR BELOW:   0    0.50 INCH OR MORE:   2
MIN  0 OR BELOW:   0    1.00 INCH OR MORE:   0

[HDD (BASE 65) ]
TOTAL THIS MO.   126    CLEAR  (SCALE 0-3)   7
DPTR FM NORMAL   -72    PTCLDY (SCALE 4-7)  11
TOTAL FM JUL 1  6767    CLOUDY (SCALE 8-10)  4
DPTR FM NORMAL   180

[CDD (BASE 65) ]
TOTAL THIS MO.    40
DPTR FM NORMAL    24    [PRESSURE DATA]
TOTAL FM JAN 1    40    HIGHEST SLP M ON M
DPTR FM NORMAL    17    LOWEST  SLP 29.76 ON 11

[REMARKS]
