000
CXUS55 KMSO 230900
CF6BTM
PRELIMINARY LOCAL CLIMATOLOGICAL DATA (WS FORM: F-6)

                                          STATION:   BUTTE MT
                                          MONTH:     FEBRUARY
                                          YEAR:      2017
                                          LATITUDE:   45 57 N
                                          LONGITUDE: 112 30 W

  TEMPERATURE IN F:       :PCPN:    SNOW:  WIND      :SUNSHINE: SKY     :PK WND
================================================================================
1   2   3   4   5  6A  6B    7    8   9   10  11  12  13   14  15   16   17  18
                                     12Z  AVG MX 2MIN
DY MAX MIN AVG DEP HDD CDD  WTR  SNW DPTH SPD SPD DIR MIN PSBL S-S WX    SPD DR
================================================================================

 1  10 -16  -3 -23  68   0    T    M    M  3.3 14  10   M    M   8 18     17  10
 2  11 -21  -5 -25  70   0 0.00    M    M  1.4  8 130   M    M   4 18      8 130
 3  26 -23   2 -18  63   0    T    M    M  2.7 10 170   M    M   6        12 170
 4  41  15  28   8  37   0 0.05    M    M  5.6 22 250   M    M   7 1      29 240
 5  45  22  34  14  31   0 0.00    M    M  8.1 29 180   M    M   5        35 180
 6  44  13  29   8  36   0 0.02    M    M  9.3 25 210   M    M   7 1      35 260
 7  27  14  21   0  44   0 0.10    M    M  2.3 10 320   M    M   9 12     11 320
 8  34  13  24   3  41   0 0.01    M    M  1.6  9  20   M    M   9 1      11  30
 9  50  25  38  17  27   0    T    M    M  6.3 18 180   M    M   9        25 180
10  45  27  36  15  29   0 0.07    M    M  6.9 25 280   M    M  10 12     34 290
11  31  11  21   0  44   0    T    M    M  9.1 24 310   M    M   3 1      31 280
12  31   1  16  -5  49   0 0.00    M    M  2.3  8 170   M    M   0         9 160
13  39   4  22   1  43   0 0.00    M    M  3.2 10 160   M    M   0        11 160
14  41   6  24   2  41   0 0.00    M    M   M   M   M   M    M   M         M  M
15  50   8  29   7  36   0 0.00    M    M   M   M   M   M    M   M         M  M
16  48  30  39  17  26   0 0.13    M    M 10.7 26 260   M    M   6 1      39 260
17  43  32  38  16  27   0 0.00    M    M  5.6 17 290   M    M   4        24 290
18  45  32  39  17  26   0 0.00    M    M  9.9 25 180   M    M   7        33 180
19  43  28  36  13  29   0    T    M    M  7.2 17 260   M    M   5        24 260
20  43  24  34  11  31   0    T    M    M  7.7 24 180   M    M   4        30 190
21  45  32  39  16  26   0 0.05    M    M  9.5 28 210   M    M   6 1      38 230
22  33  21  27   3  38   0 0.02    M    M  3.0 13 190   M    M  10 128    15 270
================================================================================
SM  825  298       862   0  0.45    M    115.7          M      119
================================================================================
AV 37.5 13.6                               5.8 FASTST   M    M   6    MAX(MPH)
                                 MISC ---->  # 29 180               # 39  260
================================================================================
NOTES:
# LAST OF SEVERAL OCCURRENCES

COLUMN 17 PEAK WIND IN M.P.H.

PRELIMINARY LOCAL CLIMATOLOGICAL DATA (WS FORM: F-6) , PAGE 2

                                          STATION:  BUTTE MT
                                          MONTH:    FEBRUARY
                                          YEAR:     2017
                                          LATITUDE:   45 57 N
                                          LONGITUDE: 112 30 W

[TEMPERATURE DATA]      [PRECIPITATION DATA]       SYMBOLS USED IN COLUMN 16

AVERAGE MONTHLY: 25.5   TOTAL FOR MONTH:   0.45    1 = FOG OR MIST
DPTR FM NORMAL:   4.1   DPTR FM NORMAL:    0.12    2 = FOG REDUCING VISIBILITY
HIGHEST:    50 ON 15, 9 GRTST 24HR  0.14 ON 31- 1      TO 1/4 MILE OR LESS
LOWEST:    -23 ON  3                               3 = THUNDER
                        SNOW, ICE PELLETS, HAIL    4 = ICE PELLETS
                        TOTAL MONTH:    M          5 = HAIL
                        GRTST 24HR    M  ON   M    6 = FREEZING RAIN OR DRIZZLE
                        GRTST DEPTH:  M  ON   M    7 = DUSTSTORM OR SANDSTORM:
                                                       VSBY 1/2 MILE OR LESS
                                                   8 = SMOKE OR HAZE
[NO. OF DAYS WITH]      [WEATHER - DAYS WITH]      9 = BLOWING SNOW
                                                   X = TORNADO
MAX 32 OR BELOW:   6    0.01 INCH OR MORE:   8
MAX 90 OR ABOVE:   0    0.10 INCH OR MORE:   2
MIN 32 OR BELOW:  22    0.50 INCH OR MORE:   0
MIN  0 OR BELOW:   3    1.00 INCH OR MORE:   0

[HDD (BASE 65) ]
TOTAL THIS MO.   862    CLEAR  (SCALE 0-3)   3
DPTR FM NORMAL   -96    PTCLDY (SCALE 4-7)  12
TOTAL FM JUL 1  6514    CLOUDY (SCALE 8-10)  5
DPTR FM NORMAL   185

[CDD (BASE 65) ]
TOTAL THIS MO.     0
DPTR FM NORMAL     0    [PRESSURE DATA]
TOTAL FM JAN 1     0    HIGHEST SLP M ON M
DPTR FM NORMAL     0    LOWEST  SLP 29.26 ON  6

[REMARKS]
