000
CXUS54 KLZK 241330
CF6BVX
PRELIMINARY LOCAL CLIMATOLOGICAL DATA (WS FORM: F-6)

                                          STATION:   Batesville Regional Airport
                                          MONTH:     OCTOBER
                                          YEAR:      2014
                                          LATITUDE:   35 43 N
                                          LONGITUDE:  91 39 W

  TEMPERATURE IN F:       :PCPN:    SNOW:  WIND      :SUNSHINE: SKY     :PK WND
================================================================================
1   2   3   4   5  6A  6B    7    8   9   10  11  12  13   14  15   16   17  18
                                     12Z  AVG MX 2MIN
DY MAX MIN AVG DEP HDD CDD  WTR  SNW DPTH SPD SPD DIR MIN PSBL S-S WX    SPD DR
================================================================================

 1  91  57  74   9   0   9 0.00  0.0    0  6.0 15 170   M    M   1        22 170
 2  90  64  77  12   0  12 0.00  0.0    0  9.2 15 190   M    M   5 3      20 180
 3  75  46  61  -4   4   0 0.00  0.0    0  7.2 14 280   M    M   3        25 300
 4  66  45  56  -8   9   0 0.00  0.0    0  7.1 16 280   M    M   0        27 280
 5  81  46  64   0   1   0 0.00  0.0    0  7.7 18 240   M    M   3        20 240
 6  81  61  71   7   0   6 0.00  0.0    0  8.4 15 220   M    M   5 3      29 280
 7  88  66  77  14   0  12 0.00  0.0    0  6.2 18 240   M    M   1        27 240
 8  82  63  73  10   0   8 0.00  0.0    0  3.1  9  80   M    M   1         M  M
 9  88  64  76  14   0  11 0.00  0.0    0  5.3 15 210   M    M   2        21 210
10  72  57  65   3   0   0    M  0.0    0  3.6  8  30   M    M   8 3       M  M
11  57  54  56  -6   9   0    M  0.0    0  4.7  7  50   M    M  10        16  20
12  68  55  62   0   3   0 0.00  0.0    0  3.6  8 180   M    M  10         M  M
13  72  59  66   5   0   1 0.00  0.0    0  9.1 15 170   M    M   8 3      21 130
14  64  57  61   0   4   0 0.54  0.0    0  9.9 15 260   M    M  10        27 270
15  72  48  60  -1   5   0 0.00  0.0    0  6.2 15 310   M    M   1        22 290
16  77  45  61   1   4   0 0.00  0.0    0  4.2 10 200   M    M   0         M  M
17  81  57  69   9   0   4 0.00  0.0    0  4.8 10 280   M    M   0        21 230
18  70  48  59  -1   6   0 0.00  0.0    0  3.4  9 320   M    M   0         M  M
19  70  41  56  -3   9   0 0.00  0.0    0  2.9  6  90   M    M   0         M  M
20  73  48  61   2   4   0 0.00  0.0    0  2.8  9 250   M    M   4         M  M
21  79  52  66   7   0   1 0.00  0.0    0  2.8  8  60   M    M   0         M  M
22  70  45  58   0   7   0 0.00  0.0    0  3.8  8  80   M    M   0         M  M
23  61  41  51  -7  14   0 0.01    M    0  0.7  6 300   M    M   2         M  M
================================================================================
SM 1728 1219        79  64  0.55     0.0 122.7          M       74
================================================================================
AV 75.1 53.0                               5.3 FASTST   M    M   3    MAX(MPH)
                                 MISC ---->    18   M                 29    M
================================================================================
NOTES:
# LAST OF SEVERAL OCCURRENCES

COLUMN 17 PEAK WIND IN M.P.H.

PRELIMINARY LOCAL CLIMATOLOGICAL DATA (WS FORM: F-6) , PAGE 2

                                          STATION:  Batesville Regional Airport
                                          MONTH:    OCTOBER
                                          YEAR:     2014
                                          LATITUDE:   35 43 N
                                          LONGITUDE:  91 39 W

[TEMPERATURE DATA]      [PRECIPITATION DATA]       SYMBOLS USED IN COLUMN 16

AVERAGE MONTHLY: 64.1   TOTAL FOR MONTH:   0.55    1 = FOG OR MIST
DPTR FM NORMAL:   2.5   DPTR FM NORMAL:   -2.55    2 = FOG REDUCING VISIBILITY
HIGHEST:    91 ON  1    GRTST 24HR  0.54 ON 14-14      TO 1/4 MILE OR LESS
LOWEST:     41 ON 23,19                            3 = THUNDER
                        SNOW, ICE PELLETS, HAIL    4 = ICE PELLETS
                        TOTAL MONTH:   0.0 INCH    5 = HAIL
                        GRTST 24HR     0.0         6 = FREEZING RAIN OR DRIZZLE
                        GRTST DEPTH:   0           7 = DUSTSTORM OR SANDSTORM:
                                                       VSBY 1/2 MILE OR LESS
                                                   8 = SMOKE OR HAZE
[NO. OF DAYS WITH]      [WEATHER - DAYS WITH]      9 = BLOWING SNOW
                                                   X = TORNADO
MAX 32 OR BELOW:   0    0.01 INCH OR MORE:   2
MAX 90 OR ABOVE:   2    0.10 INCH OR MORE:   1
MIN 32 OR BELOW:   0    0.50 INCH OR MORE:   1
MIN  0 OR BELOW:   0    1.00 INCH OR MORE:   0

[HDD (BASE 65) ]
TOTAL THIS MO.    79    CLEAR  (SCALE 0-3)  15
DPTR FM NORMAL   -38    PTCLDY (SCALE 4-7)   4
TOTAL FM JUL 1    89    CLOUDY (SCALE 8-10)  4
DPTR FM NORMAL   -55

[CDD (BASE 65) ]
TOTAL THIS MO.    64
DPTR FM NORMAL    24    [PRESSURE DATA]
TOTAL FM JAN 1  1766    HIGHEST SLP M ON M
DPTR FM NORMAL    32    LOWEST  SLP M ON M

[REMARKS]
