000
CXUS56 KTFX 281205
CF6BZN
PRELIMINARY LOCAL CLIMATOLOGICAL DATA (WS FORM: F-6)

                                          STATION:   BOZEMAN/GALLATIN FIELD MT
                                          MONTH:     MAY
                                          YEAR:      2016
                                          LATITUDE:   45 46 N
                                          LONGITUDE: 111  9 W

  TEMPERATURE IN F:       :PCPN:    SNOW:  WIND      :SUNSHINE: SKY     :PK WND
================================================================================
1   2   3   4   5  6A  6B    7    8   9   10  11  12  13   14  15   16   17  18
                                     12Z  AVG MX 2MIN
DY MAX MIN AVG DEP HDD CDD  WTR  SNW DPTH SPD SPD DIR MIN PSBL S-S WX    SPD DR
================================================================================

 1  64  29  47  -2  18   0 0.00  0.0    0  5.6 15 150   M    M   0        19  70
 2  70  26  48  -2  17   0 0.00  0.0    0  4.0 13 170   M    M   0        14 170
 3  77  32  55   5  10   0 0.00  0.0    0  5.4 16 170   M    M   0        19 170
 4  81  36  59   9   6   0 0.00  0.0    0  7.2 23 220   M    M   0        27 220
 5  83  43  63  12   2   0 0.00  0.0    0  5.1 13 320   M    M   0        16 330
 6  64  44  54   3  11   0 0.00  0.0    0 11.5 29  70   M    M   2 8      35  50
 7  72  47  60   9   5   0 0.00  0.0    0  8.3 22  70   M    M   4        28  60
 8  77  36  57   5   8   0 0.18  0.0    0  4.2 23 290   M    M   2 3      32 290
 9  56  33  45  -7  20   0 0.57    T    0 10.9 22 350   M    M   9 1      28 330
10  40  33  37 -15  28   0 0.13    T    0 10.4 22 310   M    M  10 1      27 330
11  56  29  43  -9  22   0 0.00  0.0    0  5.6 15 290   M    M   5        19 290
12  71  30  51  -2  14   0    T  0.0    0  8.1 32 220   M    M   4        42 220
13  49  38  44  -9  21   0    T  0.0    0  6.6 23 150   M    M  10        28 160
14  57  32  45  -8  20   0 0.00  0.0    0  5.9 21  70   M    M   6 18     25  70
15  47  38  43 -11  22   0 0.22  0.0    0  6.4 12 290   M    M   9 1      18 320
16  59  41  50  -4  15   0 0.00  0.0    0  4.8 18  60   M    M   8        24  40
17  69  32  51  -3  14   0 0.00  0.0    0  4.2 12 140   M    M   1        14 260
18  74  38  56   2   9   0    T  0.0    0  5.5 20  20   M    M   2 3      23  10
19  68  41  55   0  10   0 0.23  0.0    0  6.6 32 280   M    M   5 13     42 280
20  62  39  51  -4  14   0 0.32  0.0    0  4.2 20 280   M    M   4 13     24 260
21  60  38  49  -6  16   0 0.19  0.0    0  5.0 18 210   M    M   7 1      22 210
22  62  31  47  -8  18   0    T  0.0    0 11.1 38 200   M    M   4        46 200
23  55  40  48  -8  17   0 0.30  0.0    0  9.2 21 240   M    M   9 1      27 280
24  60  41  51  -5  14   0 0.13  0.0    0  4.0 12 320   M    M   7 1      14 320
25  66  37  52  -4  13   0 0.00  0.0    0  6.1 23 360   M    M   6        31 360
26  66  43  55  -1  10   0 0.01  0.0    0  4.8 17 340   M    M   6 3      20 340
27  61  39  50  -7  15   0 0.22  0.0    0  5.6 21 310   M    M   7 1      24 310
================================================================================
SM 1726  986       389   0  2.50    T    176.3          M      127
================================================================================
AV 63.9 36.5                               6.5 FASTST   M    M   5    MAX(MPH)
                                 MISC ---->  # 38 200               # 46  200
================================================================================
NOTES:
# LAST OF SEVERAL OCCURRENCES

COLUMN 17 PEAK WIND IN M.P.H.

PRELIMINARY LOCAL CLIMATOLOGICAL DATA (WS FORM: F-6) , PAGE 2

                                          STATION:  BOZEMAN/GALLATIN FIELD MT
                                          MONTH:    MAY
                                          YEAR:     2016
                                          LATITUDE:   45 46 N
                                          LONGITUDE: 111  9 W

[TEMPERATURE DATA]      [PRECIPITATION DATA]       SYMBOLS USED IN COLUMN 16

AVERAGE MONTHLY: 50.2   TOTAL FOR MONTH:   2.50    1 = FOG OR MIST
DPTR FM NORMAL:  -3.0   DPTR FM NORMAL:    0.44    2 = FOG REDUCING VISIBILITY
HIGHEST:    83 ON  5    GRTST 24HR  0.68 ON  8- 9      TO 1/4 MILE OR LESS
LOWEST:     26 ON  2                               3 = THUNDER
                        SNOW, ICE PELLETS, HAIL    4 = ICE PELLETS
                        TOTAL MONTH:    T          5 = HAIL
                        GRTST 24HR    T  ON 10-10  6 = FREEZING RAIN OR DRIZZLE
                        GRTST DEPTH:   0           7 = DUSTSTORM OR SANDSTORM:
                                                       VSBY 1/2 MILE OR LESS
                                                   8 = SMOKE OR HAZE
[NO. OF DAYS WITH]      [WEATHER - DAYS WITH]      9 = BLOWING SNOW
                                                   X = TORNADO
MAX 32 OR BELOW:   0    0.01 INCH OR MORE:  11
MAX 90 OR ABOVE:   0    0.10 INCH OR MORE:  10
MIN 32 OR BELOW:   8    0.50 INCH OR MORE:   1
MIN  0 OR BELOW:   0    1.00 INCH OR MORE:   0

[HDD (BASE 65) ]
TOTAL THIS MO.   389    CLEAR  (SCALE 0-3)   9
DPTR FM NORMAL    65    PTCLDY (SCALE 4-7)  13
TOTAL FM JUL 1  7448    CLOUDY (SCALE 8-10)  5
DPTR FM NORMAL    63

[CDD (BASE 65) ]
TOTAL THIS MO.     0
DPTR FM NORMAL     0    [PRESSURE DATA]
TOTAL FM JAN 1     0    HIGHEST SLP M ON M
DPTR FM NORMAL     0    LOWEST  SLP 29.45 ON  8

[REMARKS]
