000
CXUS56 KTFX 271205
CF6BZN
PRELIMINARY LOCAL CLIMATOLOGICAL DATA (WS FORM: F-6)

                                          STATION:   BOZEMAN/GALLATIN FIELD MT
                                          MONTH:     APRIL
                                          YEAR:      2017
                                          LATITUDE:   45 46 N
                                          LONGITUDE: 111  9 W

  TEMPERATURE IN F:       :PCPN:    SNOW:  WIND      :SUNSHINE: SKY     :PK WND
================================================================================
1   2   3   4   5  6A  6B    7    8   9   10  11  12  13   14  15   16   17  18
                                     12Z  AVG MX 2MIN
DY MAX MIN AVG DEP HDD CDD  WTR  SNW DPTH SPD SPD DIR MIN PSBL S-S WX    SPD DR
================================================================================

 1  61  28  45   3  20   0 0.00  0.0    0  4.5 13 270   M    M   2        15 280
 2  53  34  44   2  21   0 0.05  0.0    0  7.0 28 310   M    M   6        40 320
 3  42  24  33  -9  32   0    T    T    0  6.5 25 320   M    M   6        30 310
 4  48  24  36  -6  29   0 0.01    T    0  5.4 12 160   M    M   5 1      17  20
 5  58  23  41  -1  24   0 0.00  0.0    0  7.8 22 290   M    M   6        26 290
 6  67  30  49   6  16   0 0.00  0.0    0  7.0 30 220   M    M   3        35 220
 7  68  36  52   9  13   0 0.07  0.0    0 13.6 35 220   M    M   5 1      58 220
 8  56  35  46   3  19   0 0.15    T    0  5.5 28 270   M    M   5 13     33 280
 9  44  28  36  -7  29   0 0.01  0.3    0  9.2 23 290   M    M   8 1      28 290
10  52  21  37  -7  28   0 0.06    T    0  8.3 31 230   M    M   4 1      40 220
11  52  21  37  -7  28   0 0.03    T    0  4.7 14 140   M    M   5 12     20 130
12  64  32  48   4  17   0 0.02  0.0    0  7.6 20 150   M    M   4 12     24 120
13  73  34  54  10  11   0 0.17  0.0    0 11.0 36 280   M    M   4 1      42 270
14  50  32  41  -4  24   0 0.40  2.1    1  8.0 22 220   M    M   9 128    27 290
15  48  20  34 -11  31   0    T  0.1    2  7.1 24 270   M    M   6 12     30 270
16  55  26  41  -4  24   0 0.00  0.0    0  4.5 12 360   M    M   2 8      16 360
17  53  33  43  -2  22   0 0.03  0.0    0  6.7 25 290   M    M   6 3      33 290
18  61  34  48   2  17   0 0.14  0.0    0  5.9 28 280   M    M   4 1      33 280
19  58  33  46   0  19   0 0.05  0.0    0  5.2 16 170   M    M   2 1      20 170
20  61  27  44  -2  21   0 0.10  0.0    0  6.4 25 230   M    M   4 1      34 230
21  44  33  39  -7  26   0 0.06    T    0  5.3 18  10   M    M   9 1      22 360
22  63  31  47   0  18   0 0.00  0.0    0  4.7 14 140   M    M   2 1      15 140
23  61  39  50   3  15   0 0.16  0.0    0  7.7 31 290   M    M   7 13     38 290
24  54  37  46  -1  19   0 0.04  0.0    0  5.2 17 280   M    M   5 1      21 280
25  52  37  45  -3  20   0 0.11  0.0    0  5.9 16  10   M    M   8 13     23 360
26  55  37  46  -2  19   0 0.17  0.0    0  6.0 24 300   M    M   9 13     32 270
================================================================================
SM 1453  789       562   0  1.83     2.5 176.7          M      136
================================================================================
AV 55.9 30.4                               6.8 FASTST   M    M   5    MAX(MPH)
                                 MISC ---->  # 36 280               # 58  220
================================================================================
NOTES:
# LAST OF SEVERAL OCCURRENCES

COLUMN 17 PEAK WIND IN M.P.H.

PRELIMINARY LOCAL CLIMATOLOGICAL DATA (WS FORM: F-6) , PAGE 2

                                          STATION:  BOZEMAN/GALLATIN FIELD MT
                                          MONTH:    APRIL
                                          YEAR:     2017
                                          LATITUDE:   45 46 N
                                          LONGITUDE: 111  9 W

[TEMPERATURE DATA]      [PRECIPITATION DATA]       SYMBOLS USED IN COLUMN 16

AVERAGE MONTHLY: 43.1   TOTAL FOR MONTH:   1.83    1 = FOG OR MIST
DPTR FM NORMAL:  -1.5   DPTR FM NORMAL:    0.48    2 = FOG REDUCING VISIBILITY
HIGHEST:    73 ON 13    GRTST 24HR  0.40 ON 14-14      TO 1/4 MILE OR LESS
LOWEST:     20 ON 15                               3 = THUNDER
                        SNOW, ICE PELLETS, HAIL    4 = ICE PELLETS
                        TOTAL MONTH:   2.5 INCHES  5 = HAIL
                        GRTST 24HR   2.1 ON 14-14  6 = FREEZING RAIN OR DRIZZLE
                        GRTST DEPTH:   2 ON 15     7 = DUSTSTORM OR SANDSTORM:
                                                       VSBY 1/2 MILE OR LESS
                                                   8 = SMOKE OR HAZE
[NO. OF DAYS WITH]      [WEATHER - DAYS WITH]      9 = BLOWING SNOW
                                                   X = TORNADO
MAX 32 OR BELOW:   0    0.01 INCH OR MORE:  19
MAX 90 OR ABOVE:   0    0.10 INCH OR MORE:   8
MIN 32 OR BELOW:  14    0.50 INCH OR MORE:   0
MIN  0 OR BELOW:   0    1.00 INCH OR MORE:   0

[HDD (BASE 65) ]
TOTAL THIS MO.   562    CLEAR  (SCALE 0-3)   5
DPTR FM NORMAL    30    PTCLDY (SCALE 4-7)  17
TOTAL FM JUL 1  7469    CLOUDY (SCALE 8-10)  4
DPTR FM NORMAL   473

[CDD (BASE 65) ]
TOTAL THIS MO.     0
DPTR FM NORMAL     0    [PRESSURE DATA]
TOTAL FM JAN 1     0    HIGHEST SLP M ON M
DPTR FM NORMAL     0    LOWEST  SLP 29.45 ON 13

[REMARKS]
