000
CXUS55 KABQ 271000
CF6CAO
PRELIMINARY LOCAL CLIMATOLOGICAL DATA (WS FORM: F-6)

                                          STATION:   CLAYTON  NM
                                          MONTH:     MARCH
                                          YEAR:      2015
                                          LATITUDE:   36 27 N
                                          LONGITUDE: 103  9 W

  TEMPERATURE IN F:       :PCPN:    SNOW:  WIND      :SUNSHINE: SKY     :PK WND
================================================================================
1   2   3   4   5  6A  6B    7    8   9   10  11  12  13   14  15   16   17  18
                                     12Z  AVG MX 2MIN
DY MAX MIN AVG DEP HDD CDD  WTR  SNW DPTH SPD SPD DIR MIN PSBL S-S WX    SPD DR
================================================================================

 1  31  21  26 -14  39   0 0.00  0.0    0  8.7 15  40   M    M  10 18     18  60
 2  37  23  30 -11  35   0 0.00  0.0    0 20.1 35 210   M    M   9 1      41 210
 3  51  26  39  -2  26   0    T    T    0 14.7 25 270   M    M   4 126    34 280
 4  27   5  16 -25  49   0 0.09  0.9    0 12.8 23  40   M    M   9 16     27  40
 5  42   5  24 -17  41   0 0.00  0.0    0 12.2 22 200   M    M   0        27 190
 6  59  28  44   2  21   0 0.00  0.0    0  8.3 17 270   M    M   0        22 270
 7  59  34  47   5  18   0 0.00  0.0    0 11.3 22 360   M    M   0        26 360
 8  61  38  50   8  15   0 0.00  0.0    0 16.6 29 360   M    M   1        35  10
 9  61  31  46   4  19   0 0.15  0.0    0  9.2 26 310   M    M   4 13     32 300
10  65  36  51   8  14   0 0.00  0.0    0  8.1 15 360   M    M   0        19  50
11  69  41  55  12  10   0 0.00  0.0    0  9.8 17 180   M    M   0        20 200
12  68  39  54  11  11   0 0.00  0.0    0 11.0 21 210   M    M   0        27 230
13  66  37  52   8  13   0 0.00  0.0    0 19.4 37  20   M    M   4        46  30
14  62  36  49   5  16   0 0.00  0.0    0  8.6 18  20   M    M   3        25  20
15  71  34  53   9  12   0 0.00  0.0    0 12.0 21 180   M    M   0        25 210
16  80  45  63  19   2   0 0.00  0.0    0 17.1 29 200   M    M   0        36 200
17  54  38  46   2  19   0 0.00  0.0    0 18.1 33  10   M    M   7        41  10
18  64  36  50   5  15   0 0.00  0.0    0 10.6 22 190   M    M   2        27 190
19  48  41  45   0  20   0 0.15  0.0    0 11.9 22  30   M    M   9 1      28  20
20  61  41  51   6  14   0    T  0.0    0  7.0 14 170   M    M   4        23 110
21  68  34  51   5  14   0 0.00  0.0    0  7.8 14 130   M    M   1        19 140
22  77  44  61  15   4   0 0.00  0.0    0  9.8 17 350   M    M   0        23 360
23  73  36  55   9  10   0 0.00  0.0    0 14.2 30 210   M    M   0        39 210
24  72  43  58  12   7   0 0.00  0.0    0 15.1 29 170   M    M   0        36 290
25  61  33  47   1  18   0 0.02  0.0    0 19.3 36  10   M    M   3        45 360
26  63  28  46  -1  19   0 0.00  0.0    0  8.7 20 320   M    M   0        28 310
================================================================================
SM 1550  853       481   0  0.41     0.9 322.4          M       70
================================================================================
AV 59.6 32.8                              12.4 FASTST   M    M   3    MAX(MPH)
                                 MISC ---->  # 37  20               # 46   30
================================================================================
NOTES:
# LAST OF SEVERAL OCCURRENCES

COLUMN 17 PEAK WIND IN M.P.H.

PRELIMINARY LOCAL CLIMATOLOGICAL DATA (WS FORM: F-6) , PAGE 2

                                          STATION:  CLAYTON  NM
                                          MONTH:    MARCH
                                          YEAR:     2015
                                          LATITUDE:   36 27 N
                                          LONGITUDE: 103  9 W

[TEMPERATURE DATA]      [PRECIPITATION DATA]       SYMBOLS USED IN COLUMN 16

AVERAGE MONTHLY: 46.2   TOTAL FOR MONTH:   0.41    1 = FOG OR MIST
DPTR FM NORMAL:   2.6   DPTR FM NORMAL:   -0.38    2 = FOG REDUCING VISIBILITY
HIGHEST:    80 ON 16    GRTST 24HR  0.15 ON 19-19      TO 1/4 MILE OR LESS
LOWEST:      5 ON  5, 4                            3 = THUNDER
                        SNOW, ICE PELLETS, HAIL    4 = ICE PELLETS
                        TOTAL MONTH:   0.9 INCH    5 = HAIL
                        GRTST 24HR   0.9 ON   M    6 = FREEZING RAIN OR DRIZZLE
                        GRTST DEPTH:   0           7 = DUSTSTORM OR SANDSTORM:
                                                       VSBY 1/2 MILE OR LESS
                                                   8 = SMOKE OR HAZE
[NO. OF DAYS WITH]      [WEATHER - DAYS WITH]      9 = BLOWING SNOW
                                                   X = TORNADO
MAX 32 OR BELOW:   2    0.01 INCH OR MORE:   4
MAX 90 OR ABOVE:   0    0.10 INCH OR MORE:   2
MIN 32 OR BELOW:   8    0.50 INCH OR MORE:   0
MIN  0 OR BELOW:   0    1.00 INCH OR MORE:   0

[HDD (BASE 65) ]
TOTAL THIS MO.   481    CLEAR  (SCALE 0-3)  16
DPTR FM NORMAL   -75    PTCLDY (SCALE 4-7)   6
TOTAL FM JUL 1  3924    CLOUDY (SCALE 8-10)  4
DPTR FM NORMAL  -309

[CDD (BASE 65) ]
TOTAL THIS MO.     0
DPTR FM NORMAL     0    [PRESSURE DATA]
TOTAL FM JAN 1     0    HIGHEST SLP M ON M
DPTR FM NORMAL     0    LOWEST  SLP 29.63 ON  3

[REMARKS]
