000
CXUS53 KARX 190930
CF6CCY
PRELIMINARY LOCAL CLIMATOLOGICAL DATA (WS FORM: F-6)

                                          STATION:   CHARLES_CITY IA
                                          MONTH:     DECEMBER
                                          YEAR:      2014
                                          LATITUDE:   43  4 N
                                          LONGITUDE:  92 37 W

  TEMPERATURE IN F:       :PCPN:    SNOW:  WIND      :SUNSHINE: SKY     :PK WND
================================================================================
1   2   3   4   5  6A  6B    7    8   9   10  11  12  13   14  15   16   17  18
                                     12Z  AVG MX 2MIN
DY MAX MIN AVG DEP HDD CDD  WTR  SNW DPTH SPD SPD DIR MIN PSBL S-S WX    SPD DR
================================================================================

 1  12   5   9 -17  56   0 0.00  0.0    M  9.9 17 340   M    M   2        21 340
 2  28  10  19  -6  46   0 0.00  0.0    M 11.6 20 200   M    M   6        24 190
 3  28  16  22  -3  43   0 0.00  0.0    M  9.1 17 310   M    M   1        23 300
 4  32  16  24   0  41   0 0.00  0.0    M  9.2 17 150   M    M   5        22 150
 5  34  30  32   8  33   0 0.00  0.0    M  6.1 10 350   M    M  10 12      M  M
 6  37  23  30   6  35   0 0.00  0.0    M  8.2 15  10   M    M   4 1       M  M
 7  36  25  31   8  34   0 0.17    M    M 14.2 21 160   M    M   5 1      28 160
 8  36  25  31   8  34   0 0.00  0.0    M 15.3 23 310   M    M  10 12     30 320
 9  32  23  28   6  37   0 0.00  0.0    M  8.6 15 340   M    M   6        24 340
10  30  27  29   7  36   0 0.00  0.0    M  5.7  9 130   M    M  10        12 170
11  30  25  28   6  37   0 0.00  0.0    M  6.0 10 180   M    M  10 1       M  M
12  36  30  33  12  32   0 0.00  0.0    M  8.5 12 170   M    M   8 12      M  M
13  46  30  38  17  27   0 0.00  0.0    M  8.7 12 170   M    M  10 12      M  M
14  50  45  48  28  17   0 0.00  0.0    0  9.3 13 160   M    M  10 12     17 160
15  48  41  45  25  20   0 0.27  0.0    M  9.2 14 130   M    M  10 12     17 140
16  41  18  30  10  35   0    M    M    M 19.8 27 330   M    M  10 1      38 330
17  23  12  18  -2  47   0    M    M    M  7.9 14 300   M    M   8        16 330
18  23  14  19   0  46   0    M    M    M  1.6  6  30   M    M   8 1       M  M
================================================================================
SM  602  415       656   0  0.44     0.0 168.9          M      133
================================================================================
AV 33.4 23.1                               9.4 FASTST   M    M   7    MAX(MPH)
                                 MISC ---->  # 27 330               # 38  330
================================================================================
NOTES:
# LAST OF SEVERAL OCCURRENCES

COLUMN 17 PEAK WIND IN M.P.H.

PRELIMINARY LOCAL CLIMATOLOGICAL DATA (WS FORM: F-6) , PAGE 2

                                          STATION:  CHARLES_CITY IA
                                          MONTH:    DECEMBER
                                          YEAR:     2014
                                          LATITUDE:   43  4 N
                                          LONGITUDE:  92 37 W

[TEMPERATURE DATA]      [PRECIPITATION DATA]       SYMBOLS USED IN COLUMN 16

AVERAGE MONTHLY: 28.2   TOTAL FOR MONTH:   0.44    1 = FOG OR MIST
DPTR FM NORMAL:   6.0   DPTR FM NORMAL:   -0.37    2 = FOG REDUCING VISIBILITY
HIGHEST:    50 ON 14    GRTST 24HR  0.27 ON 15-15      TO 1/4 MILE OR LESS
LOWEST:      5 ON  1                               3 = THUNDER
                        SNOW, ICE PELLETS, HAIL    4 = ICE PELLETS
                        TOTAL MONTH:   0.0 INCH    5 = HAIL
                        GRTST 24HR     0.0         6 = FREEZING RAIN OR DRIZZLE
                        GRTST DEPTH:   0           7 = DUSTSTORM OR SANDSTORM:
                                                       VSBY 1/2 MILE OR LESS
                                                   8 = SMOKE OR HAZE
[NO. OF DAYS WITH]      [WEATHER - DAYS WITH]      9 = BLOWING SNOW
                                                   X = TORNADO
MAX 32 OR BELOW:   9    0.01 INCH OR MORE:   2
MAX 90 OR ABOVE:   0    0.10 INCH OR MORE:   2
MIN 32 OR BELOW:  16    0.50 INCH OR MORE:   0
MIN  0 OR BELOW:   0    1.00 INCH OR MORE:   0

[HDD (BASE 65) ]
TOTAL THIS MO.   656    CLEAR  (SCALE 0-3)   2
DPTR FM NORMAL  -114    PTCLDY (SCALE 4-7)   8
TOTAL FM JUL 1  2440    CLOUDY (SCALE 8-10)  8
DPTR FM NORMAL   109

[CDD (BASE 65) ]
TOTAL THIS MO.     0
DPTR FM NORMAL     0    [PRESSURE DATA]
TOTAL FM JAN 1   555    HIGHEST SLP M ON M
DPTR FM NORMAL  -111    LOWEST  SLP M ON M

[REMARKS]
