000
CXAK56 PAFC 201320
CF6CDB
PRELIMINARY LOCAL CLIMATOLOGICAL DATA (WS FORM: F-6)

                                          STATION:   COLD BAY
                                          MONTH:     JANUARY
                                          YEAR:      2017
                                          LATITUDE:   55 13 N
                                          LONGITUDE: 162 44 W

  TEMPERATURE IN F:       :PCPN:    SNOW:  WIND      :SUNSHINE: SKY     :PK WND
================================================================================
1   2   3   4   5  6A  6B    7    8   9   10  11  12  13   14  15   16   17  18
                                     12Z  AVG MX 2MIN
DY MAX MIN AVG DEP HDD CDD  WTR  SNW DPTH SPD SPD DIR MIN PSBL S-S WX    SPD DR
================================================================================

 1  42  39  41  12  24   0 0.59  0.0    0 29.9 40 150   M    M  10 1      50 150
 2  42  40  41  12  24   0 1.10  0.0    0 23.7 33 150   M    M  10 1      42 150
 3  42  36  39  10  26   0 0.29  0.0    0 17.8 33 150   M    M  10 1      40 140
 4  38  30  34   5  31   0 0.00  0.0    0  8.6 21  30   M    M   7 12     25  30
 5  41  21  31   2  34   0 0.00  0.0    0  3.1  9 120   M    M   1 12     13 340
 6  36  15  26  -3  39   0 0.00  0.0    0  4.4 13 240   M    M   1 1      15 250
 7  36  16  26  -3  39   0 0.00  0.0    0  3.9 12  60   M    M   0 1      13 100
 8  37  18  28   0  37   0 0.00  0.0    0 10.9 24 160   M    M   1        29 150
 9  35  18  27  -1  38   0 0.00  0.0    0  5.2 10 260   M    M   4 1      12 330
10  36  14  25  -3  40   0 0.00  0.0    0  4.4 12 160   M    M   0 1      15 160
11  29  15  22  -6  43   0    T    T    0  4.9 14 350   M    M   6 1      17  10
12  30  16  23  -5  42   0    T    T    0 15.9 36  20   M    M   5 12     43  10
13  28  18  23  -5  42   0 0.01  0.0    0 23.7 32 350   M    M  10 1      40  20
14  24   7  16 -12  49   0 0.02  0.2    T  8.5 28 330   M    M   6 1      34 330
15  24   4  14 -14  51   0 0.08  0.8    1 10.4 29 350   M    M   7 18     35 350
16  24  10  17 -11  48   0 0.19  2.9    5 11.7 22 360   M    M   7 12     25 360
17  19  12  16 -12  49   0    T    T    5 15.1 30  30   M    M   8 1      35  30
18  29   2  16 -12  49   0    T    T    4 15.0 37 150   M    M   5        46 150
19  32  24  28   0  37   0 0.03  0.3    3 15.9 33 160   M    M   7 1      40 160
================================================================================
SM  624  355       742   0  2.31     4.2 233.0          M      105
================================================================================
AV 32.8 18.7                              12.3 FASTST   M    M   6    MAX(MPH)
                                 MISC ---->  # 40 150               # 50  150
================================================================================
NOTES:
# LAST OF SEVERAL OCCURRENCES

COLUMN 17 PEAK WIND IN M.P.H.

PRELIMINARY LOCAL CLIMATOLOGICAL DATA (WS FORM: F-6) , PAGE 2

                                          STATION:  COLD BAY
                                          MONTH:    JANUARY
                                          YEAR:     2017
                                          LATITUDE:   55 13 N
                                          LONGITUDE: 162 44 W

[TEMPERATURE DATA]      [PRECIPITATION DATA]       SYMBOLS USED IN COLUMN 16

AVERAGE MONTHLY: 25.8   TOTAL FOR MONTH:   2.31    1 = FOG OR MIST
DPTR FM NORMAL:  -2.6   DPTR FM NORMAL:    0.35    2 = FOG REDUCING VISIBILITY
HIGHEST:    42 ON  3, 2 GRTST 24HR  1.16 ON  2- 3      TO 1/4 MILE OR LESS
LOWEST:      2 ON 18                               3 = THUNDER
                        SNOW, ICE PELLETS, HAIL    4 = ICE PELLETS
                        TOTAL MONTH:   4.2 INCHES  5 = HAIL
                        GRTST 24HR   2.9 ON   M    6 = FREEZING RAIN OR DRIZZLE
                        GRTST DEPTH:   5 ON 17,16  7 = DUSTSTORM OR SANDSTORM:
                                                       VSBY 1/2 MILE OR LESS
                                                   8 = SMOKE OR HAZE
[NO. OF DAYS WITH]      [WEATHER - DAYS WITH]      9 = BLOWING SNOW
                                                   X = TORNADO
MAX 32 OR BELOW:   9    0.01 INCH OR MORE:   8
MAX 90 OR ABOVE:   0    0.10 INCH OR MORE:   4
MIN 32 OR BELOW:  16    0.50 INCH OR MORE:   2
MIN  0 OR BELOW:   0    1.00 INCH OR MORE:   1

[HDD (BASE 65) ]
TOTAL THIS MO.   742    CLEAR  (SCALE 0-3)   5
DPTR FM NORMAL    47    PTCLDY (SCALE 4-7)  10
TOTAL FM JUL 1  4072    CLOUDY (SCALE 8-10)  4
DPTR FM NORMAL  -694

[CDD (BASE 65) ]
TOTAL THIS MO.     0
DPTR FM NORMAL     0    [PRESSURE DATA]
TOTAL FM JAN 1     0    HIGHEST SLP M ON M
DPTR FM NORMAL     0    LOWEST  SLP 29.12 ON 13

[REMARKS]
