000
CXAK56 PACD 291115
CF6CDB

PRELIMINARY LOCAL CLIMATOLOGICAL DATA (WS FORM: F-6)

                                          STATION:   COLD BAY
                                          MONTH:     03
                                          YEAR:      2015
                                          LATITUDE:   55 13 N
                                          LONGITUDE: 162 44 W

  TEMPERATURE IN F:       :PCPN:    SNOW:  WIND      :SUNSHINE: SKY     :PK WND
================================================================================
1   2   3   4   5  6A  6B    7     8   9   10  11  12  13   14  15   16  17  18
                                      12Z  AVG MX 2MIN
DY MAX MIN AVG DEP HDD CDD  WTR   SNW DPTH SPD SPD DIR MIN PSBL S-S WX   SPD DR
================================================================================

 1  46  35  41  11  24   0  0.02  0.0   0 24.0 37  140   M    M   M       45 140
 2  44  38  41  11  24   0  0.25  0.0   0 14.6 30  140   M    M   M 1     37 130
 3  39  30  35   5  30   0  0.01  0.0   0 10.4 21  310   M    M   M 1     25 310
 4  35  28  32   2  33   0  0.02  0.2   T  9.2 22  280   M    M   M 1     26 290
 5  40  29  35   5  30   0  0.02  0.2   T 11.5 23  310   M    M   M 1     28 290
 6  43  30  37   7  28   0  0.06  0.0   0 16.1 26  140   M    M   M 1     32 150
 7  41  31  36   6  29   0     T    T   0 14.3 28  280   M    M   M 1     32 300
 8  35  27  31   1  34   0  0.03  0.3   T 10.8 22  280   M    M   M 1     26 280
 9  30  20  25  -5  40   0     T    T   0 18.7 36   30   M    M   M       41  30
10  24  20  22  -8  43   0     T    T   0 29.8 40   30   M    M   M       50  40
11  25  19  22  -8  43   0  0.09  0.9   1 21.3 30  360   M    M   M 1     36  30
12  23  18  21  -9  44   0  0.05  0.7   1 19.1 26  350   M    M   M 1     33 340
13  31   7  19 -11  46   0  0.02  0.2   1 14.4 33  120   M    M   M 1     39 120
14  37  31  34   4  31   0  0.78  3.0   3 26.8 41  130   M    M   M 1     51 120
15  40  34  37   7  28   0  0.24  0.0   0 17.8 30   80   M    M   M 1     40  80
16  42  34  38   8  27   0  0.36  0.0   0 17.9 32  160   M    M   M 1     41 120
17  44  36  40  10  25   0  0.14    T   0 28.7 47  110   M    M   M 1     63 110
18  44  34  39   9  26   0  0.06  0.0   0 10.1 23  120   M    M   M 1     28 120
19  45  34  40  10  25   0  0.14  0.0   0 11.7 26  120   M    M   M 1     30 120
20  41  30  36   6  29   0  0.00  0.0   0 12.5 23  360   M    M   M 1     28 360
21  43  34  39   9  26   0  0.07  0.0   0 11.0 20  130   M    M   M 1     24 120
22  46  35  41  11  24   0  0.03  0.0   0  7.3 22   20   M    M   M       28  30
23  43  32  38   8  27   0  0.09  0.0   0  9.4 31   80   M    M   M 1     41  70
24  45  32  39   9  26   0  0.14  0.0   0  8.4 20   10   M    M   M       25  20
25  40  35  38   7  27   0  0.31  0.0   0 16.5 25   10   M    M   M 1     32  10
26  44  36  40   9  25   0  0.10  0.0   0  5.1 15  360   M    M   M 12    17 360
27  46  33  40   9  25   0  0.10  0.0   0  6.2 23  120   M    M   M 1     27 120
28  45  32  39   8  26   0     T  0.0   0 13.2 23  360   M    M   M       28 360
================================================================================
SM 1101  834       845   0  3.13 5.5    416.8           M        M
================================================================================
AV 39.3 29.8                             14.9 FASTST  PSBL  %   M    MAX(MPH)
                                 MISC ---->     47  110                 63 110
================================================================================
NOTES:
# LAST OF SEVERAL OCCURRENCES

COLUMN 17 PEAK WIND IN M.P.H.

PRELIMINARY LOCAL CLIMATOLOGICAL DATA (WS FORM: F-6) , PAGE 2

                                          STATION:   COLD BAY
                                          MONTH:     03
                                          YEAR:      2015
                                          LATITUDE:  55 13 N
                                          LONGITUDE: 162 44 W

[TEMPERATURE DATA]      [PRECIPITATION DATA]       SYMBOLS USED IN COLUMN 16

AVERAGE MONTHLY:34.6   TOTAL FOR MONTH: 3.13       1 = FOG
DPTR FM NORMAL:  4.5   DPTR FM NORMAL: 0.66       2 = FOG REDUCING VISIBILITY
HIGHEST:    46 ON 27    GRTST 24HR   0.78 ON 14        TO 1/4 MILE OR LESS
LOWEST:      7 ON 13                               3 = THUNDER
                        SNOW, ICE PELLETS, HAIL    4 = ICE PELLETS
                        TOTAL MONTH: 5.5 INCHES  5 = HAIL
                        GRTST 24HR   3.0 ON 14     6 = GLAZE OR RIME
                        GRTST DEPTH:    3 ON 14    7 = BLOWING DUST OR SAND:
                                                       VSBY 1/2 MILE OR LESS
                                                   8 = SMOKE OR HAZE
[NO. OF DAYS WITH]      [WEATHER - DAYS WITH]      9 = BLOWING SNOW
                                                   X = TORNADO
MAX 32 OR BELOW:   5    0.01 INCH OR MORE:  23
MAX 70 OR ABOVE:   0    0.10 INCH OR MORE:  10
MIN 32 OR BELOW:  16    0.50 INCH OR MORE:   1
MIN  0 OR BELOW:   0    1.00 INCH OR MORE:   0

[HDD (BASE 65) ]
TOTAL THIS MO.   845    CLEAR  (SCALE 0-3)   M
DPTR FM NORMAL  -132    PTCLDY (SCALE 4-7)   M
SEASONAL TOTAL  6218    CLOUDY (SCALE 8-10)  M
DPTR FM NORMAL  -983

[CDD (BASE 65) ]
TOTAL THIS MO.     0
DPTR FM NORMAL     0    [PRESSURE DATA]
SEASONAL TOTAL     0    HIGHEST SLP     M
DPTR FM NORMAL     0    LOWEST  SLP     M

[REMARKS]
