000
CXUS55 KEAX 310736
CF6CDJ
PRELIMINARY LOCAL CLIMATOLOGICAL DATA (WS FORM: F-6)

                                          STATION:   CHILLICOTHE MO
                                          MONTH:     JULY
                                          YEAR:      2015
                                          LATITUDE:   39 49 N
                                          LONGITUDE:  93 35 W

  TEMPERATURE IN F:       :PCPN:    SNOW:  WIND      :SUNSHINE: SKY     :PK WND
================================================================================
1   2   3   4   5  6A  6B    7    8   9   10  11  12  13   14  15   16   17  18
                                     12Z  AVG MX 2MIN
DY MAX MIN AVG DEP HDD CDD  WTR  SNW DPTH SPD SPD DIR MIN PSBL S-S WX    SPD DR
================================================================================

 1  86  69  78   2   0  13 0.11    M    M  5.1 13 190   M    M   0        17  60
 2  75  65  70  -6   0   5 0.00    M    M  4.9 10  60   M    M   0        15  30
 3  81  61  71  -5   0   6 0.00    M    M  2.8 12  30   M    M   0        16  50
 4  83  59  71  -5   0   6 0.00    M    M  2.2  8 130   M    M   0        11 160
 5  89  64  77   1   0  12 0.00    M    M  5.8 13 150   M    M   0        19 160
 6  89  69  79   3   0  14 1.10    M    M  6.4 15  20   M    M   0        25  30
 7  76  63  70  -6   0   5 0.31    M    M  6.3 15  10   M    M   0        24  30
 8  67  59  63 -14   2   0 0.15    M    M  4.7 15  30   M    M   0        20  50
 9  79  57  68  -9   0   3 0.00    M    M  2.0  9 170   M    M   0        14 170
10  82  61  72  -5   0   7 0.00    M    M  3.4 10 110   M    M   0        15 100
11  91  74  83   6   0  18 0.02    M    M  6.8 15 190   M    M   0        22 200
12  94  75  85   8   0  20 0.00    M    M  6.8 15 190   M    M   0        19 190
13  95  77  86   9   0  21 0.00    M    M  5.2 12 180   M    M   0        16 200
14  97  70  84   7   0  19 0.00    M    M  1.9  9 320   M    M   0        14 280
15  86  72  79   2   0  14 0.05    M    M  5.2 10 120   M    M   0        17  90
16  93  76  85   8   0  20 0.00    M    M  6.9 16 200   M    M   0        22 200
17  96  78  87  10   0  22 0.00    M    M  6.3 13 200   M    M   0        20 180
18  89  72  81   4   0  16 0.19    M    M  5.0 17 300   M    M   0        29 310
19  85  71  78   1   0  13 1.71    M    M  2.7 18  10   M    M   0        29 340
20  88  73  81   4   0  16 0.28    M    M  3.0 10 150   M    M   0        15 310
21  83  65  74  -3   0   9 0.00    M    M  3.2 10  30   M    M   0        15  30
22  84  63  74  -3   0   9 0.00    M    M  2.9 10 110   M    M   0        14 100
23  87  67  77   0   0  12 0.00    M    M  3.2 10 110   M    M   0        15 110
24  92  70  81   4   0  16 0.38    M    M  5.1 18 110   M    M   0        27 260
25  88  73  81   4   0  16 0.76    M    M  2.8 16 270   M    M   0        27 270
26  92  73  83   6   0  18 0.15    M    M  3.3 15 350   M    M   0        21 350
27  94  76  85   8   0  20 0.00    M    M  5.0 14  50   M    M   0        22  50
28  94  74  84   7   0  19 0.00    M    M  6.7 22  20   M    M   0        35 350
29  86  66  76  -1   0  11 2.08    M    M  3.1 15  40   M    M   0        23  30
30  90  63  77   0   0  12 0.00    M    M  2.2  8 230   M    M   0        11 230
================================================================================
SM 2611 2055         2 392  7.29    M    130.9          M        0
================================================================================
AV 87.0 68.5                               4.4 FASTST   M    M   0    MAX(MPH)
                                 MISC ---->  # 22  20               # 35  350
================================================================================
NOTES:
# LAST OF SEVERAL OCCURRENCES

COLUMN 17 PEAK WIND IN M.P.H.

PRELIMINARY LOCAL CLIMATOLOGICAL DATA (WS FORM: F-6) , PAGE 2

                                          STATION:  CHILLICOTHE MO
                                          MONTH:    JULY
                                          YEAR:     2015
                                          LATITUDE:   39 49 N
                                          LONGITUDE:  93 35 W

[TEMPERATURE DATA]      [PRECIPITATION DATA]       SYMBOLS USED IN COLUMN 16

AVERAGE MONTHLY: 77.8   TOTAL FOR MONTH:   7.29    1 = FOG OR MIST
DPTR FM NORMAL:   1.0   DPTR FM NORMAL:    3.54    2 = FOG REDUCING VISIBILITY
HIGHEST:    97 ON 14    GRTST 24HR  2.08 ON 29-29      TO 1/4 MILE OR LESS
LOWEST:     57 ON  9                               3 = THUNDER
                        SNOW, ICE PELLETS, HAIL    4 = ICE PELLETS
                        TOTAL MONTH:    M          5 = HAIL
                        GRTST 24HR    M  ON   M    6 = FREEZING RAIN OR DRIZZLE
                        GRTST DEPTH:  M  ON   M    7 = DUSTSTORM OR SANDSTORM:
                                                       VSBY 1/2 MILE OR LESS
                                                   8 = SMOKE OR HAZE
[NO. OF DAYS WITH]      [WEATHER - DAYS WITH]      9 = BLOWING SNOW
                                                   X = TORNADO
MAX 32 OR BELOW:   0    0.01 INCH OR MORE:  13
MAX 90 OR ABOVE:  11    0.10 INCH OR MORE:  11
MIN 32 OR BELOW:   0    0.50 INCH OR MORE:   4
MIN  0 OR BELOW:   0    1.00 INCH OR MORE:   3

[HDD (BASE 65) ]
TOTAL THIS MO.     2    CLEAR  (SCALE 0-3)  30
DPTR FM NORMAL     2    PTCLDY (SCALE 4-7)   0
TOTAL FM JUL 1     2    CLOUDY (SCALE 8-10)  0
DPTR FM NORMAL     2

[CDD (BASE 65) ]
TOTAL THIS MO.   392
DPTR FM NORMAL    39    [PRESSURE DATA]
TOTAL FM JAN 1   793    HIGHEST SLP  0.00 ON M
DPTR FM NORMAL   128    LOWEST  SLP  0.00 ON M

[REMARKS]
