000
CXUS55 KCYS 201000
CF6CDR
PRELIMINARY LOCAL CLIMATOLOGICAL DATA (WS FORM: F-6)

                                          STATION:   CHADRON NEBRASKA AIRPORT
                                          MONTH:     SEPTEMBER
                                          YEAR:      2017
                                          LATITUDE:   42 50 N
                                          LONGITUDE: 103  6 W

  TEMPERATURE IN F:       :PCPN:    SNOW:  WIND      :SUNSHINE: SKY     :PK WND
================================================================================
1   2   3   4   5  6A  6B    7    8   9   10  11  12  13   14  15   16   17  18
                                     12Z  AVG MX 2MIN
DY MAX MIN AVG DEP HDD CDD  WTR  SNW DPTH SPD SPD DIR MIN PSBL S-S WX    SPD DR
================================================================================

 1  92  55  74   6   0   9 0.02    M    M  8.3 18 290   M    M   2 38     24 310
 2  93  48  71   4   0   6 0.00    M    M  5.1 13 240   M    M   0 18     16 190
 3  96  52  74   7   0   9 0.00    M    M  9.3 23 290   M    M   4 8      30 300
 4  76  44  60  -6   5   0 0.00    M    M  7.5 21  40   M    M   1 8      25  40
 5  75  36  56 -10   9   0 0.00    M    M  5.0 15  30   M    M   1        19 360
 6  81  32  57  -9   8   0 0.00    M    M  4.1  9 250   M    M   0        14  40
 7  90  40  65   0   0   0 0.00    M    M  3.5 10  10   M    M   0 8      14  50
 8  90  45  68   3   0   3 0.00    M    M  7.8 25 170   M    M   0        31 170
 9  90  56  73   9   0   8 0.00    M    M  6.7 18 120   M    M   0        25 130
10 100  51  76  12   0  11    T    M    M  6.5 18 130   M    M   0        23 120
11  94  56  75  12   0  10 0.00    M    M  4.0 14  90   M    M   1 8      19  80
12  97  53  75  12   0  10    T    M    M  4.5 23 170   M    M   0 3      28 180
13  94  48  71   9   0   6    T    M    M  7.6 26 280   M    M   0 3      36 270
14  85  53  69   7   0   4    T    M    M  7.4 17  50   M    M   0 8      22  50
15  73  48  61   0   4   0 0.07    M    M  9.3 28  80   M    M   8 1      34  80
16  65  39  52  -9  13   0 0.21    M    M  6.2 22 350   M    M   6 1      27 360
17  74  33  54  -6  11   0    T    M    M 14.2 33 190   M    M   2        41 200
18  86  44  65   5   0   0 0.00    M    M 10.4 30 170   M    M   0        41 170
19  83  45  64   5   1   0    T    M    M 14.4 36 300   M    M   2        48 300
================================================================================
SM 1634  878        51  76  0.30    M    141.8          M       27
================================================================================
AV 86.0 46.2                               7.5 FASTST   M    M   1    MAX(MPH)
                                 MISC ---->  # 36 300               # 48  300
================================================================================
NOTES:
# LAST OF SEVERAL OCCURRENCES

COLUMN 17 PEAK WIND IN M.P.H.

PRELIMINARY LOCAL CLIMATOLOGICAL DATA (WS FORM: F-6) , PAGE 2

                                          STATION:  CHADRON NEBRASKA AIRPORT
                                          MONTH:    SEPTEMBER
                                          YEAR:     2017
                                          LATITUDE:   42 50 N
                                          LONGITUDE: 103  6 W

[TEMPERATURE DATA]      [PRECIPITATION DATA]       SYMBOLS USED IN COLUMN 16

AVERAGE MONTHLY: 66.1   TOTAL FOR MONTH:   0.30    1 = FOG OR MIST
DPTR FM NORMAL:   2.5   DPTR FM NORMAL:   -0.83    2 = FOG REDUCING VISIBILITY
HIGHEST:   100 ON 10    GRTST 24HR  0.21 ON 16-16      TO 1/4 MILE OR LESS
LOWEST:     32 ON  6                               3 = THUNDER
                        SNOW, ICE PELLETS, HAIL    4 = ICE PELLETS
                        TOTAL MONTH:    M          5 = HAIL
                        GRTST 24HR    M  ON   M    6 = FREEZING RAIN OR DRIZZLE
                        GRTST DEPTH:  M  ON   M    7 = DUSTSTORM OR SANDSTORM:
                                                       VSBY 1/2 MILE OR LESS
                                                   8 = SMOKE OR HAZE
[NO. OF DAYS WITH]      [WEATHER - DAYS WITH]      9 = BLOWING SNOW
                                                   X = TORNADO
MAX 32 OR BELOW:   0    0.01 INCH OR MORE:   3
MAX 90 OR ABOVE:  10    0.10 INCH OR MORE:   1
MIN 32 OR BELOW:   1    0.50 INCH OR MORE:   0
MIN  0 OR BELOW:   0    1.00 INCH OR MORE:   0

[HDD (BASE 65) ]
TOTAL THIS MO.    51    CLEAR  (SCALE 0-3)  16
DPTR FM NORMAL   -29    PTCLDY (SCALE 4-7)   3
TOTAL FM JUL 1    56    CLOUDY (SCALE 8-10)  0
DPTR FM NORMAL   -54

[CDD (BASE 65) ]
TOTAL THIS MO.    76
DPTR FM NORMAL    22    [PRESSURE DATA]
TOTAL FM JAN 1   764    HIGHEST SLP M ON M
DPTR FM NORMAL    63    LOWEST  SLP 29.41 ON 19

[REMARKS]
