000
CXUS54 KLUB 280755
CF6CDS
PRELIMINARY LOCAL CLIMATOLOGICAL DATA (WS FORM: F-6)

                                          STATION:   CHILDRESS
                                          MONTH:     JULY
                                          YEAR:      2016
                                          LATITUDE:   34 25 N
                                          LONGITUDE: 100 17 W

  TEMPERATURE IN F:       :PCPN:    SNOW:  WIND      :SUNSHINE: SKY     :PK WND
================================================================================
1   2   3   4   5  6A  6B    7    8   9   10  11  12  13   14  15   16   17  18
                                     12Z  AVG MX 2MIN
DY MAX MIN AVG DEP HDD CDD  WTR  SNW DPTH SPD SPD DIR MIN PSBL S-S WX    SPD DR
================================================================================

 1  95  74  85   3   0  20 0.00  0.0    0  9.0 18 140   M    M   1        23 140
 2  99  73  86   4   0  21 0.31  0.0    0 13.5 35 290   M    M   1 38     40 280
 3  94  73  84   2   0  19 0.00  0.0    0  9.5 18 340   M    M   2        24 340
 4  98  73  86   3   0  21    T  0.0    0  6.9 15  20   M    M   1        18 350
 5  96  73  85   2   0  20 0.33  0.0    0 17.1 36 200   M    M   0 138    42 200
 6 102  70  86   3   0  21 1.25  0.0    0 14.2 63 330   M    M   0 138    76 330
 7 103  72  88   5   0  23 0.00  0.0    0 13.0 20 220   M    M   0        25 160
 8  99  73  86   3   0  21    T  0.0    0  8.8 23 190   M    M   0 3      29 180
 9  94  71  83   0   0  18 0.00  0.0    0 10.3 23 150   M    M   0        30 150
10  98  70  84   1   0  19 0.00  0.0    0 13.9 25 180   M    M   0        32 180
11 100  77  89   6   0  24 0.00  0.0    0 17.9 29 180   M    M   0 38     36 180
12 101  77  89   6   0  24 0.00  0.0    0 13.8 22 230   M    M   0        28 160
13 102  76  89   5   0  24 0.00  0.0    0 12.9 29 190   M    M   0 3      38 190
14 102  71  87   3   0  22 0.21  0.0    0 12.8 43  20   M    M   1 3      54  20
15  96  67  82  -2   0  17 0.43  0.0    0  8.9 49  10   M    M   1 138    64  10
16  90  67  79  -5   0  14 0.21  0.0    0  9.5 18 160   M    M   0 13     24 140
17  97  70  84   0   0  19 0.00  0.0    0 13.4 24 170   M    M   0        32 150
18  96  72  84   0   0  19 0.00  0.0    0 10.2 17 130   M    M   0        24 160
19  96  72  84   0   0  19 0.00  0.0    0 10.4 18 210   M    M   1        22 140
20  98  73  86   2   0  21 0.00  0.0    0 11.2 18 160   M    M   0        24 170
21  99  73  86   2   0  21 0.00  0.0    0 10.3 20 190   M    M   0        25 200
22 100  73  87   3   0  22 0.00  0.0    0  9.8 18 160   M    M   0        23 170
23 101  73  87   3   0  22 0.00  0.0    0  8.9 18 190   M    M   0        27 200
24 102  75  89   5   0  24 0.00  0.0    0  7.2 14 150   M    M   1        17 150
25 101  78  90   6   0  25 0.00  0.0    0  5.7 22 210   M    M   2 3      28 210
26  96  76  86   2   0  21    T  0.0    0  7.5 20  40   M    M   1 3      29  40
27  98  74  86   2   0  21 0.00  0.0    0  5.3 18  20   M    M   1 3      22  20
================================================================================
SM 2653 1966         0 562  2.74     0.0 291.9          M       13
================================================================================
AV 98.3 72.8                              10.8 FASTST   M    M   0    MAX(MPH)
                                 MISC ---->  # 63 330               # 76  330
================================================================================
NOTES:
# LAST OF SEVERAL OCCURRENCES

COLUMN 17 PEAK WIND IN M.P.H.

PRELIMINARY LOCAL CLIMATOLOGICAL DATA (WS FORM: F-6) , PAGE 2

                                          STATION:  CHILDRESS
                                          MONTH:    JULY
                                          YEAR:     2016
                                          LATITUDE:   34 25 N
                                          LONGITUDE: 100 17 W

[TEMPERATURE DATA]      [PRECIPITATION DATA]       SYMBOLS USED IN COLUMN 16

AVERAGE MONTHLY: 85.5   TOTAL FOR MONTH:   2.74    1 = FOG OR MIST
DPTR FM NORMAL:   2.1   DPTR FM NORMAL:    1.03    2 = FOG REDUCING VISIBILITY
HIGHEST:   103 ON  7    GRTST 24HR  1.25 ON  6- 6      TO 1/4 MILE OR LESS
LOWEST:     67 ON 16,15                            3 = THUNDER
                        SNOW, ICE PELLETS, HAIL    4 = ICE PELLETS
                        TOTAL MONTH:   0.0 INCH    5 = HAIL
                        GRTST 24HR     0.0         6 = FREEZING RAIN OR DRIZZLE
                        GRTST DEPTH:   0           7 = DUSTSTORM OR SANDSTORM:
                                                       VSBY 1/2 MILE OR LESS
                                                   8 = SMOKE OR HAZE
[NO. OF DAYS WITH]      [WEATHER - DAYS WITH]      9 = BLOWING SNOW
                                                   X = TORNADO
MAX 32 OR BELOW:   0    0.01 INCH OR MORE:   6
MAX 90 OR ABOVE:  27    0.10 INCH OR MORE:   6
MIN 32 OR BELOW:   0    0.50 INCH OR MORE:   1
MIN  0 OR BELOW:   0    1.00 INCH OR MORE:   1

[HDD (BASE 65) ]
TOTAL THIS MO.     0    CLEAR  (SCALE 0-3)  27
DPTR FM NORMAL     0    PTCLDY (SCALE 4-7)   0
TOTAL FM JUL 1     0    CLOUDY (SCALE 8-10)  0
DPTR FM NORMAL     0

[CDD (BASE 65) ]
TOTAL THIS MO.   562
DPTR FM NORMAL    64    [PRESSURE DATA]
TOTAL FM JAN 1  1295    HIGHEST SLP M ON M
DPTR FM NORMAL    64    LOWEST  SLP 29.57 ON 11

[REMARKS]
