354
CXUS55 KGJT 191000
CF6CEZ
PRELIMINARY LOCAL CLIMATOLOGICAL DATA (WS FORM: F-6)

                                          STATION:   CORTEZ CO
                                          MONTH:     NOVEMBER
                                          YEAR:      2017
                                          LATITUDE:   37 17 N
                                          LONGITUDE: 108 38 W

  TEMPERATURE IN F:       :PCPN:    SNOW:  WIND      :SUNSHINE: SKY     :PK WND
================================================================================
1   2   3   4   5  6A  6B    7    8   9   10  11  12  13   14  15   16   17  18
                                     12Z  AVG MX 2MIN
DY MAX MIN AVG DEP HDD CDD  WTR  SNW DPTH SPD SPD DIR MIN PSBL S-S WX    SPD DR
================================================================================

 1  66  31  49   7  16   0 0.00    M    M  7.6 20 190   M    M   0        24 210
 2  64  31  48   6  17   0 0.00    M    M  6.5 18 210   M    M   0        21 210
 3  64  27  46   4  19   0 0.00    M    M  6.1 18 210   M    M   1        26 200
 4  66  44  55  14  10   0    T    M    M  6.7 16 190   M    M   4        20 170
 5  63  42  53  12  12   0 0.00    M    M 11.5 24 210   M    M   3        30 220
 6  59  37  48   7  17   0 0.00    M    M  7.2 18 200   M    M   6        22 210
 7  57  35  46   6  19   0 0.04    M    M  4.0 21 350   M    M   8 8      28 360
 8  53  20  37  -3  28   0 0.00    M    M  5.6 14 210   M    M   0        16 200
 9  61  19  40   1  25   0 0.00    M    M  4.6 13 220   M    M   0        17 210
10  66  23  45   6  20   0 0.00    M    M  5.3 17 200   M    M   0        21 200
11  61  22  42   3  23   0 0.00    M    M  6.7 15 300   M    M   0        19 290
12  65  19  42   4  23   0 0.00    M    M  4.2 13 190   M    M   1        17 220
13  67  29  48  10  17   0 0.00    M    M  4.6 13  60   M    M   2        15 270
14  64  23  44   7  21   0 0.00    M    M  5.6 17 290   M    M   0        24 270
15  65  19  42   5  23   0 0.00    M    M  4.4 13 180   M    M   0        15 180
16  65  21  43   6  22   0 0.00    M    M  5.1 22 190   M    M   4        27 190
17  60  33  47  11  18   0 0.03    M    M 16.3 37 330   M    M   6 1      50 340
18  47  15  31  -5  34   0 0.00    M    M  6.3 18 320   M    M   0        25 330
================================================================================
SM 1113  490       364   0  0.07    M    118.3          M       35
================================================================================
AV 61.8 27.2                               6.6 FASTST   M    M   2    MAX(MPH)
                                 MISC ---->  # 37 330               # 50  340
================================================================================
NOTES:
# LAST OF SEVERAL OCCURRENCES

COLUMN 17 PEAK WIND IN M.P.H.

PRELIMINARY LOCAL CLIMATOLOGICAL DATA (WS FORM: F-6) , PAGE 2

                                          STATION:  CORTEZ CO
                                          MONTH:    NOVEMBER
                                          YEAR:     2017
                                          LATITUDE:   37 17 N
                                          LONGITUDE: 108 38 W

[TEMPERATURE DATA]      [PRECIPITATION DATA]       SYMBOLS USED IN COLUMN 16

AVERAGE MONTHLY: 44.5   TOTAL FOR MONTH:   0.07    1 = FOG OR MIST
DPTR FM NORMAL:   5.4   DPTR FM NORMAL:   -0.74    2 = FOG REDUCING VISIBILITY
HIGHEST:    67 ON 13    GRTST 24HR  0.04 ON  7- 7      TO 1/4 MILE OR LESS
LOWEST:     15 ON 18                               3 = THUNDER
                        SNOW, ICE PELLETS, HAIL    4 = ICE PELLETS
                        TOTAL MONTH:    M          5 = HAIL
                        GRTST 24HR    M  ON   M    6 = FREEZING RAIN OR DRIZZLE
                        GRTST DEPTH:  M  ON   M    7 = DUSTSTORM OR SANDSTORM:
                                                       VSBY 1/2 MILE OR LESS
                                                   8 = SMOKE OR HAZE
[NO. OF DAYS WITH]      [WEATHER - DAYS WITH]      9 = BLOWING SNOW
                                                   X = TORNADO
MAX 32 OR BELOW:   0    0.01 INCH OR MORE:   2
MAX 90 OR ABOVE:   0    0.10 INCH OR MORE:   0
MIN 32 OR BELOW:  13    0.50 INCH OR MORE:   0
MIN  0 OR BELOW:   0    1.00 INCH OR MORE:   0

[HDD (BASE 65) ]
TOTAL THIS MO.   364    CLEAR  (SCALE 0-3)  12
DPTR FM NORMAL  -100    PTCLDY (SCALE 4-7)   6
TOTAL FM JUL 1   969    CLOUDY (SCALE 8-10)  0
DPTR FM NORMAL  -177

[CDD (BASE 65) ]
TOTAL THIS MO.     0
DPTR FM NORMAL     0    [PRESSURE DATA]
TOTAL FM JAN 1   591    HIGHEST SLP M ON M
DPTR FM NORMAL   165    LOWEST  SLP 29.43 ON 17

[REMARKS]
