000
CXUS51 KLWX 010620
CF6CHO
PRELIMINARY LOCAL CLIMATOLOGICAL DATA (WS FORM: F-6)

                                          STATION:   CHARLOTTESVILLE VA
                                          MONTH:     AUGUST
                                          YEAR:      2015
                                          LATITUDE:   38  7 N
                                          LONGITUDE:  78 27 W

  TEMPERATURE IN F:       :PCPN:    SNOW:  WIND      :SUNSHINE: SKY     :PK WND
================================================================================
1   2   3   4   5  6A  6B    7    8   9   10  11  12  13   14  15   16   17  18
                                     12Z  AVG MX 2MIN
DY MAX MIN AVG DEP HDD CDD  WTR  SNW DPTH SPD SPD DIR MIN PSBL S-S WX    SPD DR
================================================================================

 1  88  66  77   2   0  12 0.00    M    M  2.9 10 200   M    M   1        16 200
 2  84  62  73  -2   0   8 0.00    M    M  3.1  9 200   M    M   0        12 210
 3  90  63  77   2   0  12 0.00    M    M  5.1 13 200   M    M   0        16 210
 4  91  69  80   5   0  15 0.00    M    M  5.2 16 190   M    M   0        21 190
 5  90  68  79   4   0  14 0.00    M    M  2.9  9 320   M    M   1        13 340
 6  79  65  72  -3   0   7 0.04    M    M  5.0 13  50   M    M   4 1      16  40
 7  74  65  70  -5   0   5 0.22    M    M  4.8 13  20   M    M  10 1      17  30
 8  83  67  75   0   0  10 0.00    M    M  4.4 14  70   M    M   5        19  50
 9  85  66  76   1   0  11    T    M    M  4.0 12 160   M    M   7        16 180
10  74  69  72  -3   0   7 0.23    M    M  6.9 13 180   M    M   9 1      15 170
11  87  70  79   4   0  14 0.04    M    M  4.9 14 190   M    M   6 13     18 180
12  85  64  75   1   0  10 0.00    M    M  4.8 14 330   M    M   1        19 320
13  83  61  72  -2   0   7 0.00    M    M  2.2  9  10   M    M   4        13 340
14  86  56  71  -3   0   6 0.00    M    M  2.2  9 190   M    M   0 1      11 180
15  88  62  75   1   0  10 0.00    M    M  2.1 10 150   M    M   0 1      14 170
16  91  65  78   4   0  13 0.00    M    M  2.4  9 340   M    M   1 1      14 140
17  93  67  80   6   0  15 0.00    M    M  3.3 12 140   M    M   0 1      15 160
18  85  70  78   4   0  13 0.33    M    M  3.1 22 190   M    M   5 1      27 190
19  84  70  77   3   0  12 1.57    M    M  4.8 14 130   M    M   8 138    17  90
20  87  72  80   6   0  15    T    M    M  3.7 15 220   M    M   7 1238   16 220
21  81  63  72  -2   0   7 0.00    M    M  2.8  9  30   M    M   0 1      12 100
22  83  58  71  -3   0   6 0.00    M    M  2.6 12  40   M    M   0 1      15  40
23  84  58  71  -2   0   6 0.00    M    M  3.7 12 180   M    M   1 1      17 150
24  89  66  78   5   0  13 0.00    M    M  3.8 15 170   M    M   1 1      19 170
25  85  63  74   1   0   9 0.00    M    M  3.2 10 200   M    M   1        14 340
26  82  62  72  -1   0   7 0.00    M    M  2.8  9 100   M    M   5        11  90
27  82  57  70  -3   0   5 0.00    M    M  2.6  8  50   M    M   3        15 100
28  83  62  73   0   0   8 0.00    M    M  2.8 10 170   M    M   5        14 170
29  88  61  75   3   0  10 0.00    M    M  4.6 14 170   M    M   2 1      19 160
30  89  65  77   5   0  12    T    M    M  2.8  8 180   M    M   1 1      11 150
31  89  69  79   7   0  14 0.00    M    M  3.8  9 160   M    M   2 8      13 150
================================================================================
SM 2642 2001         0 313  2.43    M    113.3          M       90
================================================================================
AV 85.2 64.5                               3.7 FASTST   M    M   3    MAX(MPH)
                                 MISC ---->  # 22 190               # 27  190
================================================================================
NOTES:
# LAST OF SEVERAL OCCURRENCES

COLUMN 17 PEAK WIND IN M.P.H.

PRELIMINARY LOCAL CLIMATOLOGICAL DATA (WS FORM: F-6) , PAGE 2

                                          STATION:  CHARLOTTESVILLE VA
                                          MONTH:    AUGUST
                                          YEAR:     2015
                                          LATITUDE:   38  7 N
                                          LONGITUDE:  78 27 W

[TEMPERATURE DATA]      [PRECIPITATION DATA]       SYMBOLS USED IN COLUMN 16

AVERAGE MONTHLY: 74.9   TOTAL FOR MONTH:   2.43    1 = FOG OR MIST
DPTR FM NORMAL:   0.9   DPTR FM NORMAL:   -1.19    2 = FOG REDUCING VISIBILITY
HIGHEST:    93 ON 17    GRTST 24HR  1.57 ON 19-19      TO 1/4 MILE OR LESS
LOWEST:     56 ON 14                               3 = THUNDER
                        SNOW, ICE PELLETS, HAIL    4 = ICE PELLETS
                        TOTAL MONTH:    M          5 = HAIL
                        GRTST 24HR    M  ON   M    6 = FREEZING RAIN OR DRIZZLE
                        GRTST DEPTH:  M  ON   M    7 = DUSTSTORM OR SANDSTORM:
                                                       VSBY 1/2 MILE OR LESS
                                                   8 = SMOKE OR HAZE
[NO. OF DAYS WITH]      [WEATHER - DAYS WITH]      9 = BLOWING SNOW
                                                   X = TORNADO
MAX 32 OR BELOW:   0    0.01 INCH OR MORE:   6
MAX 90 OR ABOVE:   5    0.10 INCH OR MORE:   4
MIN 32 OR BELOW:   0    0.50 INCH OR MORE:   1
MIN  0 OR BELOW:   0    1.00 INCH OR MORE:   1

[HDD (BASE 65) ]
TOTAL THIS MO.     0    CLEAR  (SCALE 0-3)  18
DPTR FM NORMAL    -2    PTCLDY (SCALE 4-7)  10
TOTAL FM JUL 1     0    CLOUDY (SCALE 8-10)  3
DPTR FM NORMAL    -3

[CDD (BASE 65) ]
TOTAL THIS MO.   313
DPTR FM NORMAL    33    [PRESSURE DATA]
TOTAL FM JAN 1  1158    HIGHEST SLP M ON M
DPTR FM NORMAL   248    LOWEST  SLP 29.75 ON 11

[REMARKS]
#FINAL-08-15#
