000
CXUS52 KCHS 290715
CF6CHS
PRELIMINARY LOCAL CLIMATOLOGICAL DATA (WS FORM: F-6)

                                          STATION:   NORTH CHARLESTON SC
                                          MONTH:     AUGUST
                                          YEAR:      2015
                                          LATITUDE:   32 54 N
                                          LONGITUDE:  80  2 W

  TEMPERATURE IN F:       :PCPN:    SNOW:  WIND      :SUNSHINE: SKY     :PK WND
================================================================================
1   2   3   4   5  6A  6B    7    8   9   10  11  12  13   14  15   16   17  18
                                     12Z  AVG MX 2MIN
DY MAX MIN AVG DEP HDD CDD  WTR  SNW DPTH SPD SPD DIR MIN PSBL S-S WX    SPD DR
================================================================================

 1  88  76  82   0   0  17    T  0.0    0  4.8 20 170   M    M   5        23 170
 2  89  74  82   0   0  17 0.92  0.0    0  5.7 21 100   M    M   5 13     27 100
 3  90  75  83   1   0  18 0.20  0.0    0  7.5 20 180   M    M   8 1      25 190
 4  92  76  84   2   0  19 0.11  0.0    0  7.8 16 210   M    M   7 3      19 210
 5  93  76  85   3   0  20 0.00  0.0    0  8.5 17 210   M    M   5        23 210
 6  89  72  81  -1   0  16 0.98  0.0    0  8.9 31 240   M    M   6 13     40 290
 7  91  73  82   0   0  17 0.01  0.0    0  8.4 16 300   M    M   6        20 300
 8  88  72  80  -2   0  15 0.00  0.0    0  6.4 12  10   M    M   4        20  30
 9  89  73  81  -1   0  16 0.00  0.0    0  5.8 12 130   M    M   2         M  M
10  89  71  80  -2   0  15 0.00  0.0    0  6.5 14 160   M    M   3         M  M
11  90  75  83   2   0  18 0.00  0.0    0  8.1 21 210   M    M   5        24 210
12  92  76  84   3   0  19 0.00  0.0    0  6.3 13 150   M    M   5        16 140
13  90  73  82   1   0  17 0.00  0.0    0  8.2 18 120   M    M   3 12     24 130
14  90  70  80  -1   0  15 0.00  0.0    0  8.7 18 120   M    M   2        24 110
15  89  70  80  -1   0  15 0.00  0.0    0  7.9 18 120   M    M   2        24 130
16  89  69  79  -2   0  14 0.00  0.0    0  6.2 17 130   M    M   5        22 110
17  89  71  80  -1   0  15    T  0.0    0  4.5 18 170   M    M   7 13     23 170
18  87  75  81   0   0  16 0.17  0.0    0  4.9 18 120   M    M   7 138    23 100
19  91  74  83   2   0  18 0.18  0.0    0  6.0 18 140   M    M   5 13     22 310
20  92  75  84   3   0  19 0.02  0.0    0  5.6 16 250   M    M   7 3      22 250
21  94  74  84   4   0  19 0.55  0.0    0  4.2 23  20   M    M   4 13     35  20
22  90  73  82   2   0  17 0.53  0.0    0  4.8 20 150   M    M   5 13     23 150
23  90  73  82   2   0  17    T  0.0    0  3.5 15 190   M    M   5 13     18 190
24  88  71  80   0   0  15 0.00  0.0    0  5.0 14 190   M    M   5        19 200
25  94  76  85   5   0  20 0.00  0.0    0  5.2 17 210   M    M   3        20 200
26  93  76  85   5   0  20 0.00  0.0    0  5.7 12 200   M    M   5        15 220
27  84  72  78  -2   0  13 0.07  0.0    0  5.4 18  70   M    M   7 3      23  70
28  88  71  80   0   0  15 0.08  0.0    0  7.7 16  80   M    M   6        20  70
================================================================================
SM 2518 2052         0 472  3.82     0.0 178.2          M      139
================================================================================
AV 89.9 73.3                               6.4 FASTST   M    M   5    MAX(MPH)
                                 MISC ---->  # 31 240               # 40  290
================================================================================
NOTES:
# LAST OF SEVERAL OCCURRENCES

COLUMN 17 PEAK WIND IN M.P.H.

PRELIMINARY LOCAL CLIMATOLOGICAL DATA (WS FORM: F-6) , PAGE 2

                                          STATION:  NORTH CHARLESTON SC
                                          MONTH:    AUGUST
                                          YEAR:     2015
                                          LATITUDE:   32 54 N
                                          LONGITUDE:  80  2 W

[TEMPERATURE DATA]      [PRECIPITATION DATA]       SYMBOLS USED IN COLUMN 16

AVERAGE MONTHLY: 81.6   TOTAL FOR MONTH:   3.82    1 = FOG OR MIST
DPTR FM NORMAL:   0.5   DPTR FM NORMAL:   -2.61    2 = FOG REDUCING VISIBILITY
HIGHEST:    94 ON 25,21 GRTST 24HR  1.07 ON 21-22      TO 1/4 MILE OR LESS
LOWEST:     69 ON 16                               3 = THUNDER
                        SNOW, ICE PELLETS, HAIL    4 = ICE PELLETS
                        TOTAL MONTH:   0.0 INCH    5 = HAIL
                        GRTST 24HR     0.0         6 = FREEZING RAIN OR DRIZZLE
                        GRTST DEPTH:   0           7 = DUSTSTORM OR SANDSTORM:
                                                       VSBY 1/2 MILE OR LESS
                                                   8 = SMOKE OR HAZE
[NO. OF DAYS WITH]      [WEATHER - DAYS WITH]      9 = BLOWING SNOW
                                                   X = TORNADO
MAX 32 OR BELOW:   0    0.01 INCH OR MORE:  12
MAX 90 OR ABOVE:  15    0.10 INCH OR MORE:   8
MIN 32 OR BELOW:   0    0.50 INCH OR MORE:   4
MIN  0 OR BELOW:   0    1.00 INCH OR MORE:   0

[HDD (BASE 65) ]
TOTAL THIS MO.     0    CLEAR  (SCALE 0-3)   5
DPTR FM NORMAL     0    PTCLDY (SCALE 4-7)  23
TOTAL FM JUL 1     0    CLOUDY (SCALE 8-10)  0
DPTR FM NORMAL     0

[CDD (BASE 65) ]
TOTAL THIS MO.   472
DPTR FM NORMAL    22    [PRESSURE DATA]
TOTAL FM JAN 1  2007    HIGHEST SLP M ON M
DPTR FM NORMAL   245    LOWEST  SLP 29.81 ON 25

[REMARKS]
