000
CXUS55 KOHX 181010
CF6CKV
PRELIMINARY LOCAL CLIMATOLOGICAL DATA (WS FORM: F-6)

                                          STATION:   CLARKSVILLE
                                          MONTH:     NOVEMBER
                                          YEAR:      2017
                                          LATITUDE:   36 37 N
                                          LONGITUDE:  87 25 W

  TEMPERATURE IN F:       :PCPN:    SNOW:  WIND      :SUNSHINE: SKY     :PK WND
================================================================================
1   2   3   4   5  6A  6B    7    8   9   10  11  12  13   14  15   16   17  18
                                     12Z  AVG MX 2MIN
DY MAX MIN AVG DEP HDD CDD  WTR  SNW DPTH SPD SPD DIR MIN PSBL S-S WX    SPD DR
================================================================================

 1  66  44  55   1  10   0 0.27    M    M  6.2 17 180   M    M   9 1      27 190
 2  72  59  66  12   0   1    T    M    M  8.4 18 190   M    M   9        22 190
 3  70  59  65  12   0   0 0.55    M    M  6.7 21 340   M    M  10 1238   27 330
 4  77  59  68  15   0   3 0.00  0.0    0  6.3 14 210   M    M   6 12     20 200
 5  76  68  72  20   0   7    T    M    M 14.0 25 200   M    M   8 3      32 200
 6  72  54  63  11   2   0 0.68    M    M  8.4 17 350   M    M  10 138    22 350
 7  56  47  52   0  13   0 0.20    M    M  9.7 17  30   M    M   8 13     22  40
 8  55  45  50  -1  15   0 0.01    M    M  9.0 15  10   M    M   7        19  20
 9  59  37  48  -3  17   0 0.00    M    M  6.0 14 340   M    M   1        17 330
10  48  33  41 -10  24   0 0.00    M    M  8.5 16  40   M    M   0        20  30
11  55  27  41  -9  24   0 0.00    M    M  3.7  9  90   M    M   0        10  90
12  58  45  52   2  13   0 0.04    M    M  5.3 12 350   M    M   8 1      14 360
13  49  32  41  -9  24   0 0.00    M    M  5.6 16  20   M    M   7 1      20  20
14  58  30  44  -5  21   0 0.00    M    M  3.5 13 120   M    M   0 18     15 120
15  58  39  49   0  16   0 0.13    M    M  7.1 18 210   M    M  10 1      24 230
16  53  32  43  -5  22   0 0.00  0.0    0  5.2 13 340   M    M   2 18     15 350
17  65  29  47  -1  18   0 0.00  0.0    0  7.8 21 180   M    M   2 128    30 180
================================================================================
SM 1047  739       219  11  1.88     0.0 121.4          M       97
================================================================================
AV 61.6 43.5                               7.1 FASTST   M    M   6    MAX(MPH)
                                 MISC ---->  # 25 200               # 32  200
================================================================================
NOTES:
# LAST OF SEVERAL OCCURRENCES

COLUMN 17 PEAK WIND IN M.P.H.

PRELIMINARY LOCAL CLIMATOLOGICAL DATA (WS FORM: F-6) , PAGE 2

                                          STATION:  CLARKSVILLE
                                          MONTH:    NOVEMBER
                                          YEAR:     2017
                                          LATITUDE:   36 37 N
                                          LONGITUDE:  87 25 W

[TEMPERATURE DATA]      [PRECIPITATION DATA]       SYMBOLS USED IN COLUMN 16

AVERAGE MONTHLY: 52.5   TOTAL FOR MONTH:   1.88    1 = FOG OR MIST
DPTR FM NORMAL:   1.5   DPTR FM NORMAL:   -0.43    2 = FOG REDUCING VISIBILITY
HIGHEST:    77 ON  4    GRTST 24HR  0.68 ON  6- 6      TO 1/4 MILE OR LESS
LOWEST:     27 ON 11                               3 = THUNDER
                        SNOW, ICE PELLETS, HAIL    4 = ICE PELLETS
                        TOTAL MONTH:   0.0 INCH    5 = HAIL
                        GRTST 24HR     0.0         6 = FREEZING RAIN OR DRIZZLE
                        GRTST DEPTH:   0           7 = DUSTSTORM OR SANDSTORM:
                                                       VSBY 1/2 MILE OR LESS
                                                   8 = SMOKE OR HAZE
[NO. OF DAYS WITH]      [WEATHER - DAYS WITH]      9 = BLOWING SNOW
                                                   X = TORNADO
MAX 32 OR BELOW:   0    0.01 INCH OR MORE:   7
MAX 90 OR ABOVE:   0    0.10 INCH OR MORE:   5
MIN 32 OR BELOW:   5    0.50 INCH OR MORE:   2
MIN  0 OR BELOW:   0    1.00 INCH OR MORE:   0

[HDD (BASE 65) ]
TOTAL THIS MO.   219    CLEAR  (SCALE 0-3)   6
DPTR FM NORMAL   -22    PTCLDY (SCALE 4-7)   4
TOTAL FM JUL 1   435    CLOUDY (SCALE 8-10)  7
DPTR FM NORMAL   -55

[CDD (BASE 65) ]
TOTAL THIS MO.    11
DPTR FM NORMAL    11    [PRESSURE DATA]
TOTAL FM JAN 1  1492    HIGHEST SLP M ON M
DPTR FM NORMAL    62    LOWEST  SLP 29.93 ON 17

[REMARKS]
