000
CXUS55 KOHX 261010
CF6CKV
PRELIMINARY LOCAL CLIMATOLOGICAL DATA (WS FORM: F-6)

                                          STATION:   CLARKSVILLE
                                          MONTH:     SEPTEMBER
                                          YEAR:      2016
                                          LATITUDE:   36 37 N
                                          LONGITUDE:  87 25 W

  TEMPERATURE IN F:       :PCPN:    SNOW:  WIND      :SUNSHINE: SKY     :PK WND
================================================================================
1   2   3   4   5  6A  6B    7    8   9   10  11  12  13   14  15   16   17  18
                                     12Z  AVG MX 2MIN
DY MAX MIN AVG DEP HDD CDD  WTR  SNW DPTH SPD SPD DIR MIN PSBL S-S WX    SPD DR
================================================================================

 1  81  65  73  -2   0   8 0.00  0.0    0  8.2 16  10   M    M   4        21  20
 2  80  60  70  -5   0   5 0.00  0.0    0  9.0 18  50   M    M   0        25  30
 3  85  58  72  -2   0   7 0.00  0.0    0  4.7 12  20   M    M   1        14  30
 4  88  62  75   1   0  10 0.00  0.0    0  4.0 12 190   M    M   1        14 190
 5  90  69  80   6   0  15 0.00    M    M  5.0 13 190   M    M   1 1      16 190
 6  89  67  78   4   0  13 0.00    M    M  3.3 14 210   M    M   1 18     17 190
 7  90  67  79   6   0  14 0.00  0.0    0  4.0 15 200   M    M   0 1      20 200
 8  90  69  80   7   0  15 0.00    M    M  5.7 16 190   M    M   2        21 190
 9  90  71  81   8   0  16 0.00  0.0    0  6.9 18 190   M    M   4        23 190
10  90  63  77   5   0  12 0.72    M    M  7.7 30 320   M    M   4 13     40 300
11  80  56  68  -4   0   3 0.00    M    M  3.6 12 110   M    M   0        14 100
12  85  53  69  -3   0   4 0.00  0.0    0  0.9  7 140   M    M   0 12     10 170
13  90  59  75   4   0  10 0.00  0.0    0  2.1 12  10   M    M   1        13 360
14  91  67  79   8   0  14 0.00    M    M  2.2  8  70   M    M   1 18     11 110
15  92  68  80  10   0  15 0.00    M    M  2.5  9 130   M    M   0 1      12 130
16  91  67  79   9   0  14 0.01    M    M  5.9 14 190   M    M   2 1      18 200
17  79  70  75   5   0  10 0.56    M    M  4.6 14 210   M    M   7 1      18 200
18  85  66  76   7   0  11 0.00    M    M  3.1 10 320   M    M   4 12     17 350
19  87  63  75   6   0  10 0.00    M    M  1.9  9 350   M    M   0 1      12  10
20  90  59  75   7   0  10 0.00    M    M  3.3 12  20   M    M   0 128    14  30
21  89  59  74   6   0   9 0.00    M    M  3.4 12 100   M    M   0 1      15  70
22  89  61  75   7   0  10 0.00    M    M  1.9 12 280   M    M   0 12     14 270
23  91  62  77  10   0  12 0.00    M    M  1.8 10 270   M    M   1 12     18 310
24  92  64  78  11   0  13 0.00  0.0    0  1.2  9  10   M    M   1 128    12 360
25  92  63  78  12   0  13 0.00  0.0    0  2.6 10  10   M    M   0 18     13  40
================================================================================
SM 2196 1588         0 273  1.29     0.0  99.5          M       35
================================================================================
AV 87.8 63.5                               4.0 FASTST   M    M   1    MAX(MPH)
                                 MISC ---->  # 30 320               # 40  300
================================================================================
NOTES:
# LAST OF SEVERAL OCCURRENCES

COLUMN 17 PEAK WIND IN M.P.H.

PRELIMINARY LOCAL CLIMATOLOGICAL DATA (WS FORM: F-6) , PAGE 2

                                          STATION:  CLARKSVILLE
                                          MONTH:    SEPTEMBER
                                          YEAR:     2016
                                          LATITUDE:   36 37 N
                                          LONGITUDE:  87 25 W

[TEMPERATURE DATA]      [PRECIPITATION DATA]       SYMBOLS USED IN COLUMN 16

AVERAGE MONTHLY: 75.7   TOTAL FOR MONTH:   1.29    1 = FOG OR MIST
DPTR FM NORMAL:   4.7   DPTR FM NORMAL:   -1.56    2 = FOG REDUCING VISIBILITY
HIGHEST:    92 ON 25,24 GRTST 24HR  0.72 ON 10-10      TO 1/4 MILE OR LESS
LOWEST:     53 ON 12                               3 = THUNDER
                        SNOW, ICE PELLETS, HAIL    4 = ICE PELLETS
                        TOTAL MONTH:   0.0 INCH    5 = HAIL
                        GRTST 24HR     0.0         6 = FREEZING RAIN OR DRIZZLE
                        GRTST DEPTH:   0           7 = DUSTSTORM OR SANDSTORM:
                                                       VSBY 1/2 MILE OR LESS
                                                   8 = SMOKE OR HAZE
[NO. OF DAYS WITH]      [WEATHER - DAYS WITH]      9 = BLOWING SNOW
                                                   X = TORNADO
MAX 32 OR BELOW:   0    0.01 INCH OR MORE:   3
MAX 90 OR ABOVE:  13    0.10 INCH OR MORE:   2
MIN 32 OR BELOW:   0    0.50 INCH OR MORE:   2
MIN  0 OR BELOW:   0    1.00 INCH OR MORE:   0

[HDD (BASE 65) ]
TOTAL THIS MO.     0    CLEAR  (SCALE 0-3)  20
DPTR FM NORMAL   -13    PTCLDY (SCALE 4-7)   5
TOTAL FM JUL 1     0    CLOUDY (SCALE 8-10)  0
DPTR FM NORMAL   -14

[CDD (BASE 65) ]
TOTAL THIS MO.   273
DPTR FM NORMAL   108    [PRESSURE DATA]
TOTAL FM JAN 1  1714    HIGHEST SLP M ON M
DPTR FM NORMAL   329    LOWEST  SLP 29.91 ON  1

[REMARKS]
