000
CXUS52 KGSP 260817
CF6CLT
PRELIMINARY LOCAL CLIMATOLOGICAL DATA (WS FORM: F-6)

                                          STATION:   CHARLOTTE NC
                                          MONTH:     JUNE
                                          YEAR:      2017
                                          LATITUDE:   35 12 N
                                          LONGITUDE:  80 57 W

  TEMPERATURE IN F:       :PCPN:    SNOW:  WIND      :SUNSHINE: SKY     :PK WND
================================================================================
1   2   3   4   5  6A  6B    7    8   9   10  11  12  13   14  15   16   17  18
                                     12Z  AVG MX 2MIN
DY MAX MIN AVG DEP HDD CDD  WTR  SNW DPTH SPD SPD DIR MIN PSBL S-S WX    SPD DR
================================================================================

 1  86  61  74   2   0   9 0.00  0.0    0  3.0  9 230   M    M   7 1      12 330
 2  86  65  76   4   0  11 0.00  0.0    0  4.6 12  20   M    M   5        20  30
 3  89  64  77   5   0  12 0.00  0.0    0  4.7 10 110   M    M   5        20 100
 4  87  70  79   6   0  14 0.83  0.0    0  7.6 22 270   M    M   7 13     31 250
 5  84  70  77   4   0  12 1.15  0.0    0  6.4 17 220   M    M   9 13     21 210
 6  85  68  77   4   0  12    T  0.0    0  5.1 18  50   M    M   8 1      22  20
 7  78  63  71  -2   0   6    T  0.0    0 10.6 18  20   M    M   8        25  80
 8  76  58  67  -7   0   2 0.00  0.0    0  8.8 16  10   M    M   5        22  10
 9  83  58  71  -3   0   6 0.00  0.0    0  3.9 12 260   M    M   4        19 240
10  86  65  76   2   0  11 0.00  0.0    0  6.2 12 200   M    M   4        17 200
11  88  66  77   3   0  12 0.00  0.0    0  5.0 15 170   M    M   6        17 170
12  88  66  77   2   0  12 0.00  0.0    0  4.7 10 220   M    M   8        14 210
13  90  68  79   4   0  14 0.01  0.0    0  6.0 21 110   M    M   7 3      29 110
14  92  65  79   4   0  14 0.00  0.0    0  3.0  9 190   M    M   5 1      13 290
15  93  69  81   6   0  16    T  0.0    0  3.9 30 100   M    M   6 3      38 110
16  88  68  78   2   0  13    T  0.0    0  5.4 16 190   M    M   8 3      23 230
17  88  70  79   3   0  14 0.01  0.0    0  6.6 16 210   M    M   8 1      20 210
18  91  71  81   5   0  16 0.20  0.0    0  9.0 18 190   M    M   5 13     25 190
19  90  72  81   5   0  16 0.54  0.0    0 10.0 20 230   M    M   7 13     25 250
20  81  66  74  -2   0   9 0.32  0.0    0  5.9 15 150   M    M   9 1      18 150
21  84  65  75  -2   0  10 0.25  0.0    0  6.1 16 220   M    M   9 1      21 210
22  79  71  75  -2   0  10 0.13  0.0    0  5.4 12 250   M    M   9 1      17 250
23  89  74  82   5   0  17 0.46  0.0    0 11.9 20 210   M    M   7 13     28 250
24  85  71  78   1   0  13 0.07  0.0    0  6.7 13 220   M    M   8 13     18 210
25  84  64  74  -3   0   9 0.00  0.0    0  5.2 13  10   M    M   7 1      18 350
================================================================================
SM 2150 1668         0 290  3.97     0.0 155.7          M      171
================================================================================
AV 86.0 66.7                               6.2 FASTST   M    M   7    MAX(MPH)
                                 MISC ---->  # 30 100               # 38  110
================================================================================
NOTES:
# LAST OF SEVERAL OCCURRENCES

COLUMN 17 PEAK WIND IN M.P.H.

PRELIMINARY LOCAL CLIMATOLOGICAL DATA (WS FORM: F-6) , PAGE 2

                                          STATION:  CHARLOTTE NC
                                          MONTH:    JUNE
                                          YEAR:     2017
                                          LATITUDE:   35 12 N
                                          LONGITUDE:  80 57 W

[TEMPERATURE DATA]      [PRECIPITATION DATA]       SYMBOLS USED IN COLUMN 16

AVERAGE MONTHLY: 76.4   TOTAL FOR MONTH:   3.97    1 = FOG OR MIST
DPTR FM NORMAL:   1.6   DPTR FM NORMAL:    0.78    2 = FOG REDUCING VISIBILITY
HIGHEST:    93 ON 15    GRTST 24HR  1.73 ON  4- 5      TO 1/4 MILE OR LESS
LOWEST:     58 ON  9, 8                            3 = THUNDER
                        SNOW, ICE PELLETS, HAIL    4 = ICE PELLETS
                        TOTAL MONTH:   0.0 INCH    5 = HAIL
                        GRTST 24HR     0.0         6 = FREEZING RAIN OR DRIZZLE
                        GRTST DEPTH:   0           7 = DUSTSTORM OR SANDSTORM:
                                                       VSBY 1/2 MILE OR LESS
                                                   8 = SMOKE OR HAZE
[NO. OF DAYS WITH]      [WEATHER - DAYS WITH]      9 = BLOWING SNOW
                                                   X = TORNADO
MAX 32 OR BELOW:   0    0.01 INCH OR MORE:  11
MAX 90 OR ABOVE:   5    0.10 INCH OR MORE:   8
MIN 32 OR BELOW:   0    0.50 INCH OR MORE:   3
MIN  0 OR BELOW:   0    1.00 INCH OR MORE:   1

[HDD (BASE 65) ]
TOTAL THIS MO.     0    CLEAR  (SCALE 0-3)   0
DPTR FM NORMAL     0    PTCLDY (SCALE 4-7)  20
TOTAL FM JUL 1  2392    CLOUDY (SCALE 8-10)  5
DPTR FM NORMAL  -993

[CDD (BASE 65) ]
TOTAL THIS MO.   290
DPTR FM NORMAL    43    [PRESSURE DATA]
TOTAL FM JAN 1   593    HIGHEST SLP M ON M
DPTR FM NORMAL   183    LOWEST  SLP 29.71 ON M

[REMARKS]
