000
CXUS55 KLOX 181655
CF6CMA
PRELIMINARY LOCAL CLIMATOLOGICAL DATA (WS FORM: F-6)

                                          STATION:   CAMARILLO AIRPORT CA
                                          MONTH:     DECEMBER
                                          YEAR:      2014
                                          LATITUDE:   34 12 N
                                          LONGITUDE: 119  6 W

  TEMPERATURE IN F:       :PCPN:    SNOW:  WIND      :SUNSHINE: SKY     :PK WND
================================================================================
1   2   3   4   5  6A  6B    7    8   9   10  11  12  13   14  15   16   17  18
                                     12Z  AVG MX 2MIN
DY MAX MIN AVG DEP HDD CDD  WTR  SNW DPTH SPD SPD DIR MIN PSBL S-S WX    SPD DR
================================================================================

 1  69  57  63   8   2   0 0.00  0.0    0  5.1 13  60   M    M   3 1      15  50
 2  66  58  62   7   3   0 1.15  0.0    0 13.8 23  60   M    M  10 1      28  60
 3  68  60  64   9   1   0 0.12  0.0    0  4.6 12  60   M    M   9 18     14  50
 4  70  54  62   7   3   0 0.00  0.0    0  3.0 10 210   M    M   4 12     13 260
 5  67  54  61   7   4   0 0.00  0.0    0  1.9  8 210   M    M   0 1       9  80
 6  72  52  62   8   3   0 0.00  0.0    0  3.7 10 260   M    M   1 12     12 270
 7  77  50  64  10   1   0 0.00  0.0    0  4.6 15 270   M    M   0 1      17 270
 8  80  50  65  11   0   0 0.00  0.0    0  4.3 20 270   M    M   0        22 270
 9  77  49  63   9   2   0 0.00  0.0    0  5.5 18 270   M    M   0        20 270
10  69  47  58   4   7   0 0.00  0.0    0  4.2 10 220   M    M   0 1      13 250
11  68  52  60   6   5   0 0.02  0.0    0  8.8 22 110   M    M   7 18     35 110
12  65  49  57   3   8   0 2.40    M    0  8.8 28 120   M    M   6 1      40 140
13  65  43  54   0  11   0 0.00  0.0    0  4.2 12  60   M    M   0        13  60
14  65  44  55   1  10   0 0.00  0.0    0  4.0  9  60   M    M   0        12 210
15  65  44  55   2  10   0 0.05    M    0  4.2 17 190   M    M   3        27 240
16  63  54  59   6   6   0 0.11  0.0    0  7.3 20  70   M    M   8 1      24  60
17  64  47  56   3   9   0 0.23    M    0  5.8 17 280   M    M   3 13     19 290
================================================================================
SM 1170  864        85   0  4.08     0.0  93.8          M       54
================================================================================
AV 68.8 50.8                               5.5 FASTST   M    M   3    MAX(MPH)
                                 MISC ---->  # 28 120               # 40  140
================================================================================
NOTES:
# LAST OF SEVERAL OCCURRENCES

COLUMN 17 PEAK WIND IN M.P.H.

PRELIMINARY LOCAL CLIMATOLOGICAL DATA (WS FORM: F-6) , PAGE 2

                                          STATION:  CAMARILLO AIRPORT CA
                                          MONTH:    DECEMBER
                                          YEAR:     2014
                                          LATITUDE:   34 12 N
                                          LONGITUDE: 119  6 W

[TEMPERATURE DATA]      [PRECIPITATION DATA]       SYMBOLS USED IN COLUMN 16

AVERAGE MONTHLY: 59.8   TOTAL FOR MONTH:   4.08    1 = FOG OR MIST
DPTR FM NORMAL:   5.8   DPTR FM NORMAL:    3.37    2 = FOG REDUCING VISIBILITY
HIGHEST:    80 ON  8    GRTST 24HR  2.42 ON 11-12      TO 1/4 MILE OR LESS
LOWEST:     43 ON 13                               3 = THUNDER
                        SNOW, ICE PELLETS, HAIL    4 = ICE PELLETS
                        TOTAL MONTH:   0.0 INCH    5 = HAIL
                        GRTST 24HR     0.0         6 = FREEZING RAIN OR DRIZZLE
                        GRTST DEPTH:   0           7 = DUSTSTORM OR SANDSTORM:
                                                       VSBY 1/2 MILE OR LESS
                                                   8 = SMOKE OR HAZE
[NO. OF DAYS WITH]      [WEATHER - DAYS WITH]      9 = BLOWING SNOW
                                                   X = TORNADO
MAX 32 OR BELOW:   0    0.01 INCH OR MORE:   7
MAX 90 OR ABOVE:   0    0.10 INCH OR MORE:   5
MIN 32 OR BELOW:   0    0.50 INCH OR MORE:   2
MIN  0 OR BELOW:   0    1.00 INCH OR MORE:   2

[HDD (BASE 65) ]
TOTAL THIS MO.    85    CLEAR  (SCALE 0-3)   9
DPTR FM NORMAL  -104    PTCLDY (SCALE 4-7)   5
TOTAL FM JUL 1   172    CLOUDY (SCALE 8-10)  3
DPTR FM NORMAL  -349

[CDD (BASE 65) ]
TOTAL THIS MO.     0
DPTR FM NORMAL     0    [PRESSURE DATA]
TOTAL FM JAN 1  1009    HIGHEST SLP M ON M
DPTR FM NORMAL   679    LOWEST  SLP 29.73 ON 12

[REMARKS]
