000
CXUS55 KLOX 181655
CF6CMA
PRELIMINARY LOCAL CLIMATOLOGICAL DATA (WS FORM: F-6)

                                          STATION:   CAMARILLO AIRPORT CA
                                          MONTH:     APRIL
                                          YEAR:      2014
                                          LATITUDE:   34 12 N
                                          LONGITUDE: 119  6 W

  TEMPERATURE IN F:       :PCPN:    SNOW:  WIND      :SUNSHINE: SKY     :PK WND
================================================================================
1   2   3   4   5  6A  6B    7    8   9   10  11  12  13   14  15   16   17  18
                                     12Z  AVG MX 2MIN
DY MAX MIN AVG DEP HDD CDD  WTR  SNW DPTH SPD SPD DIR MIN PSBL S-S WX    SPD DR
================================================================================

 1  63  47  55  -3  10   0 0.04    M    0 10.5 28 260   M    M   2 1      36 270
 2  62  44  53  -5  12   0 0.01    M    0  9.8 25 270   M    M   1        31 270
 3  65  41  53  -5  12   0 0.00  0.0    0  6.0 15 210   M    M   0        22 310
 4  64  48  56  -2   9   0 0.00  0.0    0  5.3 17 260   M    M   2        22 260
 5  69  45  57  -1   8   0 0.00  0.0    0  4.7 17 260   M    M   0        21 260
 6  76  45  61   3   4   0 0.00  0.0    0  4.6 18 270   M    M   0        22 260
 7  81  49  65   7   0   0 0.00  0.0    0  4.1 13 230   M    M   0        17 240
 8  84  49  67   9   0   2 0.00  0.0    0  4.5 10 260   M    M   0 18     14 260
 9  77  49  63   5   2   0 0.00  0.0    0  4.5 15 270   M    M   2 128    17 270
10  70  47  59   1   6   0 0.00    M    0  3.7 16 210   M    M   3 128    24 210
11  71  49  60   2   5   0 0.00  0.0    0  5.4 14 270   M    M   2 18     17 270
12  65  53  59   1   6   0 0.00  0.0    0  5.2 14 240   M    M   6        17 240
13  65  49  57  -1   8   0 0.00  0.0    0  4.4 14 210   M    M   4        18 240
14  72  48  60   2   5   0 0.00  0.0    0  3.9 13 240   M    M   0 1      16 270
15  68  50  59   1   6   0 0.00  0.0    M  4.4 13 270   M    M   1 128    17 240
16  68  50  59   1   6   0 0.00  0.0    0  3.8 13 220   M    M   1 18     17 220
17  68  52  60   2   5   0 0.00  0.0    0  5.9 15 210   M    M   5 18     20 150
================================================================================
SM 1188  815       104   2  0.05     0.0  90.7          M       29
================================================================================
AV 69.9 47.9                               5.3 FASTST   M    M   2    MAX(MPH)
                                 MISC ---->    28   M                 36    M
================================================================================
NOTES:
# LAST OF SEVERAL OCCURRENCES

COLUMN 17 PEAK WIND IN M.P.H.

PRELIMINARY LOCAL CLIMATOLOGICAL DATA (WS FORM: F-6) , PAGE 2

                                          STATION:  CAMARILLO AIRPORT CA
                                          MONTH:    APRIL
                                          YEAR:     2014
                                          LATITUDE:   34 12 N
                                          LONGITUDE: 119  6 W

[TEMPERATURE DATA]      [PRECIPITATION DATA]       SYMBOLS USED IN COLUMN 16

AVERAGE MONTHLY: 58.9   TOTAL FOR MONTH:   0.05    1 = FOG OR MIST
DPTR FM NORMAL:   0.9   DPTR FM NORMAL:   -0.31    2 = FOG REDUCING VISIBILITY
HIGHEST:    84 ON  8    GRTST 24HR  0.10 ON 31- 1      TO 1/4 MILE OR LESS
LOWEST:     41 ON  3                               3 = THUNDER
                        SNOW, ICE PELLETS, HAIL    4 = ICE PELLETS
                        TOTAL MONTH:   0.0 INCH    5 = HAIL
                        GRTST 24HR     0.0         6 = FREEZING RAIN OR DRIZZLE
                        GRTST DEPTH:   0           7 = DUSTSTORM OR SANDSTORM:
                                                       VSBY 1/2 MILE OR LESS
                                                   8 = SMOKE OR HAZE
[NO. OF DAYS WITH]      [WEATHER - DAYS WITH]      9 = BLOWING SNOW
                                                   X = TORNADO
MAX 32 OR BELOW:   0    0.01 INCH OR MORE:   2
MAX 90 OR ABOVE:   0    0.10 INCH OR MORE:   0
MIN 32 OR BELOW:   0    0.50 INCH OR MORE:   0
MIN  0 OR BELOW:   0    1.00 INCH OR MORE:   0

[HDD (BASE 65) ]
TOTAL THIS MO.   104    CLEAR  (SCALE 0-3)  14
DPTR FM NORMAL   -20    PTCLDY (SCALE 4-7)   3
TOTAL FM JUL 1  1208    CLOUDY (SCALE 8-10)  0
DPTR FM NORMAL  -529

[CDD (BASE 65) ]
TOTAL THIS MO.     2
DPTR FM NORMAL     2    [PRESSURE DATA]
TOTAL FM JAN 1    42    HIGHEST SLP M ON M
DPTR FM NORMAL    29    LOWEST  SLP 29.74 ON 16

[REMARKS]
