000
CXUS56 KLOX 281155
CF6CMA
PRELIMINARY LOCAL CLIMATOLOGICAL DATA (WS FORM: F-6)
STATION: CAMARILLO AIRPORT CA
MONTH: MARCH
YEAR: 2024
LATITUDE: 34 12 N
LONGITUDE: 119 6 W
TEMPERATURE IN F: :PCPN: SNOW: WIND :SUNSHINE: SKY :PK WND
================================================================================
1 2 3 4 5 6A 6B 7 8 9 10 11 12 13 14 15 16 17 18
12Z AVG MX 2MIN
DY MAX MIN AVG DEP HDD CDD WTR SNW DPTH SPD SPD DIR MIN PSBL S-S WX SPD DR
================================================================================
1 63 52 58 1 7 0 0.27 M M 6.5 15 220 M M 10 18 21 170
2 63 51 57 0 8 0 0.26 M M 9.3 23 280 M M 9 18 31 280
3 63 50 57 0 8 0 0.14 M M 10.7 26 260 M M 3 1 35 270
4 64 42 53 -4 12 0 0.00 M M 5.3 15 270 M M 0 20 240
5 65 44 55 -2 10 0 T M M 5.7 13 220 M M 2 8 18 220
6 60 49 55 -2 10 0 0.29 M M 4.6 14 50 M M 8 1 17 50
7 67 46 57 0 8 0 0.00 M M 6.5 23 280 M M 1 3 31 280
8 74 44 59 2 6 0 0.00 M M 5.0 18 220 M M 0 27 50
9 69 44 57 0 8 0 0.00 M M 4.4 14 230 M M 0 18 240
10 69 44 57 -1 8 0 0.00 M M 3.7 15 280 M M 1 19 290
11 65 51 58 0 7 0 T M M 7.3 17 260 M M 6 22 260
12 67 52 60 2 5 0 T M M 5.7 15 260 M M 3 20 240
13 69 49 59 1 6 0 T M M 5.7 15 280 M M 2 8 19 270
14 73 49 61 3 4 0 0.00 M M 16.9 38 70 M M 0 51 80
15 74 43 59 1 6 0 0.00 M M 5.4 18 270 M M 0 23 250
16 67 46 57 -1 8 0 T M M 5.1 14 220 M M 1 21 220
17 67 48 58 0 7 0 0.00 M M 4.8 16 240 M M 0 20 220
18 77 48 63 5 2 0 T M M 5.3 21 300 M M 1 24 300
19 70 49 60 2 5 0 0.00 M M 4.0 14 230 M M 1 18 21 220
20 68 53 61 3 4 0 0.00 M M 3.1 13 220 M M 6 128 19 230
21 67 52 60 2 5 0 0.00 M M 4.3 13 220 M M 6 18 18 230
22 68 49 59 1 6 0 T M M 5.2 15 230 M M 3 18 19 230
23 65 54 60 2 5 0 0.44 M M 15.5 35 270 M M 5 1 46 270
24 65 49 57 -2 8 0 0.00 M M 16.2 35 280 M M 0 46 290
25 67 42 55 -4 10 0 0.00 M M 7.3 20 260 M M 0 26 260
26 67 46 57 -2 8 0 0.00 M M 5.1 15 210 M M 0 21 200
27 67 45 56 -3 9 0 0.00 M M 5.2 14 230 M M 0 20 200
================================================================================
SM 1820 1291 190 0 1.40 M 183.8 M 68
================================================================================
AV 67.4 47.8 6.8 FASTST M M 3 MAX(MPH)
MISC ----> 38 70 51 80
================================================================================
NOTES:
# LAST OF SEVERAL OCCURRENCES
COLUMN 17 PEAK WIND IN M.P.H.
PRELIMINARY LOCAL CLIMATOLOGICAL DATA (WS FORM: F-6) , PAGE 2
STATION: CAMARILLO AIRPORT CA
MONTH: MARCH
YEAR: 2024
LATITUDE: 34 12 N
LONGITUDE: 119 6 W
[TEMPERATURE DATA] [PRECIPITATION DATA] SYMBOLS USED IN COLUMN 16
AVERAGE MONTHLY: 57.6 TOTAL FOR MONTH: 1.40 1 = FOG OR MIST
DPTR FM NORMAL: -0.2 DPTR FM NORMAL: -0.42 2 = FOG REDUCING VISIBILITY
HIGHEST: 77 ON 18 GRTST 24HR 0.44 ON 22-23 TO 1/4 MILE OR LESS
LOWEST: 42 ON 25, 4 3 = THUNDER
SNOW, ICE PELLETS, HAIL 4 = ICE PELLETS
TOTAL MONTH: M 5 = HAIL
GRTST 24HR M ON M 6 = FREEZING RAIN OR DRIZZLE
GRTST DEPTH: M ON M 7 = DUSTSTORM OR SANDSTORM:
VSBY 1/2 MILE OR LESS
8 = SMOKE OR HAZE
[NO. OF DAYS WITH] [WEATHER - DAYS WITH] 9 = BLOWING SNOW
X = TORNADO
MAX 32 OR BELOW: 0 0.01 INCH OR MORE: 5
MAX 90 OR ABOVE: 0 0.10 INCH OR MORE: 5
MIN 32 OR BELOW: 0 0.50 INCH OR MORE: 0
MIN 0 OR BELOW: 0 1.00 INCH OR MORE: 0
[HDD (BASE 65) ]
TOTAL THIS MO. 190 CLEAR (SCALE 0-3) 20
DPTR FM NORMAL -11 PTCLDY (SCALE 4-7) 5
TOTAL FM JUL 1 1046 CLOUDY (SCALE 8-10) 2
DPTR FM NORMAL -192
[CDD (BASE 65) ]
TOTAL THIS MO. 0
DPTR FM NORMAL 0 [PRESSURE DATA]
TOTAL FM JAN 1 5 HIGHEST SLP M ON M
DPTR FM NORMAL -14 LOWEST SLP 29.76 ON 24
[REMARKS]