000
CXUS53 KILX 300900
CF6CMI
PRELIMINARY LOCAL CLIMATOLOGICAL DATA (WS FORM: F-6)

                                          STATION:   CHAMPAIGN IL AIRPORT
                                          MONTH:     JULY
                                          YEAR:      2016
                                          LATITUDE:   40  1 N
                                          LONGITUDE:  88 17 W

  TEMPERATURE IN F:       :PCPN:    SNOW:  WIND      :SUNSHINE: SKY     :PK WND
================================================================================
1   2   3   4   5  6A  6B    7    8   9   10  11  12  13   14  15   16   17  18
                                     12Z  AVG MX 2MIN
DY MAX MIN AVG DEP HDD CDD  WTR  SNW DPTH SPD SPD DIR MIN PSBL S-S WX    SPD DR
================================================================================

 1  79  60  70  -4   0   5 0.03    M    M  9.1 20  10   M    M   3 13     26  10
 2  65  52  59 -15   6   0    T    M    M  5.1 13  50   M    M   4        16  50
 3  68  58  63 -11   2   0 0.53    M    M  8.3 15  80   M    M  10 12     23 180
 4  76  64  70  -4   0   5    T    M    M  5.0 10  60   M    M   9 12      M 180
 5  84  69  77   3   0  12 0.00    M    M  5.8 13 220   M    M   6 1      22 240
 6  84  68  76   2   0  11 0.46    M    M  8.1 35  20   M    M   4 13     43  30
 7  83  66  75   1   0  10 0.01  0.0    0  7.7 22 150   M    M   5 12     29 240
 8  87  65  76   2   0  11 0.00    M    M  8.4 18 290   M    M   2 1      27 280
 9  81  60  71  -3   0   6 0.00    M    M  7.3 14 330   M    M   1        19  10
10  83  59  71  -3   0   6 0.00    M    M  5.2 10 140   M    M   0 1      14 190
11  88  65  77   3   0  12 0.00    M    M  9.8 16 160   M    M   1        22 140
12  86  70  78   4   0  13 0.00    M    M  9.2 20 180   M    M   2 13     24 190
13  88  68  78   4   0  13 0.37    M    M  9.2 26 270   M    M   2 13     40 270
14  86  66  76   2   0  11 0.00  0.0    0  8.2 17 230   M    M   2        24 230
15  81  63  72  -2   0   7 0.00  0.0    0  8.2 20 310   M    M   1 1      25 290
16  80  62  71  -3   0   6 0.00  0.0    0  6.3 13  30   M    M   1        15  50
17  85  62  74   0   0   9 0.54  0.0    0  9.6 28 280   M    M   1 138    36 280
18  85  71  78   4   0  13 0.39  0.0    0  6.7 28 260   M    M   3 13     36 250
19  89  67  78   4   0  13 0.00    M    M  3.5 13 240   M    M   5 12     18 270
20  87  70  79   5   0  14 0.00    M    M  4.5 12 160   M    M   3 1      18  30
21  90  72  81   7   0  16 0.10    M    M  8.6 23 340   M    M   2 138    29 340
22  86  71  79   5   0  14 0.46    M    M  5.7 25  10   M    M   0 13     38 360
23  88  71  80   6   0  15 0.00    M    M  3.5  9 170   M    M   1 1      16 180
24  90  69  80   6   0  15 1.25    M    M  9.1 29 350   M    M   1 138    36 330
25  85  70  78   4   0  13 0.12    M    M  5.6 15 210   M    M   2 3      18 210
26  83  67  75   1   0  10 0.00    M    M  5.6 12 110   M    M   4        15 120
27  87  63  75   2   0  10 0.00    M    M  4.2  9 100   M    M   1 1      13 140
28  84  70  77   4   0  12 0.55    M    M  3.5 17 330   M    M   3 13     20 340
29  83  66  75   2   0  10 0.00    M    M  5.4 14 280   M    M   5 12     18 270
================================================================================
SM 2421 1904         8 292  4.81     0.0 196.4          M       84
================================================================================
AV 83.5 65.7                               6.8 FASTST   M    M   3    MAX(MPH)
                                 MISC ---->  # 35  20               # 43   30
================================================================================
NOTES:
# LAST OF SEVERAL OCCURRENCES

COLUMN 17 PEAK WIND IN M.P.H.

PRELIMINARY LOCAL CLIMATOLOGICAL DATA (WS FORM: F-6) , PAGE 2

                                          STATION:  CHAMPAIGN IL AIRPORT
                                          MONTH:    JULY
                                          YEAR:     2016
                                          LATITUDE:   40  1 N
                                          LONGITUDE:  88 17 W

[TEMPERATURE DATA]      [PRECIPITATION DATA]       SYMBOLS USED IN COLUMN 16

AVERAGE MONTHLY: 74.6   TOTAL FOR MONTH:   4.81    1 = FOG OR MIST
DPTR FM NORMAL:   0.7   DPTR FM NORMAL:    0.70    2 = FOG REDUCING VISIBILITY
HIGHEST:    90 ON 24,21 GRTST 24HR  1.37 ON 24-25      TO 1/4 MILE OR LESS
LOWEST:     52 ON  2                               3 = THUNDER
                        SNOW, ICE PELLETS, HAIL    4 = ICE PELLETS
                        TOTAL MONTH:   0.0 INCH    5 = HAIL
                        GRTST 24HR     0.0         6 = FREEZING RAIN OR DRIZZLE
                        GRTST DEPTH:   0           7 = DUSTSTORM OR SANDSTORM:
                                                       VSBY 1/2 MILE OR LESS
                                                   8 = SMOKE OR HAZE
[NO. OF DAYS WITH]      [WEATHER - DAYS WITH]      9 = BLOWING SNOW
                                                   X = TORNADO
MAX 32 OR BELOW:   0    0.01 INCH OR MORE:  12
MAX 90 OR ABOVE:   2    0.10 INCH OR MORE:  10
MIN 32 OR BELOW:   0    0.50 INCH OR MORE:   4
MIN  0 OR BELOW:   0    1.00 INCH OR MORE:   1

[HDD (BASE 65) ]
TOTAL THIS MO.     8    CLEAR  (SCALE 0-3)  18
DPTR FM NORMAL     8    PTCLDY (SCALE 4-7)   9
TOTAL FM JUL 1     8    CLOUDY (SCALE 8-10)  2
DPTR FM NORMAL     8

[CDD (BASE 65) ]
TOTAL THIS MO.   292
DPTR FM NORMAL    25    [PRESSURE DATA]
TOTAL FM JAN 1   682    HIGHEST SLP M ON M
DPTR FM NORMAL   100    LOWEST  SLP 29.71 ON  7

[REMARKS]
