000
CXUS53 KTOP 310800
CF6CNK
PRELIMINARY LOCAL CLIMATOLOGICAL DATA (WS FORM: F-6)

                                          STATION:   Concordia KS
                                          MONTH:     AUGUST
                                          YEAR:      2015
                                          LATITUDE:   39 32 N
                                          LONGITUDE:  97 39 W

  TEMPERATURE IN F:       :PCPN:    SNOW:  WIND      :SUNSHINE: SKY     :PK WND
================================================================================
1   2   3   4   5  6A  6B    7    8   9   10  11  12  13   14  15   16   17  18
                                     12Z  AVG MX 2MIN
DY MAX MIN AVG DEP HDD CDD  WTR  SNW DPTH SPD SPD DIR MIN PSBL S-S WX    SPD DR
================================================================================

 1  92  67  80   1   0  15 0.00  0.0    0  6.8 15 190   M    M   1        20 190
 2  97  71  84   5   0  19 0.00  0.0    0  9.4 15 190   M    M   0        19 190
 3  93  68  81   2   0  16 0.00  0.0    0  6.9 14  20   M    M   1        17  40
 4  84  66  75  -4   0  10 0.15  0.0    0  7.0 23 300   M    M   5 123    30 300
 5  81  67  74  -4   0   9 1.40  0.0    0  5.9 14 130   M    M   6 13     18 320
 6  80  64  72  -6   0   7 0.00  0.0    0  5.8 16 180   M    M   2 1      21  60
 7  88  66  77  -1   0  12    T  0.0    0  5.4 16  90   M    M   0 123    23  90
 8  87  66  77  -1   0  12 2.16  0.0    0 10.3 38 330   M    M   2 13     51 330
 9  91  73  82   4   0  17 0.01  0.0    0  3.4 20  20   M    M   1 13     27  30
10  84  67  76  -2   0  11 0.00  0.0    0  6.9 16  20   M    M   1 1      19  10
11  83  61  72  -6   0   7 0.00  0.0    0  3.2  8  40   M    M   0        14  90
12  84  60  72  -6   0   7 0.00  0.0    0  5.5 13 150   M    M   0 8      17 160
13  86  65  76  -2   0  11 0.00  0.0    0  9.6 18 190   M    M   1 8      23 200
14  87  65  76  -2   0  11 0.00  0.0    0  8.2 16 150   M    M   2        20 160
15  87  67  77  -1   0  12 0.00  0.0    0 12.0 18 190   M    M   0        24 180
16  89  68  79   2   0  14 0.00  0.0    0 12.7 20 160   M    M   1        25 200
17  86  68  77   0   0  12 0.00  0.0    0  7.6 17 190   M    M   3        22 190
18  79  59  69  -8   0   4 0.04  0.0    0 10.8 22 310   M    M   4 13     27 320
19  75  52  64 -13   1   0 0.00  0.0    0  9.0 18 330   M    M   0        23 330
20  83  58  71  -6   0   6 0.00  0.0    0 11.8 22 180   M    M   0        28 190
21  84  61  73  -4   0   8 0.00  0.0    0 16.2 23 160   M    M   1        29 180
22  90  65  78   2   0  13    T  0.0    0 16.8 31 190   M    M   4 138    39 200
23  74  54  64 -12   1   0 0.00  0.0    0 10.8 23  10   M    M   2        31 350
24  82  48  65 -11   0   0 0.00  0.0    0  5.9 13 190   M    M   0        17 190
25  84  50  67  -9   0   2 0.00  0.0    0  4.2 13 160   M    M   0        16 150
26  88  53  71  -5   0   6 0.00  0.0    0  8.0 20 130   M    M   0        27 150
27  88  69  79   4   0  14 0.26  0.0    0 16.1 35 170   M    M   1 13     44 170
28  84  64  74  -1   0   9 0.18  0.0    0 11.4 25 180   M    M   6 13     34 170
29  76  57  67  -8   0   2 0.00  0.0    0  6.1 14 340   M    M   4 1      18 340
30  78  56  67  -7   0   2 0.00  0.0    0  5.5 16 140   M    M   4 12     20 120
================================================================================
SM 2544 1875         2 268  4.20     0.0 259.2          M       52
================================================================================
AV 84.8 62.5                               8.6 FASTST   M    M   2    MAX(MPH)
                                 MISC ---->  # 38 330               # 51  330
================================================================================
NOTES:
# LAST OF SEVERAL OCCURRENCES

COLUMN 17 PEAK WIND IN M.P.H.

PRELIMINARY LOCAL CLIMATOLOGICAL DATA (WS FORM: F-6) , PAGE 2

                                          STATION:  Concordia KS
                                          MONTH:    AUGUST
                                          YEAR:     2015
                                          LATITUDE:   39 32 N
                                          LONGITUDE:  97 39 W

[TEMPERATURE DATA]      [PRECIPITATION DATA]       SYMBOLS USED IN COLUMN 16

AVERAGE MONTHLY: 73.7   TOTAL FOR MONTH:   4.20    1 = FOG OR MIST
DPTR FM NORMAL:  -3.5   DPTR FM NORMAL:    1.16    2 = FOG REDUCING VISIBILITY
HIGHEST:    97 ON  2    GRTST 24HR  2.16 ON  8- 8      TO 1/4 MILE OR LESS
LOWEST:     48 ON 24                               3 = THUNDER
                        SNOW, ICE PELLETS, HAIL    4 = ICE PELLETS
                        TOTAL MONTH:   0.0 INCH    5 = HAIL
                        GRTST 24HR     0.0         6 = FREEZING RAIN OR DRIZZLE
                        GRTST DEPTH:   0           7 = DUSTSTORM OR SANDSTORM:
                                                       VSBY 1/2 MILE OR LESS
                                                   8 = SMOKE OR HAZE
[NO. OF DAYS WITH]      [WEATHER - DAYS WITH]      9 = BLOWING SNOW
                                                   X = TORNADO
MAX 32 OR BELOW:   0    0.01 INCH OR MORE:   7
MAX 90 OR ABOVE:   5    0.10 INCH OR MORE:   5
MIN 32 OR BELOW:   0    0.50 INCH OR MORE:   2
MIN  0 OR BELOW:   0    1.00 INCH OR MORE:   2

[HDD (BASE 65) ]
TOTAL THIS MO.     2    CLEAR  (SCALE 0-3)  22
DPTR FM NORMAL     2    PTCLDY (SCALE 4-7)   8
TOTAL FM JUL 1     2    CLOUDY (SCALE 8-10)  0
DPTR FM NORMAL     2

[CDD (BASE 65) ]
TOTAL THIS MO.   268
DPTR FM NORMAL   -99    [PRESSURE DATA]
TOTAL FM JAN 1  1028    HIGHEST SLP M ON M
DPTR FM NORMAL  -129    LOWEST  SLP 29.64 ON 18

[REMARKS]
