000
CXUS53 KICT 260800
CF6CNU
PRELIMINARY LOCAL CLIMATOLOGICAL DATA (WS FORM: F-6)

                                          STATION:   CHANUTE KS
                                          MONTH:     MAY
                                          YEAR:      2017
                                          LATITUDE:   37 40 N
                                          LONGITUDE:  95 29 W

  TEMPERATURE IN F:       :PCPN:    SNOW:  WIND      :SUNSHINE: SKY     :PK WND
================================================================================
1   2   3   4   5  6A  6B    7    8   9   10  11  12  13   14  15   16   17  18
                                     12Z  AVG MX 2MIN
DY MAX MIN AVG DEP HDD CDD  WTR  SNW DPTH SPD SPD DIR MIN PSBL S-S WX    SPD DR
================================================================================

 1  67  40  54  -8  11   0 0.01    M    M 16.5 28 280   M    M   5 1      37 300
 2  72  51  62   0   3   0    T    M    M  6.5 13  80   M    M   4        16 310
 3  58  45  52 -10  13   0 1.38    M    M 13.7 23  50   M    M   9 13     31  30
 4  69  40  55  -8  10   0 0.00    M    M 11.1 24 340   M    M   2 8      33 330
 5  74  47  61  -2   4   0 0.00    M    M  6.0 17 320   M    M   0        20 330
 6  85  46  66   3   0   1 0.00    M    M  7.0 18 260   M    M   0        28 240
 7  84  56  70   7   0   5 0.00    M    M  8.2 16 150   M    M   0        23 210
 8  83  55  69   5   0   4 0.00    M    M 10.6 20 180   M    M   0        26 170
 9  84  59  72   8   0   7 0.00    M    M  8.9 17 170   M    M   1        25 190
10  80  64  72   8   0   7 0.24    M    M 10.4 21 200   M    M   6 13     36 240
11  77  58  68   4   0   3 3.37    M    0  7.8 24  40   M    M   6 123    30  30
12  74  54  64  -1   1   0 0.03    M    0  9.4 18  20   M    M   4 1      26  30
13  77  50  64  -1   1   0 0.00    M    M  6.2 15 170   M    M   0        21 230
14  81  56  69   4   0   4 0.00    M    M 13.9 23 180   M    M   0        30 170
15  86  64  75   9   0  10 0.00    M    M 14.3 22 190   M    M   0        27 190
16  83  65  74   8   0   9    T    M    M 18.0 30 180   M    M   3        39 180
17  81  61  71   5   0   6 0.16    M    M 20.7 40 210   M    M   4        55 210
18  86  61  74   8   0   9 0.08    M    M 11.6 29 160   M    M   3 3      37 160
19  74  63  69   2   0   4 0.56    M    M 10.4 23 120   M    M   5 13     32 120
20  68  50  59  -8   6   0 0.04    M    M 11.7 21 270   M    M   5 13     27 280
21  74  45  60  -7   5   0 0.00  0.0    M  6.9 15 320   M    M   0        24 290
22  75  55  65  -3   0   0    T    M    M  6.6 17 200   M    M   5        21 200
23  70  53  62  -6   3   0    T    M    M 10.0 20 350   M    M   6        27  10
24  71  49  60  -8   5   0 0.00    M    M  9.4 21 320   M    M   4        28 310
25  79  45  62  -6   3   0 0.00    M    M 11.5 24 150   M    M   0        32 170
================================================================================
SM 1912 1332        65  69  5.87     0.0 267.3          M       72
================================================================================
AV 76.5 53.3                              10.7 FASTST   M    M   3    MAX(MPH)
                                 MISC ---->  # 40 210               # 55  210
================================================================================
NOTES:
# LAST OF SEVERAL OCCURRENCES

COLUMN 17 PEAK WIND IN M.P.H.

PRELIMINARY LOCAL CLIMATOLOGICAL DATA (WS FORM: F-6) , PAGE 2

                                          STATION:  CHANUTE KS
                                          MONTH:    MAY
                                          YEAR:     2017
                                          LATITUDE:   37 40 N
                                          LONGITUDE:  95 29 W

[TEMPERATURE DATA]      [PRECIPITATION DATA]       SYMBOLS USED IN COLUMN 16

AVERAGE MONTHLY: 64.9   TOTAL FOR MONTH:   5.87    1 = FOG OR MIST
DPTR FM NORMAL:  -0.2   DPTR FM NORMAL:    1.38    2 = FOG REDUCING VISIBILITY
HIGHEST:    86 ON 18,15 GRTST 24HR  3.37 ON 11-11      TO 1/4 MILE OR LESS
LOWEST:     40 ON  4, 1                            3 = THUNDER
                        SNOW, ICE PELLETS, HAIL    4 = ICE PELLETS
                        TOTAL MONTH:   0.0 INCH    5 = HAIL
                        GRTST 24HR     0.0         6 = FREEZING RAIN OR DRIZZLE
                        GRTST DEPTH:   0           7 = DUSTSTORM OR SANDSTORM:
                                                       VSBY 1/2 MILE OR LESS
                                                   8 = SMOKE OR HAZE
[NO. OF DAYS WITH]      [WEATHER - DAYS WITH]      9 = BLOWING SNOW
                                                   X = TORNADO
MAX 32 OR BELOW:   0    0.01 INCH OR MORE:   9
MAX 90 OR ABOVE:   0    0.10 INCH OR MORE:   5
MIN 32 OR BELOW:   0    0.50 INCH OR MORE:   3
MIN  0 OR BELOW:   0    1.00 INCH OR MORE:   2

[HDD (BASE 65) ]
TOTAL THIS MO.    65    CLEAR  (SCALE 0-3)  12
DPTR FM NORMAL    -5    PTCLDY (SCALE 4-7)  12
TOTAL FM JUL 1  3452    CLOUDY (SCALE 8-10)  1
DPTR FM NORMAL -1020

[CDD (BASE 65) ]
TOTAL THIS MO.    69
DPTR FM NORMAL    -1    [PRESSURE DATA]
TOTAL FM JAN 1   127    HIGHEST SLP M ON M
DPTR FM NORMAL    26    LOWEST  SLP 29.32 ON 17

[REMARKS]
