000
CXUS55 KRIW 260945
CF6COD
PRELIMINARY LOCAL CLIMATOLOGICAL DATA (WS FORM: F-6)

                                          STATION:   CODY WY
                                          MONTH:     JULY
                                          YEAR:      2017
                                          LATITUDE:   44 31 N
                                          LONGITUDE: 109  1 W

  TEMPERATURE IN F:       :PCPN:    SNOW:  WIND      :SUNSHINE: SKY     :PK WND
================================================================================
1   2   3   4   5  6A  6B    7    8   9   10  11  12  13   14  15   16   17  18
                                     12Z  AVG MX 2MIN
DY MAX MIN AVG DEP HDD CDD  WTR  SNW DPTH SPD SPD DIR MIN PSBL S-S WX    SPD DR
================================================================================

 1  85  50  68   1   0   3 0.00  0.0    M  6.5 13 100   M    M   0 8      17 110
 2  84  55  70   3   0   5 0.08  0.0    M  4.3 14  30   M    M   1 38     36 140
 3  91  54  73   5   0   8 0.07  0.0    0  5.0 12 340   M    M   0 38      M  M
 4  92  56  74   6   0   9 0.00  0.0    0  5.4 12  40   M    M   0         M  M
 5  95  64  80  12   0  15 0.00  0.0    0  7.5 18  30   M    M   1 3      21  90
 6  89  60  75   7   0  10    T  0.0    0  8.1 15  20   M    M   0 3      30 220
 7  85  55  70   1   0   5    T    M    M  6.9 15 200   M    M   0 38     20 340
 8  93  63  78   9   0  13 0.00    M    M  7.8 14 220   M    M   0 38      M  M
 9  92  63  78   9   0  13 0.23    M    M  7.5 28 160   M    M   1 3      32 160
10  93  59  76   7   0  11 0.00    M    M  6.6 15 320   M    M   0 3      20 320
11  84  56  70   0   0   5 0.00    M    M  9.4 24  10   M    M   0        29  10
12  82  55  69  -1   0   4 0.00    M    M  6.2 12  30   M    M   0         M  M
13  94  62  78   8   0  13 0.00  0.0    M  7.1 18 130   M    M   0        24  60
14  92  63  78   8   0  13 0.00  0.0    M  6.8 15 360   M    M   0        20 360
15  93  64  79   9   0  14    T  0.0    M  7.6 17 210   M    M   0 3      35 220
16  94  64  79   8   0  14    T  0.0    M  8.5 23 210   M    M   0 3      32 210
17  81  56  69  -2   0   4    T  0.0    M  7.8 18 360   M    M   0 38     32  40
18  86  65  76   5   0  11 0.17  0.0    M  4.9  8 180   M    M   0 8       M  M
19  84  62  73   2   0   8    T  0.0    0  8.1 17 350   M    M   0 38     21  10
20  91  65  78   7   0  13 0.04  0.0    0  8.9 16 220   M    M   0 3      23 340
21  87  53  70  -1   0   5 0.00  0.0    0  4.9 13 360   M    M   0 8      31  70
22  85  56  71   0   0   6 0.00  0.0    0  4.9 14  20   M    M   0         M  M
23  91  62  77   6   0  12 0.00  0.0    0  5.2 12 110   M    M   0 8      17 110
24  93  65  79   8   0  14 0.00    M    M  7.5 14 320   M    M   0        33 320
25  76  56  66  -5   0   1 0.07    M    M  6.6 14  40   M    M   1        23  20
================================================================================
SM 2212 1483         0 229  0.66     0.0 170.0          M        4
================================================================================
AV 88.5 59.3                               6.8 FASTST   M    M   0    MAX(MPH)
                                 MISC ---->  # 28 160               # 36  140
================================================================================
NOTES:
# LAST OF SEVERAL OCCURRENCES

COLUMN 17 PEAK WIND IN M.P.H.

PRELIMINARY LOCAL CLIMATOLOGICAL DATA (WS FORM: F-6) , PAGE 2

                                          STATION:  CODY WY
                                          MONTH:    JULY
                                          YEAR:     2017
                                          LATITUDE:   44 31 N
                                          LONGITUDE: 109  1 W

[TEMPERATURE DATA]      [PRECIPITATION DATA]       SYMBOLS USED IN COLUMN 16

AVERAGE MONTHLY: 73.9   TOTAL FOR MONTH:   0.66    1 = FOG OR MIST
DPTR FM NORMAL:   4.2   DPTR FM NORMAL:   -0.24    2 = FOG REDUCING VISIBILITY
HIGHEST:    95 ON  5    GRTST 24HR  0.23 ON  9- 9      TO 1/4 MILE OR LESS
LOWEST:     50 ON  1                               3 = THUNDER
                        SNOW, ICE PELLETS, HAIL    4 = ICE PELLETS
                        TOTAL MONTH:   0.0 INCH    5 = HAIL
                        GRTST 24HR     0.0         6 = FREEZING RAIN OR DRIZZLE
                        GRTST DEPTH:   0           7 = DUSTSTORM OR SANDSTORM:
                                                       VSBY 1/2 MILE OR LESS
                                                   8 = SMOKE OR HAZE
[NO. OF DAYS WITH]      [WEATHER - DAYS WITH]      9 = BLOWING SNOW
                                                   X = TORNADO
MAX 32 OR BELOW:   0    0.01 INCH OR MORE:   6
MAX 90 OR ABOVE:  13    0.10 INCH OR MORE:   2
MIN 32 OR BELOW:   0    0.50 INCH OR MORE:   0
MIN  0 OR BELOW:   0    1.00 INCH OR MORE:   0

[HDD (BASE 65) ]
TOTAL THIS MO.     0    CLEAR  (SCALE 0-3)  25
DPTR FM NORMAL     M    PTCLDY (SCALE 4-7)   0
TOTAL FM JUL 1     0    CLOUDY (SCALE 8-10)  0
DPTR FM NORMAL     M

[CDD (BASE 65) ]
TOTAL THIS MO.   229
DPTR FM NORMAL   111    [PRESSURE DATA]
TOTAL FM JAN 1   286    HIGHEST SLP M ON M
DPTR FM NORMAL   286    LOWEST  SLP M ON M

[REMARKS]
