000
CXUS55 KPUB 301059
CF6COS
PRELIMINARY LOCAL CLIMATOLOGICAL DATA (WS FORM: F-6)

                                          STATION:   COLORADO SPRINGS CO
                                          MONTH:     MAY
                                          YEAR:      2015
                                          LATITUDE:   38 49 N
                                          LONGITUDE: 104 43 W

  TEMPERATURE IN F:       :PCPN:    SNOW:  WIND      :SUNSHINE: SKY     :PK WND
================================================================================
1   2   3   4   5  6A  6B    7    8   9   10  11  12  13   14  15   16   17  18
                                     12Z  AVG MX 2MIN
DY MAX MIN AVG DEP HDD CDD  WTR  SNW DPTH SPD SPD DIR MIN PSBL S-S WX    SPD DR
================================================================================

 1  65  48  57   6   8   0 0.02  0.0    0  8.6 21 100   M    M   7 3      25 340
 2  76  42  59   7   6   0 0.03    T    0  8.6 24 220   M    M   7 35     33 220
 3  75  45  60   8   5   0    T  0.0    0 11.1 29  10   M    M   7        35  10
 4  64  47  56   4   9   0 1.26  0.0    0 10.1 25  30   M    M   9 13     29  30
 5  50  47  49  -4  16   0 0.59  0.0    0  9.2 23 110   M    M  10 1      30 100
 6  64  46  55   2  10   0 0.09  0.0    0  6.3 18  50   M    M   9 123    21  50
 7  63  42  53   0  12   0 0.36    T    0  8.1 25 150   M    M   7 135    31 160
 8  53  43  48  -6  17   0 0.77    T    0 12.8 26 230   M    M  10 1235   32 220
 9  62  31  47  -7  18   0 0.63    T    0 18.7 38 340   M    M   9 1235   48 350
10  49  29  39 -15  26   0 0.18    T    0 13.0 30 340   M    M   8 12     38 330
11  52  32  42 -12  23   0    T    T    0  8.1 17 150   M    M   8 12     20 150
12  69  37  53  -2  12   0 0.01  0.0    0  9.3 21 160   M    M   6 3      25 150
13  59  44  52  -3  13   0 0.11  0.0    0  8.0 17 150   M    M   8 13     20 150
14  70  39  55   0  10   0 0.00  0.0    0  7.9 20 150   M    M   6 3      24 160
15  70  43  57   1   8   0    T  0.0    0 11.9 32 230   M    M   7        39 220
16  63  44  54  -2  11   0    T  0.0    0 11.7 26 360   M    M   6 3      32  10
17  69  41  55  -1  10   0 0.02  0.0    0  9.6 21  50   M    M   6        26  70
18  53  43  48  -8  17   0 0.27  0.0    0  9.9 23 120   M    M   9 1      30 120
19  47  39  43 -14  22   0 1.66  0.0    0 13.2 23 130   M    M  10 1      28 130
20  48  30  39 -18  26   0 0.07  0.0    0  9.2 17 140   M    M  10 128    20 150
21  48  38  43 -14  22   0 0.46  0.0    0 10.8 18 160   M    M  10 12     22 150
22  67  43  55  -3  10   0 0.42  0.0    0  9.6 28 170   M    M   7 13     33 170
23  59  45  52  -6  13   0 0.39    T    0  7.2 30 270   M    M   7 135    35 270
24  59  42  51  -7  14   0 0.02  0.0    0  6.1 24 270   M    M   7 3      31 270
25  65  44  55  -3  10   0 0.04  0.0    0  7.8 21 160   M    M   7 3      25 160
26  67  41  54  -5  11   0 0.26    T    0  5.7 29 190   M    M   6 35     34 190
27  75  44  60   1   5   0    T  0.0    0  8.1 22 250   M    M   6 3      27 170
28  75  47  61   2   4   0 0.23  0.0    0  8.0 21 360   M    M   7 35     31 360
29  67  46  57  -3   8   0 0.24    T    0  8.4 21  10   M    M   7 35     26 110
================================================================================
SM 1803 1202       376   0  8.13    T    277.0          M      223
================================================================================
AV 62.2 41.4                               9.6 FASTST   M    M   8    MAX(MPH)
                                 MISC ---->  # 38 340               # 48  350
================================================================================
NOTES:
# LAST OF SEVERAL OCCURRENCES

COLUMN 17 PEAK WIND IN M.P.H.

PRELIMINARY LOCAL CLIMATOLOGICAL DATA (WS FORM: F-6) , PAGE 2

                                          STATION:  COLORADO SPRINGS CO
                                          MONTH:    MAY
                                          YEAR:     2015
                                          LATITUDE:   38 49 N
                                          LONGITUDE: 104 43 W

[TEMPERATURE DATA]      [PRECIPITATION DATA]       SYMBOLS USED IN COLUMN 16

AVERAGE MONTHLY: 51.8   TOTAL FOR MONTH:   8.13    1 = FOG OR MIST
DPTR FM NORMAL:  -3.7   DPTR FM NORMAL:    6.27    2 = FOG REDUCING VISIBILITY
HIGHEST:    76 ON  2    GRTST 24HR  1.81 ON 18-19      TO 1/4 MILE OR LESS
LOWEST:     29 ON 10                               3 = THUNDER
                        SNOW, ICE PELLETS, HAIL    4 = ICE PELLETS
                        TOTAL MONTH:    T          5 = HAIL
                        GRTST 24HR    T  ON 29-29  6 = FREEZING RAIN OR DRIZZLE
                        GRTST DEPTH:   0           7 = DUSTSTORM OR SANDSTORM:
                                                       VSBY 1/2 MILE OR LESS
                                                   8 = SMOKE OR HAZE
[NO. OF DAYS WITH]      [WEATHER - DAYS WITH]      9 = BLOWING SNOW
                                                   X = TORNADO
MAX 32 OR BELOW:   0    0.01 INCH OR MORE:  23
MAX 90 OR ABOVE:   0    0.10 INCH OR MORE:  15
MIN 32 OR BELOW:   4    0.50 INCH OR MORE:   5
MIN  0 OR BELOW:   0    1.00 INCH OR MORE:   2

[HDD (BASE 65) ]
TOTAL THIS MO.   376    CLEAR  (SCALE 0-3)   0
DPTR FM NORMAL    97    PTCLDY (SCALE 4-7)  18
TOTAL FM JUL 1  5755    CLOUDY (SCALE 8-10) 11
DPTR FM NORMAL  -446

[CDD (BASE 65) ]
TOTAL THIS MO.     0
DPTR FM NORMAL    -5    [PRESSURE DATA]
TOTAL FM JAN 1     0    HIGHEST SLP M ON M
DPTR FM NORMAL    -6    LOWEST  SLP 29.57 ON  9

[REMARKS]
