000
CXUS54 KCRP 011300
CF6COT
PRELIMINARY LOCAL CLIMATOLOGICAL DATA (WS FORM: F-6)

                                          STATION:   COTULLA
                                          MONTH:     APRIL
                                          YEAR:      2016
                                          LATITUDE:   28 27 N
                                          LONGITUDE:  99 13 W

  TEMPERATURE IN F:       :PCPN:    SNOW:  WIND      :SUNSHINE: SKY     :PK WND
================================================================================
1   2   3   4   5  6A  6B    7    8   9   10  11  12  13   14  15   16   17  18
                                     12Z  AVG MX 2MIN
DY MAX MIN AVG DEP HDD CDD  WTR  SNW DPTH SPD SPD DIR MIN PSBL S-S WX    SPD DR
================================================================================

 1  76  57  67  -3   0   2    T  0.0    0 15.8 28  10   M    M   4 3      39  50
 2  76  51  64  -6   1   0    T  0.0    0  6.7 13  10   M    M   1        16 360
 3  82  49  66  -4   0   1 0.00  0.0    0  3.4 13 150   M    M   0        18 150
 4  89  49  69  -1   0   4 0.00  0.0    0  6.9 14 160   M    M   0        18 120
 5  88  54  71   0   0   6 0.00  0.0    0 10.2 20 130   M    M   0        26 150
 6  84  57  71   0   0   6 0.00  0.0    0  6.7 18  30   M    M   1        23  10
 7  87  52  70  -1   0   5 0.00  0.0    0  4.8 13 160   M    M   0        19 160
 8  85  63  74   3   0   9 0.00  0.0    0 10.6 23 130   M    M   0        29 140
 9  82  62  72   0   0   7 0.02  0.0    0 11.3 28 140   M    M   8        33 140
10  88  64  76   4   0  11    T  0.0    0 13.5 26 130   M    M   6 3      31 140
11  92  72  82  10   0  17 0.00  0.0    0  6.6 20 120   M    M   5        24 120
12  82  68  75   3   0  10 1.04  0.0    0 11.7 30 140   M    M   8 138    56 140
13  75  62  69  -3   0   4 0.09  0.0    0  7.2 15  50   M    M   6 13     20  50
14  87  60  74   1   0   9 0.00  0.0    0  4.8 13  70   M    M   2 12     16  70
15  89  60  75   2   0  10 0.00  0.0    0 12.0 25 130   M    M   3 1      32 140
16  89  69  79   6   0  14    T  0.0    0 15.2 25 130   M    M   8 1      33 110
17  91  73  82   9   0  17    T  0.0    0 10.3 24 140   M    M   7 138    30 140
18  81  68  75   1   0  10 0.12  0.0    0 10.4 21 100   M    M   8 138    28  90
19  83  66  75   1   0  10 0.00  0.0    0  8.1 16 150   M    M   7 1      21 120
20  87  68  78   4   0  13 0.00  0.0    0  9.5 16  60   M    M   6        20  60
21  89  67  78   4   0  13 0.00  0.0    0  7.6 23  50   M    M   1 1      28  40
22  91  66  79   4   0  14 0.00  0.0    0  6.6 14  70   M    M   3        21 350
23  91  62  77   2   0  12 0.23  0.0    0  9.2 23 160   M    M   2 13     29 140
24  88  65  77   2   0  12 0.11  0.0    0  7.9 15 100   M    M   4 13     20 130
25 101  69  85  10   0  20 0.00  0.0    0 10.5 26 140   M    M   4 18     32 100
26  96  73  85  10   0  20 0.00  0.0    0 11.0 20 130   M    M   6 8      26 160
27  96  66  81   5   0  16 0.01  0.0    0  7.9 26  10   M    M   2 138    36  20
28  93  68  81   5   0  16 0.00  0.0    0 12.9 25 120   M    M   6 18     32 120
29  95  77  86  10   0  21 0.00  0.0    0  8.5 21 150   M    M   6 18     26 140
30  95  68  82   6   0  17 0.00  0.0    0  8.5 18  20   M    M   2 8      28 340
================================================================================
SM 2628 1905         1 326  1.62     0.0 276.3          M      116
================================================================================
AV 87.6 63.5                               9.2 FASTST   M    M   4    MAX(MPH)
                                 MISC ---->  # 30 140               # 56  140
================================================================================
NOTES:
# LAST OF SEVERAL OCCURRENCES

COLUMN 17 PEAK WIND IN M.P.H.

PRELIMINARY LOCAL CLIMATOLOGICAL DATA (WS FORM: F-6) , PAGE 2

                                          STATION:  COTULLA
                                          MONTH:    APRIL
                                          YEAR:     2016
                                          LATITUDE:   28 27 N
                                          LONGITUDE:  99 13 W

[TEMPERATURE DATA]      [PRECIPITATION DATA]       SYMBOLS USED IN COLUMN 16

AVERAGE MONTHLY: 75.6   TOTAL FOR MONTH:   1.62    1 = FOG OR MIST
DPTR FM NORMAL:   2.6   DPTR FM NORMAL:    0.02    2 = FOG REDUCING VISIBILITY
HIGHEST:   101 ON 25    GRTST 24HR  1.13 ON 12-13      TO 1/4 MILE OR LESS
LOWEST:     49 ON  4, 3                            3 = THUNDER
                        SNOW, ICE PELLETS, HAIL    4 = ICE PELLETS
                        TOTAL MONTH:   0.0 INCH    5 = HAIL
                        GRTST 24HR     0.0         6 = FREEZING RAIN OR DRIZZLE
                        GRTST DEPTH:   0           7 = DUSTSTORM OR SANDSTORM:
                                                       VSBY 1/2 MILE OR LESS
                                                   8 = SMOKE OR HAZE
[NO. OF DAYS WITH]      [WEATHER - DAYS WITH]      9 = BLOWING SNOW
                                                   X = TORNADO
MAX 32 OR BELOW:   0    0.01 INCH OR MORE:   7
MAX 90 OR ABOVE:  10    0.10 INCH OR MORE:   4
MIN 32 OR BELOW:   0    0.50 INCH OR MORE:   1
MIN  0 OR BELOW:   0    1.00 INCH OR MORE:   1

[HDD (BASE 65) ]
TOTAL THIS MO.     1    CLEAR  (SCALE 0-3)  14
DPTR FM NORMAL   -18    PTCLDY (SCALE 4-7)  15
TOTAL FM JUL 1   707    CLOUDY (SCALE 8-10)  1
DPTR FM NORMAL  -386

[CDD (BASE 65) ]
TOTAL THIS MO.   326
DPTR FM NORMAL    66    [PRESSURE DATA]
TOTAL FM JAN 1   624    HIGHEST SLP 30.33 ON  2
DPTR FM NORMAL   194    LOWEST  SLP 29.50 ON 29

[REMARKS]
#FINAL-04-16#
