000
CXUS53 KLSX 231600
CF6COU
PRELIMINARY LOCAL CLIMATOLOGICAL DATA (WS FORM: F-6)

                                          STATION:   COLUMBIA ASOS
                                          MONTH:     MAY
                                          YEAR:      2017
                                          LATITUDE:   38 49 N
                                          LONGITUDE:  92 13 W

  TEMPERATURE IN F:       :PCPN:    SNOW:  WIND      :SUNSHINE: SKY     :PK WND
================================================================================
1   2   3   4   5  6A  6B    7    8   9   10  11  12  13   14  15   16   17  18
                                     12Z  AVG MX 2MIN
DY MAX MIN AVG DEP HDD CDD  WTR  SNW DPTH SPD SPD DIR MIN PSBL S-S WX    SPD DR
================================================================================

 1  51  44  48 -12  17   0    T  0.0    0 17.1 31 250   M    M   8 1      42 240
 2  69  41  55  -5  10   0    T  0.0    0  8.7 20 300   M    M   4        27 270
 3  56  45  51  -9  14   0 1.94  0.0    0 11.0 21  40   M    M  10 13     27  40
 4  64  45  55  -6  10   0 0.14  0.0    0 15.9 31 360   M    M   3        39  20
 5  72  41  57  -4   8   0 0.00  0.0    0 10.5 28 350   M    M   0        35 350
 6  74  54  64   3   1   0 0.00  0.0    0 10.5 23  10   M    M   0        27  20
 7  78  48  63   1   2   0 0.00  0.0    0  4.2 12 240   M    M   0        13 280
 8  84  54  69   7   0   4    T  0.0    0  8.3 22 200   M    M   1        27 200
 9  84  61  73  11   0   8 0.00  0.0    0 10.2 20 240   M    M   1        23 240
10  82  61  72  10   0   7 0.44  0.0    0  8.7 22 200   M    M   5 13     27 210
11  69  60  65   2   0   0    T  0.0    0  8.1 16  40   M    M   9 1      21  30
12  75  56  66   3   0   1 0.00  0.0    0  8.4 18  40   M    M   2 1      23  30
13  79  54  67   4   0   2 0.00  0.0    0  4.6  9 220   M    M   0        14 180
14  80  54  67   4   0   2 0.00  0.0    0  9.3 21 220   M    M   0        25 220
15  85  57  71   7   0   6 0.00  0.0    0  8.2 17 180   M    M   0        22 170
16  84  63  74  10   0   9 0.00  0.0    0 14.3 24 190   M    M   0        32 180
17  82  70  76  12   0  11    T  0.0    0 18.4 33 170   M    M   6        46 170
18  85  62  74   9   0   9 0.00  0.0    0  7.6 21 250   M    M   3        25 260
19  75  59  67   2   0   2 2.00  0.0    0 10.4 30 260   M    M   6 13     38 250
20  75  55  65   0   0   0 0.54  0.0    0 10.9 20 230   M    M   5 13     25 110
21  67  49  58  -7   7   0 0.00  0.0    0 10.2 24 270   M    M   0        30 280
22  74  49  62  -4   3   0 0.02  0.0    0  8.2 24 340   M    M   3 3      28 340
================================================================================
SM 1644 1182        72  61  5.08     0.0 223.7          M       66
================================================================================
AV 74.7 53.7                              10.2 FASTST   M    M   3    MAX(MPH)
                                 MISC ---->  # 33 170               # 46  170
================================================================================
NOTES:
# LAST OF SEVERAL OCCURRENCES

COLUMN 17 PEAK WIND IN M.P.H.

PRELIMINARY LOCAL CLIMATOLOGICAL DATA (WS FORM: F-6) , PAGE 2

                                          STATION:  COLUMBIA ASOS
                                          MONTH:    MAY
                                          YEAR:     2017
                                          LATITUDE:   38 49 N
                                          LONGITUDE:  92 13 W

[TEMPERATURE DATA]      [PRECIPITATION DATA]       SYMBOLS USED IN COLUMN 16

AVERAGE MONTHLY: 64.2   TOTAL FOR MONTH:   5.08    1 = FOG OR MIST
DPTR FM NORMAL:   1.5   DPTR FM NORMAL:    1.49    2 = FOG REDUCING VISIBILITY
HIGHEST:    85 ON 18,15 GRTST 24HR  2.00 ON 19-19      TO 1/4 MILE OR LESS
LOWEST:     41 ON  5, 2                            3 = THUNDER
                        SNOW, ICE PELLETS, HAIL    4 = ICE PELLETS
                        TOTAL MONTH:   0.0 INCH    5 = HAIL
                        GRTST 24HR     0.0         6 = FREEZING RAIN OR DRIZZLE
                        GRTST DEPTH:   0           7 = DUSTSTORM OR SANDSTORM:
                                                       VSBY 1/2 MILE OR LESS
                                                   8 = SMOKE OR HAZE
[NO. OF DAYS WITH]      [WEATHER - DAYS WITH]      9 = BLOWING SNOW
                                                   X = TORNADO
MAX 32 OR BELOW:   0    0.01 INCH OR MORE:   6
MAX 90 OR ABOVE:   0    0.10 INCH OR MORE:   5
MIN 32 OR BELOW:   0    0.50 INCH OR MORE:   3
MIN  0 OR BELOW:   0    1.00 INCH OR MORE:   2

[HDD (BASE 65) ]
TOTAL THIS MO.    72    CLEAR  (SCALE 0-3)  12
DPTR FM NORMAL   -21    PTCLDY (SCALE 4-7)   8
TOTAL FM JUL 1  3802    CLOUDY (SCALE 8-10)  2
DPTR FM NORMAL -1194

[CDD (BASE 65) ]
TOTAL THIS MO.    61
DPTR FM NORMAL    18    [PRESSURE DATA]
TOTAL FM JAN 1   107    HIGHEST SLP M ON M
DPTR FM NORMAL    39    LOWEST  SLP 29.50 ON  1

[REMARKS]
