000
CXUS55 KRIW 230945
CF6CPR
PRELIMINARY LOCAL CLIMATOLOGICAL DATA (WS FORM: F-6)

                                          STATION:   CASPER WY
                                          MONTH:     JULY
                                          YEAR:      2016
                                          LATITUDE:   42 55 N
                                          LONGITUDE: 106 28 W

  TEMPERATURE IN F:       :PCPN:    SNOW:  WIND      :SUNSHINE: SKY     :PK WND
================================================================================
1   2   3   4   5  6A  6B    7    8   9   10  11  12  13   14  15   16   17  18
                                     12Z  AVG MX 2MIN
DY MAX MIN AVG DEP HDD CDD  WTR  SNW DPTH SPD SPD DIR MIN PSBL S-S WX    SPD DR
================================================================================

 1  84  53  69   1   0   4    T  0.0    0  7.3 23  90   M    M   4 1      27  90
 2  84  51  68   0   0   3 0.00  0.0    0  7.5 24 330   M    M   0        31 330
 3  91  57  74   6   0   9 0.01  0.0    0 14.2 26 300   M    M   1        40 230
 4  93  49  71   2   0   6    T  0.0    0 12.9 30 300   M    M   1        41 300
 5  87  55  71   2   0   6    T  0.0    0  8.5 29 220   M    M   1 3      38 220
 6  88  47  68  -1   0   3    T  0.0    0  9.9 41 250   M    M   1 3      59 240
 7  84  49  67  -2   0   2    T  0.0    0  7.5 21 280   M    M   2        30 280
 8  93  45  69  -1   0   4 0.00  0.0    0  8.2 22 260   M    M   0 3      36 240
 9  96  48  72   2   0   7 0.00  0.0    0 10.9 24 200   M    M   0        35 240
10  95  50  73   3   0   8    T  0.0    0 12.5 32 230   M    M   0        50 210
11  74  48  61  -9   4   0    T  0.0    0 17.0 33 230   M    M   1        44 240
12  85  45  65  -5   0   0 0.00  0.0    0 11.8 29 240   M    M   0        39 250
13  85  43  64  -7   1   0 0.00  0.0    0  9.5 25 310   M    M   0        41 330
14  88  43  66  -5   0   1 0.00  0.0    0  6.5 17 330   M    M   0 8      22  40
15  87  47  67  -4   0   2 0.00  0.0    0  7.1 18 100   M    M   0        23 110
16  93  50  72   1   0   7 0.00  0.0    0 10.6 36 220   M    M   0        52 220
17  90  48  69  -2   0   4 0.00  0.0    0  6.9 23 340   M    M   0        29 350
18  94  50  72   1   0   7    T  0.0    0 13.4 38 210   M    M   0        51 210
19  95  70  83  12   0  18    T  0.0    0 15.5 29 230   M    M   1        42 230
20  96  63  80   8   0  15 0.00  0.0    0 15.2 30 210   M    M   0        41 220
21  96  58  77   5   0  12 0.00  0.0    0  9.0 18 210   M    M   0        23 200
22  96  59  78   6   0  13 0.07  0.0    0 10.2 36 250   M    M   0        43 260
================================================================================
SM 1974 1128         5 131  0.08     0.0 232.1          M       12
================================================================================
AV 89.7 51.3                              10.5 FASTST   M    M   1    MAX(MPH)
                                 MISC ---->  # 41 250               # 59  240
================================================================================
NOTES:
# LAST OF SEVERAL OCCURRENCES

COLUMN 17 PEAK WIND IN M.P.H.

PRELIMINARY LOCAL CLIMATOLOGICAL DATA (WS FORM: F-6) , PAGE 2

                                          STATION:  CASPER WY
                                          MONTH:    JULY
                                          YEAR:     2016
                                          LATITUDE:   42 55 N
                                          LONGITUDE: 106 28 W

[TEMPERATURE DATA]      [PRECIPITATION DATA]       SYMBOLS USED IN COLUMN 16

AVERAGE MONTHLY: 70.5   TOTAL FOR MONTH:   0.08    1 = FOG OR MIST
DPTR FM NORMAL:   0.4   DPTR FM NORMAL:   -0.92    2 = FOG REDUCING VISIBILITY
HIGHEST:    96 ON 22,21 GRTST 24HR  0.07 ON 22-22      TO 1/4 MILE OR LESS
LOWEST:     43 ON 14,13                            3 = THUNDER
                        SNOW, ICE PELLETS, HAIL    4 = ICE PELLETS
                        TOTAL MONTH:   0.0 INCH    5 = HAIL
                        GRTST 24HR     0.0         6 = FREEZING RAIN OR DRIZZLE
                        GRTST DEPTH:   0           7 = DUSTSTORM OR SANDSTORM:
                                                       VSBY 1/2 MILE OR LESS
                                                   8 = SMOKE OR HAZE
[NO. OF DAYS WITH]      [WEATHER - DAYS WITH]      9 = BLOWING SNOW
                                                   X = TORNADO
MAX 32 OR BELOW:   0    0.01 INCH OR MORE:   2
MAX 90 OR ABOVE:  12    0.10 INCH OR MORE:   0
MIN 32 OR BELOW:   0    0.50 INCH OR MORE:   0
MIN  0 OR BELOW:   0    1.00 INCH OR MORE:   0

[HDD (BASE 65) ]
TOTAL THIS MO.     5    CLEAR  (SCALE 0-3)  21
DPTR FM NORMAL    -6    PTCLDY (SCALE 4-7)   1
TOTAL FM JUL 1     5    CLOUDY (SCALE 8-10)  0
DPTR FM NORMAL    -6

[CDD (BASE 65) ]
TOTAL THIS MO.   131
DPTR FM NORMAL     4    [PRESSURE DATA]
TOTAL FM JAN 1   234    HIGHEST SLP M ON M
DPTR FM NORMAL    50    LOWEST  SLP 29.59 ON 10

[REMARKS]
