000
CXUS54 KFWD 280730
CF6CPT
PRELIMINARY LOCAL CLIMATOLOGICAL DATA (WS FORM: F-6)

                                          STATION:   CLEBURNE
                                          MONTH:     NOVEMBER
                                          YEAR:      2014
                                          LATITUDE:   32 20 N
                                          LONGITUDE:  97 24 W

  TEMPERATURE IN F:       :PCPN:    SNOW:  WIND      :SUNSHINE: SKY     :PK WND
================================================================================
1   2   3   4   5  6A  6B    7    8   9   10  11  12  13   14  15   16   17  18
                                     12Z  AVG MX 2MIN
DY MAX MIN AVG DEP HDD CDD  WTR  SNW DPTH SPD SPD DIR MIN PSBL S-S WX    SPD DR
================================================================================

 1  63  36  50 -11  15   0 0.00  0.0    0  8.5 13 110   M    M   0        18 110
 2  70  45  58  -3   7   0 0.00  0.0    0 12.8 18 160   M    M   2        23 160
 3  73  55  64   3   1   0 0.00  0.0    0 12.9 20 170   M    M   8        24 160
 4  70  54  62   2   3   0 0.28  0.0    0 12.8 23  40   M    M  10 1      35  30
 5  55  52  54  -6  11   0 0.30  0.0    0  8.0 14 360   M    M   7        15 340
 6  70  45  58  -2   7   0 0.00  0.0    0  6.6 13  20   M    M   0        18  50
 7  68  41  55  -4  10   0 0.00  0.0    0  5.7  9 190   M    M   0        15 190
 8  68  46  57  -2   8   0    M  0.0    0  8.5 23  10   M    M   0        36  10
 9  73  39  56  -2   9   0 0.00  0.0    0  8.0 14 190   M    M   0        24 190
10  79  48  64   6   1   0 0.00  0.0    0 13.6 22 180   M    M   0        30 200
11  64  37  51  -7  14   0 0.00  0.0    0 14.0 22 330   M    M   4        29 320
12  41  30  36 -21  29   0 0.00  0.0    0 17.3 23 360   M    M   2        32 360
13  37  27  32 -25  33   0 0.00  0.0    0 13.4 21 360   M    M   5        32 350
14  39  25  32 -24  33   0 0.00  0.0    0  5.2  8 120   M    M   9         M  M
15  45  37  41 -15  24   0 0.00  0.0    0 10.5 17 140   M    M   9 1      22 150
16  43  27  35 -21  30   0    M    M    0 13.5 21 320   M    M  10 1      28 320
17  45  23  34 -21  31   0 0.00  0.0    M  8.7 15 350   M    M   0        22 360
18  57  25  41 -14  24   0 0.00  0.0    0  7.3 13 210   M    M   0        20 210
19  66  32  49  -5  16   0 0.00  0.0    0  7.5 15 200   M    M   0        17 200
20  73  43  58   4   7   0 0.00  0.0    0  8.6 16 180   M    M   1        23 180
21  72  59  66  12   0   1 0.01  0.0    0 11.2 17 150   M    M  10 123    21 150
22  64  55  60   7   5   0 0.84  0.0    0 11.7 21 130   M    M   9 13     30 130
23  75  48  62   9   3   0 0.00  0.0    0 11.4 22 310   M    M   0        31 310
24  59  41  50  -2  15   0 0.00  0.0    0  5.8 14 310   M    M   0        21 310
25  63  37  50  -2  15   0 0.00  0.0    0  6.5 14 260   M    M   0        18 270
26  64  39  52   0  13   0 0.00  0.0    0  8.3 13 360   M    M   0        18 360
27  59  34  47  -4  18   0 0.00  0.0    0  5.7 13  20   M    M   0        13 150
================================================================================
SM 1655 1080       382   1  1.43     0.0 264.0          M       86
================================================================================
AV 61.3 40.0                               9.8 FASTST   M    M   3    MAX(MPH)
                                 MISC ---->  # 23  40                 36    M
================================================================================
NOTES:
# LAST OF SEVERAL OCCURRENCES

COLUMN 17 PEAK WIND IN M.P.H.

PRELIMINARY LOCAL CLIMATOLOGICAL DATA (WS FORM: F-6) , PAGE 2

                                          STATION:  CLEBURNE
                                          MONTH:    NOVEMBER
                                          YEAR:     2014
                                          LATITUDE:   32 20 N
                                          LONGITUDE:  97 24 W

[TEMPERATURE DATA]      [PRECIPITATION DATA]       SYMBOLS USED IN COLUMN 16

AVERAGE MONTHLY: 50.6   TOTAL FOR MONTH:   1.43    1 = FOG OR MIST
DPTR FM NORMAL:  -5.7   DPTR FM NORMAL:   -1.13    2 = FOG REDUCING VISIBILITY
HIGHEST:    79 ON 10    GRTST 24HR  0.84 ON 22-22      TO 1/4 MILE OR LESS
LOWEST:     23 ON 17                               3 = THUNDER
                        SNOW, ICE PELLETS, HAIL    4 = ICE PELLETS
                        TOTAL MONTH:   0.0 INCH    5 = HAIL
                        GRTST 24HR     0.0         6 = FREEZING RAIN OR DRIZZLE
                        GRTST DEPTH:   0           7 = DUSTSTORM OR SANDSTORM:
                                                       VSBY 1/2 MILE OR LESS
                                                   8 = SMOKE OR HAZE
[NO. OF DAYS WITH]      [WEATHER - DAYS WITH]      9 = BLOWING SNOW
                                                   X = TORNADO
MAX 32 OR BELOW:   0    0.01 INCH OR MORE:   4
MAX 90 OR ABOVE:   0    0.10 INCH OR MORE:   3
MIN 32 OR BELOW:   7    0.50 INCH OR MORE:   1
MIN  0 OR BELOW:   0    1.00 INCH OR MORE:   0

[HDD (BASE 65) ]
TOTAL THIS MO.   382    CLEAR  (SCALE 0-3)  17
DPTR FM NORMAL   127    PTCLDY (SCALE 4-7)   4
TOTAL FM JUL 1   400    CLOUDY (SCALE 8-10)  6
DPTR FM NORMAL    59

[CDD (BASE 65) ]
TOTAL THIS MO.     1
DPTR FM NORMAL   -19    [PRESSURE DATA]
TOTAL FM JAN 1  2047    HIGHEST SLP M ON M
DPTR FM NORMAL  -446    LOWEST  SLP M ON M

[REMARKS]
