000
CXUS55 KLOX 281155
CF6CQT
PRELIMINARY LOCAL CLIMATOLOGICAL DATA (WS FORM: F-6)

                                          STATION:   DOWNTOWN LOS ANGELES (USC) CA
                                          MONTH:     DECEMBER
                                          YEAR:      2014
                                          LATITUDE:   34  1 N
                                          LONGITUDE: 118 17 W

  TEMPERATURE IN F:       :PCPN:    SNOW:  WIND      :SUNSHINE: SKY     :PK WND
================================================================================
1   2   3   4   5  6A  6B    7    8   9   10  11  12  13   14  15   16   17  18
                                     12Z  AVG MX 2MIN
DY MAX MIN AVG DEP HDD CDD  WTR  SNW DPTH SPD SPD DIR MIN PSBL S-S WX    SPD DR
================================================================================

 1  69  57  63   4   2   0 0.00  0.0    0  1.2  7  60   M    M   1        10 100
 2  66  58  62   3   3   0 1.21  0.0    0  4.9 14 100   M    M   9 1      20 100
 3  67  59  63   5   2   0 0.31  0.0    0  2.5  8 100   M    M   9 18     13  80
 4  71  57  64   6   1   0 0.00  0.0    0  1.2  9 270   M    M   3 12     14 270
 5  69  57  63   5   2   0 0.00  0.0    0  0.3  7 280   M    M   1        11 270
 6  71  55  63   5   2   0 0.00  0.0    0  0.7  7 270   M    M   1 1      11 280
 7  76  54  65   7   0   0 0.00  0.0    0  0.5  7 270   M    M   0        10 270
 8  78  55  67   9   0   2 0.00  0.0    0  0.8  9 280   M    M   0        13 270
 9  76  54  65   7   0   0 0.00  0.0    0  0.8  8 280   M    M   0        13 270
10  73  53  63   5   2   0 0.00  0.0    0  0.5  6 270   M    M   1 18      9 110
11  67  60  64   6   1   0 0.01  0.0    0  5.1 12 110   M    M  10 18     19  90
12  65  52  59   1   6   0 1.60  0.0    0  3.4 16 110   M    M   6 1      27 110
13  66  48  57   0   8   0 0.00  0.0    0  1.3  9 280   M    M   1        14 290
14  66  47  57   0   8   0 0.00  0.0    0  0.6  7 270   M    M   0        10 270
15  65  47  56  -1   9   0    T    M    0  0.7  9 100   M    M   2        13 130
16  60  54  57   0   8   0 0.41  0.0    0  2.3  8 100   M    M   9 1      10 100
17  65  51  58   1   7   0 0.15  0.0    0  1.2  8 270   M    M   4 1      14 250
18  62  48  55  -2  10   0 0.00  0.0    0  0.8  7 100   M    M   5        11 110
19  66  49  58   1   7   0 0.00  0.0    0  0.8  7 280   M    M   0        12 280
20  64  50  57   0   8   0 0.00  0.0    0  0.9  5 100   M    M   0         8 100
21  68  50  59   2   6   0 0.00  0.0    0  0.3  4  90   M    M   0 18      M  M
22  75  50  63   6   2   0 0.00  0.0    0  0.3  6 270   M    M   0 18      9 280
23  83  51  67  10   0   2 0.00  0.0    0  0.4  4  20   M    M   0 1       M  M
24  75  53  64   7   1   0 0.00  0.0    0  0.9  7 270   M    M   0        11 270
25  65  50  58   1   7   0 0.00  0.0    0  6.4 15 360   M    M   1 8      24  10
26  63  42  53  -4  12   0 0.00  0.0    0  1.0  6 110   M    M   0 8       9 280
27  63  39  51  -6  14   0 0.00  0.0    0  1.0  7 280   M    M   0        11 270
================================================================================
SM 1854 1400       128   4  3.69     0.0  40.8          M       63
================================================================================
AV 68.7 51.9                               1.5 FASTST   M    M   2    MAX(MPH)
                                 MISC ---->  # 16 110               # 27  110
================================================================================
NOTES:
# LAST OF SEVERAL OCCURRENCES

COLUMN 17 PEAK WIND IN M.P.H.

PRELIMINARY LOCAL CLIMATOLOGICAL DATA (WS FORM: F-6) , PAGE 2

                                          STATION:  DOWNTOWN LOS ANGELES (USC) CA
                                          MONTH:    DECEMBER
                                          YEAR:     2014
                                          LATITUDE:   34  1 N
                                          LONGITUDE: 118 17 W

[TEMPERATURE DATA]      [PRECIPITATION DATA]       SYMBOLS USED IN COLUMN 16

AVERAGE MONTHLY: 60.3   TOTAL FOR MONTH:   3.69    1 = FOG OR MIST
DPTR FM NORMAL:   2.7   DPTR FM NORMAL:    1.77    2 = FOG REDUCING VISIBILITY
HIGHEST:    83 ON 23    GRTST 24HR  1.61 ON 11-12      TO 1/4 MILE OR LESS
LOWEST:     39 ON 27                               3 = THUNDER
                        SNOW, ICE PELLETS, HAIL    4 = ICE PELLETS
                        TOTAL MONTH:   0.0 INCH    5 = HAIL
                        GRTST 24HR     0.0         6 = FREEZING RAIN OR DRIZZLE
                        GRTST DEPTH:   0           7 = DUSTSTORM OR SANDSTORM:
                                                       VSBY 1/2 MILE OR LESS
                                                   8 = SMOKE OR HAZE
[NO. OF DAYS WITH]      [WEATHER - DAYS WITH]      9 = BLOWING SNOW
                                                   X = TORNADO
MAX 32 OR BELOW:   0    0.01 INCH OR MORE:   6
MAX 90 OR ABOVE:   0    0.10 INCH OR MORE:   5
MIN 32 OR BELOW:   0    0.50 INCH OR MORE:   2
MIN  0 OR BELOW:   0    1.00 INCH OR MORE:   2

[HDD (BASE 65) ]
TOTAL THIS MO.   128    CLEAR  (SCALE 0-3)  19
DPTR FM NORMAL   -77    PTCLDY (SCALE 4-7)   4
TOTAL FM JUL 1   151    CLOUDY (SCALE 8-10)  4
DPTR FM NORMAL  -185

[CDD (BASE 65) ]
TOTAL THIS MO.     4
DPTR FM NORMAL     4    [PRESSURE DATA]
TOTAL FM JAN 1  1749    HIGHEST SLP M ON M
DPTR FM NORMAL   509    LOWEST  SLP 29.73 ON 12

[REMARKS]
