000
CXUS54 KFWD 240730
CF6CRS
PRELIMINARY LOCAL CLIMATOLOGICAL DATA (WS FORM: F-6)

                                          STATION:   CORSICANA
                                          MONTH:     FEBRUARY
                                          YEAR:      2018
                                          LATITUDE:   32  1 N
                                          LONGITUDE:  96 24 W

  TEMPERATURE IN F:       :PCPN:    SNOW:  WIND      :SUNSHINE: SKY     :PK WND
================================================================================
1   2   3   4   5  6A  6B    7    8   9   10  11  12  13   14  15   16   17  18
                                     12Z  AVG MX 2MIN
DY MAX MIN AVG DEP HDD CDD  WTR  SNW DPTH SPD SPD DIR MIN PSBL S-S WX    SPD DR
================================================================================

 1  67  48  58   9   7   0 0.00  0.0    0 12.2 21  10   M    M   0        29 360
 2  56  35  46  -3  19   0 0.00  0.0    0  9.4 18  10   M    M   2        25  10
 3  53  42  48  -1  17   0 0.01  0.0    0 12.5 26 150   M    M  10 1      33 150
 4  68  38  53   4  12   0 0.00  0.0    0  8.1 25  10   M    M   5 128    34  10
 5  50  26  38 -11  27   0 0.00  0.0    0  5.8 15  10   M    M   6        21  10
 6  48  35  42  -8  23   0 1.08  0.0    0  9.6 22 340   M    M  10 138    25 340
 7  39  32  36 -14  29   0    T  0.0    0 10.8 21 350   M    M   6 1      26 350
 8  58  29  44  -6  21   0 0.00  0.0    0  5.0 10  70   M    M   0 1      15  60
 9  64  48  56   6   9   0 0.00  0.0    0  9.2 17 170   M    M  10 18     20 160
10  61  32  47  -3  18   0 0.01  0.0    0  9.9 23 310   M    M  10 12     27 330
11  40  28  34 -16  31   0 0.06    M    0 11.7 21 340   M    M   7 1346   26 340
12  40  28  34 -17  31   0 0.00  0.0    0  7.5 14  50   M    M   7        18  50
13  45  37  41 -10  24   0 0.06  0.0    0  4.2 10  70   M    M  10 13     13  60
14  67  44  56   5   9   0    T  0.0    0  6.3 18 190   M    M  10 12     24 180
15  79  67  73  22   0   8 0.00  0.0    0 17.3 28 190   M    M   7        36 200
16  67  49  58   6   7   0 0.00  0.0    0 12.1 24 340   M    M  10 1      33 350
17  57  43  50  -2  15   0 0.04  0.0    0  5.3 15 330   M    M   6 1      18 340
18  67  45  56   4   9   0    T  0.0    0  7.7 18 170   M    M   7 1      23 180
19  79  66  73  21   0   8    T  0.0    0 21.5 31 170   M    M   8        41 180
20  75  44  60   8   5   0 1.11  0.0    0 14.6 30 160   M    M   9 13     37 150
21   M   M   M   M   M   M 0.62  0.0    0 12.3 21 360   M    M   M 13     28 350
22  42  37  40 -13  25   0 0.50  0.0    0  6.7 14 360   M    M  10 13     17  10
23  56  41  49  -4  16   0 0.24  0.0    0  5.6 16 270   M    M   9 123    20 280
================================================================================
SM 1278  894       354  16  3.73     0.0 225.3          M      159
================================================================================
AV 58.1 40.6                               9.8 FASTST   M    M   7    MAX(MPH)
                                 MISC ---->  # 31 170               # 41  180
================================================================================
NOTES:
# LAST OF SEVERAL OCCURRENCES

COLUMN 17 PEAK WIND IN M.P.H.

PRELIMINARY LOCAL CLIMATOLOGICAL DATA (WS FORM: F-6) , PAGE 2

                                          STATION:  CORSICANA
                                          MONTH:    FEBRUARY
                                          YEAR:     2018
                                          LATITUDE:   32  1 N
                                          LONGITUDE:  96 24 W

[TEMPERATURE DATA]      [PRECIPITATION DATA]       SYMBOLS USED IN COLUMN 16

AVERAGE MONTHLY: 49.4   TOTAL FOR MONTH:   3.73    1 = FOG OR MIST
DPTR FM NORMAL:  -1.4   DPTR FM NORMAL:    1.04    2 = FOG REDUCING VISIBILITY
HIGHEST:    79 ON 19,15 GRTST 24HR  1.11 ON 20-20      TO 1/4 MILE OR LESS
LOWEST:     26 ON  5                               3 = THUNDER
                        SNOW, ICE PELLETS, HAIL    4 = ICE PELLETS
                        TOTAL MONTH:   0.0 INCH    5 = HAIL
                        GRTST 24HR     0.0         6 = FREEZING RAIN OR DRIZZLE
                        GRTST DEPTH:   0           7 = DUSTSTORM OR SANDSTORM:
                                                       VSBY 1/2 MILE OR LESS
                                                   8 = SMOKE OR HAZE
[NO. OF DAYS WITH]      [WEATHER - DAYS WITH]      9 = BLOWING SNOW
                                                   X = TORNADO
MAX 32 OR BELOW:   0    0.01 INCH OR MORE:  10
MAX 90 OR ABOVE:   0    0.10 INCH OR MORE:   5
MIN 32 OR BELOW:   6    0.50 INCH OR MORE:   4
MIN  0 OR BELOW:   0    1.00 INCH OR MORE:   2

[HDD (BASE 65) ]
TOTAL THIS MO.   354    CLEAR  (SCALE 0-3)   3
DPTR FM NORMAL    21    PTCLDY (SCALE 4-7)   9
TOTAL FM JUL 1  1716    CLOUDY (SCALE 8-10) 10
DPTR FM NORMAL     3

[CDD (BASE 65) ]
TOTAL THIS MO.    16
DPTR FM NORMAL    15    [PRESSURE DATA]
TOTAL FM JAN 1    16    HIGHEST SLP M ON M
DPTR FM NORMAL    12    LOWEST  SLP 29.73 ON 19

[REMARKS]
