000
CXUS54 KFWD 250730
CF6CRS
PRELIMINARY LOCAL CLIMATOLOGICAL DATA (WS FORM: F-6)

                                          STATION:   CORSICANA
                                          MONTH:     OCTOBER
                                          YEAR:      2014
                                          LATITUDE:   32  1 N
                                          LONGITUDE:  96 24 W

  TEMPERATURE IN F:       :PCPN:    SNOW:  WIND      :SUNSHINE: SKY     :PK WND
================================================================================
1   2   3   4   5  6A  6B    7    8   9   10  11  12  13   14  15   16   17  18
                                     12Z  AVG MX 2MIN
DY MAX MIN AVG DEP HDD CDD  WTR  SNW DPTH SPD SPD DIR MIN PSBL S-S WX    SPD DR
================================================================================

 1  94  73  84  12   0  19 0.00  0.0    0  9.2 17 160   M    M   4        22 150
 2  96  68  82  10   0  17 0.48  0.0    0 13.6 37 250   M    M   5 13     56 240
 3  82  57  70  -2   0   5 0.00  0.0    0 10.1 20 340   M    M   0        25 340
 4  78  47  63  -9   2   0 0.00  0.0    0  5.8 12 160   M    M   0        14 130
 5  85  57  71   0   0   6 0.00  0.0    0 10.7 21 190   M    M   2        26 200
 6  84  65  75   4   0  10 0.34  0.0    0 10.6 18 180   M    M   3 13     25  10
 7  94  67  81  10   0  16 0.00  0.0    0 10.9 18 180   M    M   2 1      23 220
 8  88  74  81  11   0  16 0.00  0.0    0 10.6 17 190   M    M   4        22 100
 9  90  74  82  12   0  17 0.00  0.0    0 11.0 18 150   M    M   6        25 130
10  93  71  82  12   0  17    T  0.0    0 10.4 25 320   M    M   3        32 290
11  71  60  66  -4   0   1 1.26  0.0    0  8.5 17 340   M    M   9 13     20 310
12  75  59  67  -2   0   2 0.02  0.0    0  7.2 26 170   M    M  10 13     35 170
13  77  56  67  -2   0   2 1.58  0.0    0 16.1 39 300   M    M   8 13     49 300
14  77  54  66  -3   0   1 0.00  0.0    0 12.3 26 310   M    M   0 8      36 320
15  84  50  67  -1   0   2 0.00  0.0    0  5.6 14 300   M    M   0 8      19 300
16  86  55  71   3   0   6 0.00  0.0    0  9.7 20 200   M    M   0        25 190
17  87  60  74   6   0   9 0.00  0.0    0  8.7 16 220   M    M   0        21 220
18  84  62  73   5   0   8 0.00  0.0    0  5.1 12  50   M    M   1 1      15  50
19  76  61  69   2   0   4 0.00  0.0    0  6.4 13 120   M    M   3        17 110
20  80  57  69   2   0   4 0.00  0.0    0  3.5 10 150   M    M   0        13 150
21  81  54  68   1   0   3 0.00  0.0    0  4.5 12 120   M    M   2 128    15  80
22  81  60  71   5   0   6 0.00  0.0    0  4.9 14 100   M    M   0 18     19 110
23  79  61  70   4   0   5 0.04  0.0    0  4.7 12 150   M    M   3        15 120
24  82  56  69   3   0   4 0.00  0.0    0  6.0 10 170   M    M   2        14 180
================================================================================
SM 2004 1458         2 180  3.72     0.0 206.1          M       67
================================================================================
AV 83.5 60.8                               8.6 FASTST   M    M   3    MAX(MPH)
                                 MISC ---->  # 39 300               # 56  240
================================================================================
NOTES:
# LAST OF SEVERAL OCCURRENCES

COLUMN 17 PEAK WIND IN M.P.H.

PRELIMINARY LOCAL CLIMATOLOGICAL DATA (WS FORM: F-6) , PAGE 2

                                          STATION:  CORSICANA
                                          MONTH:    OCTOBER
                                          YEAR:     2014
                                          LATITUDE:   32  1 N
                                          LONGITUDE:  96 24 W

[TEMPERATURE DATA]      [PRECIPITATION DATA]       SYMBOLS USED IN COLUMN 16

AVERAGE MONTHLY: 72.1   TOTAL FOR MONTH:   3.72    1 = FOG OR MIST
DPTR FM NORMAL:   3.0   DPTR FM NORMAL:    0.42    2 = FOG REDUCING VISIBILITY
HIGHEST:    96 ON  2    GRTST 24HR  1.60 ON 12-13      TO 1/4 MILE OR LESS
LOWEST:     47 ON  4                               3 = THUNDER
                        SNOW, ICE PELLETS, HAIL    4 = ICE PELLETS
                        TOTAL MONTH:   0.0 INCH    5 = HAIL
                        GRTST 24HR     0.0         6 = FREEZING RAIN OR DRIZZLE
                        GRTST DEPTH:   0           7 = DUSTSTORM OR SANDSTORM:
                                                       VSBY 1/2 MILE OR LESS
                                                   8 = SMOKE OR HAZE
[NO. OF DAYS WITH]      [WEATHER - DAYS WITH]      9 = BLOWING SNOW
                                                   X = TORNADO
MAX 32 OR BELOW:   0    0.01 INCH OR MORE:   6
MAX 90 OR ABOVE:   5    0.10 INCH OR MORE:   4
MIN 32 OR BELOW:   0    0.50 INCH OR MORE:   2
MIN  0 OR BELOW:   0    1.00 INCH OR MORE:   2

[HDD (BASE 65) ]
TOTAL THIS MO.     2    CLEAR  (SCALE 0-3)  15
DPTR FM NORMAL   -32    PTCLDY (SCALE 4-7)   6
TOTAL FM JUL 1     3    CLOUDY (SCALE 8-10)  3
DPTR FM NORMAL   -34

[CDD (BASE 65) ]
TOTAL THIS MO.   180
DPTR FM NORMAL    50    [PRESSURE DATA]
TOTAL FM JAN 1  2707    HIGHEST SLP M ON M
DPTR FM NORMAL   142    LOWEST  SLP 29.51 ON 13

[REMARKS]
