000
CXUS54 KOUN 290800
CF6CSM
PRELIMINARY LOCAL CLIMATOLOGICAL DATA (WS FORM: F-6)

                                          STATION:   CLINTON
                                          MONTH:     MARCH
                                          YEAR:      2015
                                          LATITUDE:   35 20 N
                                          LONGITUDE:  99 12 W

  TEMPERATURE IN F:       :PCPN:    SNOW:  WIND      :SUNSHINE: SKY     :PK WND
================================================================================
1   2   3   4   5  6A  6B    7    8   9   10  11  12  13   14  15   16   17  18
                                     12Z  AVG MX 2MIN
DY MAX MIN AVG DEP HDD CDD  WTR  SNW DPTH SPD SPD DIR MIN PSBL S-S WX    SPD DR
================================================================================

 1  35  22  29 -17  36   0    T    T    0  7.1 14  40   M    M  10 168    17  30
 2  39  24  32 -14  33   0 0.00  0.0    0 10.3 26 190   M    M   6 18     32 190
 3  56  35  46   0  19   0 0.00  0.0    0 16.9 31 200   M    M   7 18     38 190
 4  41  22  32 -15  33   0 0.01    M    0 22.5 37  20   M    M  10 12689  44  20
 5  40  12  26 -21  39   0 0.00  0.0    M 10.0 21 190   M    M   0        24 180
 6  56  25  41  -6  24   0 0.00  0.0    0 15.0 23 210   M    M   0        31 170
 7  65  32  49   1  16   0 0.00  0.0    0 11.2 17 180   M    M   0        21 180
 8  66  43  55   7  10   0 0.00  0.0    0 12.2 20 160   M    M   2        24 190
 9  55  43  49   1  16   0 0.00  0.0    0  6.9 16  70   M    M   9 128    21  60
10  70  45  58  10   7   0 0.00  0.0    0  6.5 14 320   M    M   4 128    19 170
11  74  41  58   9   7   0 0.00  0.0    0  7.6 15 160   M    M   0 18     21 150
12  70  41  56   7   9   0 0.00  0.0    0  5.6 14 100   M    M   0        19 120
13  71  40  56   7   9   0 0.00  0.0    0 12.0 28  20   M    M   1        33 360
14  68  43  56   6   9   0 0.00  0.0    0 14.3 26 360   M    M   0        32  10
15  70  36  53   3  12   0 0.00  0.0    0  6.8 14 180   M    M   0        17 180
16  82  46  64  14   1   0 0.00  0.0    0 16.1 28 200   M    M   0        34 180
17  60  48  54   4  11   0    T  0.0    0 16.5 36  10   M    M   2        42  10
18  59  44  52   1  13   0 0.05  0.0    0  6.6 13 170   M    M   7 18     17 350
19  53  45  49  -2  16   0 0.13  0.0    0 12.5 23  20   M    M   9 128    28  20
20  58  42  50  -2  15   0 0.02  0.0    0  4.7 17  20   M    M   3 1      20  30
21  66  45  56   4   9   0 0.00  0.0    0  6.3 15 180   M    M   1 18     19 190
22  72  49  61   9   4   0    T    M    0 11.7 18 170   M    M   4 12     23 190
23  76  50  63  11   2   0 0.00  0.0    0 17.2 31 160   M    M   1 12     38 160
24  78  55  67  14   0   2 0.00  0.0    0 13.8 29 340   M    M   0        36 330
25  80  43  62   9   3   0 0.00  0.0    0 15.9 45 360   M    M   3 38     54 350
26  63  36  50  -3  15   0 0.01  0.0    0 14.4 37 360   M    M   1        46  10
27  61  45  53  -1  12   0 0.00  0.0    0 10.9 23  30   M    M   2        27  30
28  83  44  64  10   1   0 0.00  0.0    0 10.2 24 220   M    M   0        29 220
================================================================================
SM 1767 1096       381   2  0.22    T    321.7          M       82
================================================================================
AV 63.1 39.1                              11.5 FASTST   M    M   3    MAX(MPH)
                                 MISC ---->  # 45 360               # 54  350
================================================================================
NOTES:
# LAST OF SEVERAL OCCURRENCES

COLUMN 17 PEAK WIND IN M.P.H.

PRELIMINARY LOCAL CLIMATOLOGICAL DATA (WS FORM: F-6) , PAGE 2

                                          STATION:  CLINTON
                                          MONTH:    MARCH
                                          YEAR:     2015
                                          LATITUDE:   35 20 N
                                          LONGITUDE:  99 12 W

[TEMPERATURE DATA]      [PRECIPITATION DATA]       SYMBOLS USED IN COLUMN 16

AVERAGE MONTHLY: 51.1   TOTAL FOR MONTH:   0.22    1 = FOG OR MIST
DPTR FM NORMAL:   1.3   DPTR FM NORMAL:   -1.71    2 = FOG REDUCING VISIBILITY
HIGHEST:    83 ON 28    GRTST 24HR  0.13 ON 19-19      TO 1/4 MILE OR LESS
LOWEST:     12 ON  5                               3 = THUNDER
                        SNOW, ICE PELLETS, HAIL    4 = ICE PELLETS
                        TOTAL MONTH:    T          5 = HAIL
                        GRTST 24HR    T  ON  1- 1  6 = FREEZING RAIN OR DRIZZLE
                        GRTST DEPTH:   0           7 = DUSTSTORM OR SANDSTORM:
                                                       VSBY 1/2 MILE OR LESS
                                                   8 = SMOKE OR HAZE
[NO. OF DAYS WITH]      [WEATHER - DAYS WITH]      9 = BLOWING SNOW
                                                   X = TORNADO
MAX 32 OR BELOW:   0    0.01 INCH OR MORE:   5
MAX 90 OR ABOVE:   0    0.10 INCH OR MORE:   1
MIN 32 OR BELOW:   6    0.50 INCH OR MORE:   0
MIN  0 OR BELOW:   0    1.00 INCH OR MORE:   0

[HDD (BASE 65) ]
TOTAL THIS MO.   381    CLEAR  (SCALE 0-3)  19
DPTR FM NORMAL   -50    PTCLDY (SCALE 4-7)   5
TOTAL FM JUL 1  3303    CLOUDY (SCALE 8-10)  4
DPTR FM NORMAL   -38

[CDD (BASE 65) ]
TOTAL THIS MO.     2
DPTR FM NORMAL     2    [PRESSURE DATA]
TOTAL FM JAN 1     2    HIGHEST SLP M ON M
DPTR FM NORMAL     2    LOWEST  SLP 29.58 ON 25

[REMARKS]
