000
CXUS55 KOHX 221010
CF6CSV
PRELIMINARY LOCAL CLIMATOLOGICAL DATA (WS FORM: F-6)

                                          STATION:   CROSSVILLE
                                          MONTH:     DECEMBER
                                          YEAR:      2014
                                          LATITUDE:   35 57 N
                                          LONGITUDE:  85  5 W

  TEMPERATURE IN F:       :PCPN:    SNOW:  WIND      :SUNSHINE: SKY     :PK WND
================================================================================
1   2   3   4   5  6A  6B    7    8   9   10  11  12  13   14  15   16   17  18
                                     12Z  AVG MX 2MIN
DY MAX MIN AVG DEP HDD CDD  WTR  SNW DPTH SPD SPD DIR MIN PSBL S-S WX    SPD DR
================================================================================

 1  63  43  53  11  12   0 0.12    M    M  4.5 12  20   M    M   9 1      17 220
 2  59  43  51   9  14   0 0.85    M    M  4.5 10 220   M    M  10 1      19 220
 3  57  41  49   7  16   0 0.02    M    M  6.3 16 260   M    M  10 1      22 270
 4  61  40  51  10  14   0 0.13    M    M  2.9  9 260   M    M   9 18     14 250
 5  59  54  57  16   8   0 0.62    M    M  7.5 13 170   M    M   9 18     24 160
 6  58  38  48   7  17   0 0.97    M    M 11.0 20 350   M    M  10 1      26  30
 7  50  36  43   3  22   0 0.00    M    M  8.2 20  40   M    M   5        25  30
 8  50  39  45   5  20   0 0.00    M    M  4.1 13 160   M    M   3        19 170
 9  43  34  39  -1  26   0 0.05    M    M  8.5 17 330   M    M  10 18     24 340
10  37  34  36  -4  29   0 0.01    M    M  7.1 15 340   M    M  10 18     19 360
11  42  26  34  -5  31   0 0.00    M    M  5.9 13  20   M    M   4        18  40
12  50  22  36  -3  29   0 0.00    M    M  1.8  8 330   M    M   0 18     12 350
13  40  25  33  -6  32   0 0.00    M    M  4.8 13  20   M    M   6 128    17  30
14  45  29  37  -1  28   0 0.00    M    M  7.3 15  30   M    M   8 18     18  30
15  59  25  42   4  23   0 0.44    M    M  4.7 15 170   M    M   4 138    25 180
16  52  41  47   9  18   0 0.02    M    M 10.1 21 270   M    M   9 18     27 270
17  41  30  36  -2  29   0 0.00    M    M  3.9 12 320   M    M   6 18     15 280
18  43  30  37  -1  28   0 0.02    M    M  3.0 13 310   M    M   8 168    15 300
19  41  28  35  -3  30   0 0.00    M    M  4.0  9  20   M    M   3 18     12  30
20  48  31  40   3  25   0 0.02    M    M  3.0  9  10   M    M   7 8      11  10
21  50  27  39   2  26   0 0.00  0.0    0  2.5 10 130   M    M   5 8      13 200
================================================================================
SM 1048  716       477   0  3.27     0.0 115.6          M      145
================================================================================
AV 49.9 34.1                               5.5 FASTST   M    M   7    MAX(MPH)
                                 MISC ---->  # 21 270               # 27  270
================================================================================
NOTES:
# LAST OF SEVERAL OCCURRENCES

COLUMN 17 PEAK WIND IN M.P.H.

PRELIMINARY LOCAL CLIMATOLOGICAL DATA (WS FORM: F-6) , PAGE 2

                                          STATION:  CROSSVILLE
                                          MONTH:    DECEMBER
                                          YEAR:     2014
                                          LATITUDE:   35 57 N
                                          LONGITUDE:  85  5 W

[TEMPERATURE DATA]      [PRECIPITATION DATA]       SYMBOLS USED IN COLUMN 16

AVERAGE MONTHLY: 42.0   TOTAL FOR MONTH:   3.27    1 = FOG OR MIST
DPTR FM NORMAL:   2.6   DPTR FM NORMAL:   -0.22    2 = FOG REDUCING VISIBILITY
HIGHEST:    63 ON  1    GRTST 24HR  1.59 ON  5- 6      TO 1/4 MILE OR LESS
LOWEST:     22 ON 12                               3 = THUNDER
                        SNOW, ICE PELLETS, HAIL    4 = ICE PELLETS
                        TOTAL MONTH:   0.0 INCH    5 = HAIL
                        GRTST 24HR     0.0         6 = FREEZING RAIN OR DRIZZLE
                        GRTST DEPTH:   0           7 = DUSTSTORM OR SANDSTORM:
                                                       VSBY 1/2 MILE OR LESS
                                                   8 = SMOKE OR HAZE
[NO. OF DAYS WITH]      [WEATHER - DAYS WITH]      9 = BLOWING SNOW
                                                   X = TORNADO
MAX 32 OR BELOW:   0    0.01 INCH OR MORE:  12
MAX 90 OR ABOVE:   0    0.10 INCH OR MORE:   6
MIN 32 OR BELOW:  10    0.50 INCH OR MORE:   3
MIN  0 OR BELOW:   0    1.00 INCH OR MORE:   0

[HDD (BASE 65) ]
TOTAL THIS MO.   477    CLEAR  (SCALE 0-3)   3
DPTR FM NORMAL   -61    PTCLDY (SCALE 4-7)   9
TOTAL FM JUL 1  1387    CLOUDY (SCALE 8-10)  9
DPTR FM NORMAL     3

[CDD (BASE 65) ]
TOTAL THIS MO.     0
DPTR FM NORMAL     0    [PRESSURE DATA]
TOTAL FM JAN 1  1023    HIGHEST SLP  0.00 ON 14
DPTR FM NORMAL    34    LOWEST  SLP 29.84 ON 16

[REMARKS]
