000
CXUS56 KTFX 011205
CF6CTB
PRELIMINARY LOCAL CLIMATOLOGICAL DATA (WS FORM: F-6)

                                          STATION:   CUT BANK MT
                                          MONTH:     JUNE
                                          YEAR:      2015
                                          LATITUDE:   48 37 N
                                          LONGITUDE: 112 23 W

  TEMPERATURE IN F:       :PCPN:    SNOW:  WIND      :SUNSHINE: SKY     :PK WND
================================================================================
1   2   3   4   5  6A  6B    7    8   9   10  11  12  13   14  15   16   17  18
                                     12Z  AVG MX 2MIN
DY MAX MIN AVG DEP HDD CDD  WTR  SNW DPTH SPD SPD DIR MIN PSBL S-S WX    SPD DR
================================================================================

 1  76  49  63   9   2   0 0.07    M    0  9.9 20 350   M    M   4 1      25 120
 2  55  46  51  -4  14   0 1.03    M    0 13.7 31  90   M    M   8 18     37  90
 3  69  39  54  -1  11   0 0.01    M    0  7.3 20 240   M    M   6 12     25 240
 4  71  44  58   3   7   0 0.00    M    0  7.0 22 100   M    M   4        26 100
 5  75  43  59   4   6   0 0.00    M    0  5.7 13  20   M    M   1 1      15 330
 6  80  46  63   7   2   0 0.00    M    0  6.7 15 350   M    M   1        20  10
 7  82  49  66  10   0   1 0.00    M    0  7.0 15 280   M    M   0        21 300
 8  87  57  72  16   0   7 0.00    M    0 14.4 26 250   M    M   0        33 250
 9  83  48  66  10   0   1 0.00    M    0 12.7 22  10   M    M   0        26  10
10  77  49  63   7   2   0 0.00    M    0  8.9 15 110   M    M   2        19 120
11  85  51  68  11   0   3    T    M    0 12.9 30 240   M    M   2 12     37 240
12  76  44  60   3   5   0 0.00    M    0 17.0 35 240   M    M   1        43 260
13  69  37  53  -4  12   0 0.01    M    0  9.5 24 350   M    M   2        29 350
14  65  41  53  -4  12   0 0.00    M    0 10.6 23  30   M    M   7        27  20
15  63  45  54  -4  11   0 0.00    M    0  6.1 13  90   M    M   9        18 130
16  77  37  57  -1   8   0 0.00    M    0  4.3  9 280   M    M   1        17  99
17  69  42  56  -2   9   0 0.07    M    0 12.5 29  20   M    M   2 3      36  30
18  81  47  64   6   1   0 0.00    M    0  8.1 24 270   M    M   3        33 280
19  79  46  63   5   2   0 0.00    M    0 15.0 32 240   M    M   0        41 240
20  75  43  59   0   6   0 0.00    M    0 10.8 22 260   M    M   1        30 230
21  70  42  56  -3   9   0 0.01    M    0 13.8 29  10   M    M   3 1      34  20
22  78  37  58  -1   7   0 0.00    M    0  5.5 18 290   M    M   1        24 250
23  82  46  64   4   1   0 0.00    M    0  9.2 36  10   M    M   1        42  10
24  80  43  62   2   3   0 0.00    M    0  4.9 12  70   M    M   1        16 210
25  84  57  71  11   0   6 0.00    M    0  7.9 18 300   M    M   1        23 310
26  92  51  72  12   0   7 0.00    M    0  6.6 14 280   M    M   0        19 310
27  95  51  73  13   0   8 0.00    M    0  5.8 16 320   M    M   0        23 260
28  95  57  76  15   0  11 0.00    M    0  8.7 18 340   M    M   0        24 350
29  90  56  73  12   0   8    T    M    0  9.2 33 350   M    M   1        40 340
30  88  57  73  12   0   8 0.00    M    0 12.2 24 330   M    M   0 8      32 340
================================================================================
SM 2348 1400       130  60  1.20    M    283.9          M       62
================================================================================
AV 78.3 46.7                               9.5 FASTST   M    M   2    MAX(MPH)
                                 MISC ---->  # 36  10               # 43  260
================================================================================
NOTES:
# LAST OF SEVERAL OCCURRENCES

COLUMN 17 PEAK WIND IN M.P.H.

PRELIMINARY LOCAL CLIMATOLOGICAL DATA (WS FORM: F-6) , PAGE 2

                                          STATION:  CUT BANK MT
                                          MONTH:    JUNE
                                          YEAR:     2015
                                          LATITUDE:   48 37 N
                                          LONGITUDE: 112 23 W

[TEMPERATURE DATA]      [PRECIPITATION DATA]       SYMBOLS USED IN COLUMN 16

AVERAGE MONTHLY: 62.5   TOTAL FOR MONTH:   1.20    1 = FOG OR MIST
DPTR FM NORMAL:   4.7   DPTR FM NORMAL:   -1.35    2 = FOG REDUCING VISIBILITY
HIGHEST:    95 ON 28,27 GRTST 24HR  1.10 ON  1- 2      TO 1/4 MILE OR LESS
LOWEST:     37 ON 22,16                            3 = THUNDER
                        SNOW, ICE PELLETS, HAIL    4 = ICE PELLETS
                        TOTAL MONTH:    M          5 = HAIL
                        GRTST 24HR    M  ON   M    6 = FREEZING RAIN OR DRIZZLE
                        GRTST DEPTH:   0           7 = DUSTSTORM OR SANDSTORM:
                                                       VSBY 1/2 MILE OR LESS
                                                   8 = SMOKE OR HAZE
[NO. OF DAYS WITH]      [WEATHER - DAYS WITH]      9 = BLOWING SNOW
                                                   X = TORNADO
MAX 32 OR BELOW:   0    0.01 INCH OR MORE:   6
MAX 90 OR ABOVE:   4    0.10 INCH OR MORE:   1
MIN 32 OR BELOW:   0    0.50 INCH OR MORE:   1
MIN  0 OR BELOW:   0    1.00 INCH OR MORE:   1

[HDD (BASE 65) ]
TOTAL THIS MO.   130    CLEAR  (SCALE 0-3)  23
DPTR FM NORMAL  -103    PTCLDY (SCALE 4-7)   5
TOTAL FM JUL 1  7781    CLOUDY (SCALE 8-10)  2
DPTR FM NORMAL  -740

[CDD (BASE 65) ]
TOTAL THIS MO.    60
DPTR FM NORMAL    45    [PRESSURE DATA]
TOTAL FM JAN 1    60    HIGHEST SLP 30.28 ON 15
DPTR FM NORMAL    43    LOWEST  SLP 29.62 ON 11

[REMARKS]
#FINAL-06-15#
