000
CXUS52 KTAE 280800
CF6CTY
PRELIMINARY LOCAL CLIMATOLOGICAL DATA (WS FORM: F-6)

                                          STATION:   CROSS CITY
                                          MONTH:     MARCH
                                          YEAR:      2017
                                          LATITUDE:   29 37 N
                                          LONGITUDE:  83  6 W

  TEMPERATURE IN F:       :PCPN:    SNOW:  WIND      :SUNSHINE: SKY     :PK WND
================================================================================
1   2   3   4   5  6A  6B    7    8   9   10  11  12  13   14  15   16   17  18
                                     12Z  AVG MX 2MIN
DY MAX MIN AVG DEP HDD CDD  WTR  SNW DPTH SPD SPD DIR MIN PSBL S-S WX    SPD DR
================================================================================

 1  84  61  73  14   0   8 0.00  0.0    0  6.9 18 200   M    M   5 12     24 200
 2  70  52  61   1   4   0 0.11  0.0    0  8.1 14  20   M    M   8 1      17  20
 3  70  39  55  -5  10   0 0.00  0.0    0  9.2 17  30   M    M   0        23  50
 4  73  34  54  -6  11   0 0.00  0.0    0  6.5 12  70   M    M   0        16  90
 5  75  45  60   0   5   0 0.00  0.0    0  7.6 14 120   M    M   3        22 120
 6  79  52  66   6   0   1 0.00  0.0    0  7.2 15 100   M    M   2        22 120
 7  81  48  65   5   0   0 0.00  0.0    0  5.2 15 240   M    M   2        18 230
 8  79  57  68   7   0   3 0.00  0.0    0  5.6 15 270   M    M   5 12     21 270
 9  82  54  68   7   0   3 0.00  0.0    0  3.1 12 270   M    M   5 12      M  M
10  81  57  69   8   0   4 0.00  0.0    0  6.1 14 280   M    M   4 12     20 270
11  79  41  60  -1   5   0 0.00  0.0    0  4.4 14  30   M    M   0 1      18  30
12  73  55  64   2   1   0 0.16  0.0    0  7.2 16  30   M    M   7 1      21  30
13  59  52  56  -6   9   0 0.59  0.0    0  7.7 13  70   M    M  10 1      18  60
14  63  43  53  -9  12   0 0.00  0.0    0 10.0 18 290   M    M   7 1      25 330
15  57  32  45 -17  20   0 0.00  0.0    0  8.0 16  30   M    M   0        24  10
16  61  27  44 -18  21   0 0.00  0.0    0  4.7 12  60   M    M   0         M  M
17  72  30  51 -11  14   0 0.00  0.0    0  3.0 12 240   M    M   0         M  M
18  75  36  56  -7   9   0 0.00  0.0    0  5.1 15 260   M    M   0        21 260
19  77  46  62  -1   3   0 0.00  0.0    0  8.3 15  30   M    M   1        24 340
20  75  36  56  -7   9   0 0.00  0.0    0  3.3 15 260   M    M   0        20 230
21  79  46  63   0   2   0 0.00  0.0    0  6.3 15 240   M    M   4 1      20 240
22  86  63  75  12   0  10 0.00  0.0    0  6.8 12 220   M    M   6 1       M  M
23  81  59  70   6   0   5 0.00  0.0    0  9.1 18  80   M    M   5        24  70
24  81  54  68   4   0   3 0.00  0.0    0  7.7 14  90   M    M   1 1      23  80
25  81  50  66   2   0   1 0.00  0.0    0  3.7 12 260   M    M   3         M  M
26  82  54  68   4   0   3 0.00  0.0    0  4.6 13 250   M    M   4         M  M
27  82  55  69   5   0   4 0.00  0.0    0  5.1 12 250   M    M   1        21 260
================================================================================
SM 2037 1278       135  45  0.86     0.0 170.5          M       83
================================================================================
AV 75.4 47.3                               6.3 FASTST   M    M   3    MAX(MPH)
                                 MISC ---->  # 18 200               # 25  330
================================================================================
NOTES:
# LAST OF SEVERAL OCCURRENCES

COLUMN 17 PEAK WIND IN M.P.H.

PRELIMINARY LOCAL CLIMATOLOGICAL DATA (WS FORM: F-6) , PAGE 2

                                          STATION:  CROSS CITY
                                          MONTH:    MARCH
                                          YEAR:     2017
                                          LATITUDE:   29 37 N
                                          LONGITUDE:  83  6 W

[TEMPERATURE DATA]      [PRECIPITATION DATA]       SYMBOLS USED IN COLUMN 16

AVERAGE MONTHLY: 61.4   TOTAL FOR MONTH:   0.86    1 = FOG OR MIST
DPTR FM NORMAL:  -0.5   DPTR FM NORMAL:   -2.82    2 = FOG REDUCING VISIBILITY
HIGHEST:    86 ON 22    GRTST 24HR  0.59 ON 13-13      TO 1/4 MILE OR LESS
LOWEST:     27 ON 16                               3 = THUNDER
                        SNOW, ICE PELLETS, HAIL    4 = ICE PELLETS
                        TOTAL MONTH:   0.0 INCH    5 = HAIL
                        GRTST 24HR     0.0         6 = FREEZING RAIN OR DRIZZLE
                        GRTST DEPTH:   0           7 = DUSTSTORM OR SANDSTORM:
                                                       VSBY 1/2 MILE OR LESS
                                                   8 = SMOKE OR HAZE
[NO. OF DAYS WITH]      [WEATHER - DAYS WITH]      9 = BLOWING SNOW
                                                   X = TORNADO
MAX 32 OR BELOW:   0    0.01 INCH OR MORE:   3
MAX 90 OR ABOVE:   0    0.10 INCH OR MORE:   3
MIN 32 OR BELOW:   3    0.50 INCH OR MORE:   1
MIN  0 OR BELOW:   0    1.00 INCH OR MORE:   0

[HDD (BASE 65) ]
TOTAL THIS MO.   135    CLEAR  (SCALE 0-3)  15
DPTR FM NORMAL    11    PTCLDY (SCALE 4-7)  11
TOTAL FM JUL 1   734    CLOUDY (SCALE 8-10)  1
DPTR FM NORMAL  -510

[CDD (BASE 65) ]
TOTAL THIS MO.    45
DPTR FM NORMAL     9    [PRESSURE DATA]
TOTAL FM JAN 1   107    HIGHEST SLP M ON M
DPTR FM NORMAL    44    LOWEST  SLP 29.93 ON 13

[REMARKS]
