000
CXUS52 KTAE 220800
CF6CTY
PRELIMINARY LOCAL CLIMATOLOGICAL DATA (WS FORM: F-6)

                                          STATION:   CROSS CITY
                                          MONTH:     NOVEMBER
                                          YEAR:      2017
                                          LATITUDE:   29 37 N
                                          LONGITUDE:  83  6 W

  TEMPERATURE IN F:       :PCPN:    SNOW:  WIND      :SUNSHINE: SKY     :PK WND
================================================================================
1   2   3   4   5  6A  6B    7    8   9   10  11  12  13   14  15   16   17  18
                                     12Z  AVG MX 2MIN
DY MAX MIN AVG DEP HDD CDD  WTR  SNW DPTH SPD SPD DIR MIN PSBL S-S WX    SPD DR
================================================================================

 1  80  40  60  -6   5   0 0.00  0.0    0  2.0  8 250   M    M   1         M  M
 2  83  48  66   0   0   1 0.00  0.0    0  2.4  8 350   M    M   1         M  M
 3  83  51  67   1   0   2 0.00  0.0    0  3.0 12 350   M    M   0         M  M
 4  85  51  68   3   0   3 0.00  0.0    0  2.4  9 360   M    M   0         M  M
 5  85  53  69   4   0   4 0.00  0.0    0  3.3 10  20   M    M   1 1       M  M
 6  84  59  72   7   0   7 0.00  0.0    0  2.2  8  30   M    M   5 12      M  M
 7  85  54  70   5   0   5 0.00  0.0    0  3.4 12 260   M    M   4 12      M  M
 8  85  58  72   8   0   7 0.01  0.0    0  2.1  9 260   M    M   5 12      M  M
 9  79  59  69   5   0   4 0.00  0.0    0  3.6  9 360   M    M   7 12     18 360
10  72  52  62  -2   3   0 0.00  0.0    0  8.2 14  30   M    M   5         M  M
11  73  49  61  -3   4   0 0.00  0.0    0  9.1 16  30   M    M   5        20  20
12  80  63  72   9   0   7 0.00  0.0    0  8.0 12  50   M    M   9        18  50
13  79  56  68   5   0   3 0.00  0.0    0  7.6 13  30   M    M   3        18  30
14  75  51  63   0   2   0 0.00  0.0    0  8.2 12  40   M    M   1        16  40
15  71  43  57  -6   8   0 0.00  0.0    0  6.6 14  30   M    M   0 1      17  30
16  73  38  56  -6   9   0 0.00  0.0    0  3.1 10  40   M    M   2 12      M  M
17  74  40  57  -5   8   0 0.00  0.0    0  2.1 10  10   M    M   0         M  M
18  77  44  61  -1   4   0 0.00  0.0    0  4.0 14 210   M    M   4 12      M  M
19  70  39  55  -7  10   0 0.16  0.0    0  6.4 12 320   M    M   5 18      M  M
20  73  31  52  -9  13   0 0.00  0.0    0  4.5  9  70   M    M   1         M  M
21  69  52  61   0   4   0 0.09  0.0    0  4.0  9  20   M    M   6 1       M  M
================================================================================
SM 1635 1031        70  43  0.26     0.0  96.2          M       65
================================================================================
AV 77.9 49.1                               4.6 FASTST   M    M   3    MAX(MPH)
                                 MISC ---->  # 16  30               # 20   20
================================================================================
NOTES:
# LAST OF SEVERAL OCCURRENCES

COLUMN 17 PEAK WIND IN M.P.H.

PRELIMINARY LOCAL CLIMATOLOGICAL DATA (WS FORM: F-6) , PAGE 2

                                          STATION:  CROSS CITY
                                          MONTH:    NOVEMBER
                                          YEAR:     2017
                                          LATITUDE:   29 37 N
                                          LONGITUDE:  83  6 W

[TEMPERATURE DATA]      [PRECIPITATION DATA]       SYMBOLS USED IN COLUMN 16

AVERAGE MONTHLY: 63.5   TOTAL FOR MONTH:   0.26    1 = FOG OR MIST
DPTR FM NORMAL:  -0.1   DPTR FM NORMAL:   -1.45    2 = FOG REDUCING VISIBILITY
HIGHEST:    85 ON  8, 7 GRTST 24HR  0.16 ON 19-19      TO 1/4 MILE OR LESS
LOWEST:     31 ON 20                               3 = THUNDER
                        SNOW, ICE PELLETS, HAIL    4 = ICE PELLETS
                        TOTAL MONTH:   0.0 INCH    5 = HAIL
                        GRTST 24HR     0.0         6 = FREEZING RAIN OR DRIZZLE
                        GRTST DEPTH:   0           7 = DUSTSTORM OR SANDSTORM:
                                                       VSBY 1/2 MILE OR LESS
                                                   8 = SMOKE OR HAZE
[NO. OF DAYS WITH]      [WEATHER - DAYS WITH]      9 = BLOWING SNOW
                                                   X = TORNADO
MAX 32 OR BELOW:   0    0.01 INCH OR MORE:   3
MAX 90 OR ABOVE:   0    0.10 INCH OR MORE:   1
MIN 32 OR BELOW:   1    0.50 INCH OR MORE:   0
MIN  0 OR BELOW:   0    1.00 INCH OR MORE:   0

[HDD (BASE 65) ]
TOTAL THIS MO.    70    CLEAR  (SCALE 0-3)  11
DPTR FM NORMAL    -9    PTCLDY (SCALE 4-7)   9
TOTAL FM JUL 1   121    CLOUDY (SCALE 8-10)  1
DPTR FM NORMAL    10

[CDD (BASE 65) ]
TOTAL THIS MO.    43
DPTR FM NORMAL    -6    [PRESSURE DATA]
TOTAL FM JAN 1  2885    HIGHEST SLP M ON M
DPTR FM NORMAL   293    LOWEST  SLP 29.83 ON M

[REMARKS]
