000
CXUS51 KILN 210618
CF6CVG
PRELIMINARY LOCAL CLIMATOLOGICAL DATA (WS FORM: F-6)

                                          STATION:   CINCINNATI OH
                                          MONTH:     OCTOBER
                                          YEAR:      2014
                                          LATITUDE:   39  2 N
                                          LONGITUDE:  84 40 W

  TEMPERATURE IN F:       :PCPN:    SNOW:  WIND      :SUNSHINE: SKY     :PK WND
================================================================================
1   2   3   4   5  6A  6B    7    8   9   10  11  12  13   14  15   16   17  18
                                     12Z  AVG MX 2MIN
DY MAX MIN AVG DEP HDD CDD  WTR  SNW DPTH SPD SPD DIR MIN PSBL S-S WX    SPD DR
================================================================================

 1  78  50  64   3   1   0 0.00  0.0    0  3.5  9  70   M    M   1 8      12  60
 2  86  59  73  12   0   8 0.00  0.0    0  9.4 18 190   M    M   4 18     23 150
 3  73  46  60   0   5   0 0.31  0.0    0 13.6 31 320   M    M   9 1      37 310
 4  52  43  48 -12  17   0    T  0.0    0 12.0 25 270   M    M   9        32 260
 5  61  38  50 -10  15   0    T  0.0    0  8.9 20 190   M    M   8        25 230
 6  63  47  55  -4  10   0 0.57  0.0    0  8.0 26 260   M    M   6 13     41 270
 7  62  46  54  -5  11   0 0.41  0.0    0  6.0  7 200   M    M   8 13     10 190
 8  70  46  58   0   7   0 0.00  0.0    0  6.9 23 280   M    M   1 1      29 290
 9  61  44  53  -5  12   0    T  0.0    0  3.5 12 360   M    M   8 1      13 360
10  57  50  54  -4  11   0 0.74  0.0    0  8.0 17  50   M    M  10 1      22  50
11  62  49  56  -1   9   0 0.01  0.0    0  9.6 17  50   M    M   9 1      21  60
12  64  46  55  -2  10   0    T  0.0    0  8.2 14  80   M    M   7        17  70
13  77  62  70  13   0   5 0.17  0.0    0 12.7 21 170   M    M   9 1      30 140
14  73  52  63   7   2   0 0.61  0.0    0 13.1 33 140   M    M   8 1      43 140
15  58  51  55  -1  10   0 0.05  0.0    0  5.8 17 170   M    M   8 18     20 170
16  63  51  57   1   8   0 0.10  0.0    0  6.9 15 280   M    M   7 18     23 100
17  72  50  61   6   4   0 0.00  0.0    0 13.1 29 300   M    M   6 1      38 300
18  57  47  52  -3  13   0 0.05  0.0    0 11.2 20 340   M    M  10 1      23 280
19  58  41  50  -5  15   0 0.00  0.0    0  3.4 10 280   M    M   8 8      14 280
20  65  43  54   0  11   0    T  0.0    0  7.2 17 220   M    M   7 8      26 190
================================================================================
SM 1312  961       171  13  3.02     0.0 171.0          M      143
================================================================================
AV 65.6 48.0                               8.5 FASTST   M    M   7    MAX(MPH)
                                 MISC ---->  # 33 140               # 43  140
================================================================================
NOTES:
# LAST OF SEVERAL OCCURRENCES

COLUMN 17 PEAK WIND IN M.P.H.

PRELIMINARY LOCAL CLIMATOLOGICAL DATA (WS FORM: F-6) , PAGE 2

                                          STATION:  CINCINNATI OH
                                          MONTH:    OCTOBER
                                          YEAR:     2014
                                          LATITUDE:   39  2 N
                                          LONGITUDE:  84 40 W

[TEMPERATURE DATA]      [PRECIPITATION DATA]       SYMBOLS USED IN COLUMN 16

AVERAGE MONTHLY: 56.8   TOTAL FOR MONTH:   3.02    1 = FOG OR MIST
DPTR FM NORMAL:  -0.8   DPTR FM NORMAL:    0.89    2 = FOG REDUCING VISIBILITY
HIGHEST:    86 ON  2    GRTST 24HR  0.75 ON 10-11      TO 1/4 MILE OR LESS
LOWEST:     38 ON  5                               3 = THUNDER
                        SNOW, ICE PELLETS, HAIL    4 = ICE PELLETS
                        TOTAL MONTH:   0.0 INCH    5 = HAIL
                        GRTST 24HR     0.0         6 = FREEZING RAIN OR DRIZZLE
                        GRTST DEPTH:   0           7 = DUSTSTORM OR SANDSTORM:
                                                       VSBY 1/2 MILE OR LESS
                                                   8 = SMOKE OR HAZE
[NO. OF DAYS WITH]      [WEATHER - DAYS WITH]      9 = BLOWING SNOW
                                                   X = TORNADO
MAX 32 OR BELOW:   0    0.01 INCH OR MORE:  10
MAX 90 OR ABOVE:   0    0.10 INCH OR MORE:   7
MIN 32 OR BELOW:   0    0.50 INCH OR MORE:   3
MIN  0 OR BELOW:   0    1.00 INCH OR MORE:   0

[HDD (BASE 65) ]
TOTAL THIS MO.   171    CLEAR  (SCALE 0-3)   2
DPTR FM NORMAL     6    PTCLDY (SCALE 4-7)  11
TOTAL FM JUL 1   227    CLOUDY (SCALE 8-10)  7
DPTR FM NORMAL     4

[CDD (BASE 65) ]
TOTAL THIS MO.    13
DPTR FM NORMAL    -3    [PRESSURE DATA]
TOTAL FM JAN 1  1077    HIGHEST SLP 30.25 ON 19
DPTR FM NORMAL   -44    LOWEST  SLP 29.57 ON 14

[REMARKS]
