000
CXUS55 KCYS 191000
CF6CYS
PRELIMINARY LOCAL CLIMATOLOGICAL DATA (WS FORM: F-6)

                                          STATION:   CHEYENNE WYOMING AIRPORT
                                          MONTH:     OCTOBER
                                          YEAR:      2017
                                          LATITUDE:   41  9 N
                                          LONGITUDE: 104 49 W

  TEMPERATURE IN F:       :PCPN:    SNOW:  WIND      :SUNSHINE: SKY     :PK WND
================================================================================
1   2   3   4   5  6A  6B    7    8   9   10  11  12  13   14  15   16   17  18
                                     12Z  AVG MX 2MIN
DY MAX MIN AVG DEP HDD CDD  WTR  SNW DPTH SPD SPD DIR MIN PSBL S-S WX    SPD DR
================================================================================

 1  59  42  51   0  14   0 0.02  0.0    0  9.8 26 270   M    M   3        33 330
 2  42  33  38 -13  27   0 0.62  2.0    0  5.3 18 280   M    M   9 12     22 280
 3  51  28  40 -11  25   0 0.00  0.0    0 10.6 22 210   M    M   3        27 200
 4  60  42  51   1  14   0 0.00  0.0    0 12.3 22 210   M    M  10 12     30 200
 5  63  39  51   1  14   0    T  0.0    0  8.5 17 110   M    M   4 12     23 120
 6  62  45  54   4  11   0 0.00  0.0    0 14.1 32 290   M    M   2 1      45 310
 7  71  45  58   9   7   0 0.00  0.0    0 19.7 38 280   M    M   0        47 250
 8  58  30  44  -5  21   0 0.24  3.0    0 14.0 25 360   M    M   4 1      35 360
 9  36  21  29 -19  36   0 0.23  2.7    4  8.9 17  20   M    M   6 1      22  20
10  52  19  36 -12  29   0 0.00  0.0    1  9.9 20 190   M    M   0        24 220
11  69  29  49   1  16   0 0.00  0.0    0  8.3 17 290   M    M   0        20 200
12  71  37  54   6  11   0 0.00  0.0    0 10.3 25 280   M    M   0        30 280
13  59  30  45  -2  20   0 0.00  0.0    0  8.7 18 200   M    M   0 8      22 200
14  47  29  38  -9  27   0 0.00  0.0    0 14.3 39 290   M    M   2 12     51 310
15  61  34  48   2  17   0 0.00  0.0    0  9.5 26 270   M    M   0        33 270
16  74  34  54   8  11   0 0.00  0.0    0 12.4 29 270   M    M   0        38 270
17  72  37  55   9  10   0 0.00  0.0    0 14.9 33 270   M    M   0        42 280
18  74  42  58  12   7   0 0.00  0.0    0 12.6 33 280   M    M   0        48 280
================================================================================
SM 1081  616       317   0  1.11     7.7 204.1          M       43
================================================================================
AV 60.1 34.2                              11.3 FASTST   M    M   2    MAX(MPH)
                                 MISC ---->  # 39 290               # 51  310
================================================================================
NOTES:
# LAST OF SEVERAL OCCURRENCES

COLUMN 17 PEAK WIND IN M.P.H.

PRELIMINARY LOCAL CLIMATOLOGICAL DATA (WS FORM: F-6) , PAGE 2

                                          STATION:  CHEYENNE WYOMING AIRPORT
                                          MONTH:    OCTOBER
                                          YEAR:     2017
                                          LATITUDE:   41  9 N
                                          LONGITUDE: 104 49 W

[TEMPERATURE DATA]      [PRECIPITATION DATA]       SYMBOLS USED IN COLUMN 16

AVERAGE MONTHLY: 47.1   TOTAL FOR MONTH:   1.11    1 = FOG OR MIST
DPTR FM NORMAL:  -1.2   DPTR FM NORMAL:    0.51    2 = FOG REDUCING VISIBILITY
HIGHEST:    74 ON 18,16 GRTST 24HR  0.62 ON  2- 2      TO 1/4 MILE OR LESS
LOWEST:     19 ON 10                               3 = THUNDER
                        SNOW, ICE PELLETS, HAIL    4 = ICE PELLETS
                        TOTAL MONTH:   7.7 INCHES  5 = HAIL
                        GRTST 24HR   3.0 ON  8- 8  6 = FREEZING RAIN OR DRIZZLE
                        GRTST DEPTH:   4 ON  9     7 = DUSTSTORM OR SANDSTORM:
                                                       VSBY 1/2 MILE OR LESS
                                                   8 = SMOKE OR HAZE
[NO. OF DAYS WITH]      [WEATHER - DAYS WITH]      9 = BLOWING SNOW
                                                   X = TORNADO
MAX 32 OR BELOW:   0    0.01 INCH OR MORE:   4
MAX 90 OR ABOVE:   0    0.10 INCH OR MORE:   3
MIN 32 OR BELOW:   7    0.50 INCH OR MORE:   1
MIN  0 OR BELOW:   0    1.00 INCH OR MORE:   0

[HDD (BASE 65) ]
TOTAL THIS MO.   317    CLEAR  (SCALE 0-3)  13
DPTR FM NORMAL    17    PTCLDY (SCALE 4-7)   3
TOTAL FM JUL 1   558    CLOUDY (SCALE 8-10)  2
DPTR FM NORMAL   -23

[CDD (BASE 65) ]
TOTAL THIS MO.     0
DPTR FM NORMAL     0    [PRESSURE DATA]
TOTAL FM JAN 1   404    HIGHEST SLP M ON M
DPTR FM NORMAL    56    LOWEST  SLP 29.51 ON  8

[REMARKS]
