000
CXUS55 KCYS 021838 CCA
CF6CYS

PRELIMINARY LOCAL CLIMATOLOGICAL DATA (WS FORM: F-6)     ...CORRECTED...

                                          STATION:   CHEYENNE WYOMING AIRPORT
                                          MONTH:     APRIL
                                          YEAR:      2016
                                          LATITUDE:   41  9 N
                                          LONGITUDE: 104 49 W

  TEMPERATURE IN F:       :PCPN:    SNOW:  WIND      :SUNSHINE: SKY     :PK WND
================================================================================
1   2   3   4   5  6A  6B    7    8   9   10  11  12  13   14  15   16   17  18
                                     12Z  AVG MX 2MIN
DY MAX MIN AVG DEP HDD CDD  WTR  SNW DPTH SPD SPD DIR MIN PSBL S-S WX    SPD DR
================================================================================

 1  39  24  32  -7  33   0 0.01  0.1    3 16.2 28 310   M    M   3 1      37 320
 2  58  33  46   7  19   0 0.00  0.0    2 15.3 30 270   M    M   1        35 270
 3  60  36  48   8  17   0 0.00  0.0    T 14.9 26 340   M    M   1        36 300
 4  68  37  53  13  12   0 0.00  0.0    0 11.2 25 280   M    M   3        39 270
 5  54  38  46   6  19   0 0.00  0.0    0 19.3 46 280   M    M   2        58 290
 6  65  34  50  10  15   0 0.00  0.0    0 20.5 36 290   M    M   0        48 310
 7  58  33  46   6  19   0 0.00  0.0    0  9.8 21 360   M    M   1        27 340
 8  61  28  45   4  20   0 0.00  0.0    0  9.2 20  10   M    M   0        24  10
 9  72  33  53  12  12   0 0.00  0.0    0 16.5 37 280   M    M   2        45 280
10  57  33  45   4  20   0 0.34  1.3    0 12.1 30 290   M    M  10 1      39 280
11  50  34  42   1  23   0    T    T    T  9.6 21 210   M    M   7 1      26 210
12  66  35  51   9  14   0    T  0.0    0 11.5 23 220   M    M   4 3      31 230
13  68  40  54  12  11   0    T  0.0    0  9.9 23 180   M    M   3        27 240
14  70  41  56  14   9   0 0.00  0.0    0 12.4 30 210   M    M   3        41 310
15  47  33  40  -2  25   0 0.11  1.0    0 16.5 26 310   M    M   7 1      35 310
16  33  29  31 -12  34   0 0.39  3.9    T 25.4 36 360   M    M  10 12     48 350
17  33  28  31 -12  34   0 0.25  2.8    4 16.5 26  10   M    M  10 1      34 360
18  42  28  35  -8  30   0 0.00  0.0    2  8.4 18 330   M    M   9        24 350
19  49  26  38  -6  27   0 0.02  0.0    T  6.2 15 220   M    M   7 1      18 240
20  55  35  45   1  20   0 0.04  0.0    0 10.4 22 350   M    M   4 1      26 320
21  64  33  49   5  16   0 0.00  0.0    0  7.6 17 350   M    M   0        24 320
22  72  38  55  10  10   0 0.00  0.0    0  9.2 18 180   M    M   0        26 160
23  72  41  57  12   8   0 0.01  0.0    0 10.7 45 270   M    M   2 3      54 270
24  50  36  43  -2  22   0 0.02  0.0    0 16.7 41 260   M    M   5        51 260
25  60  36  48   2  17   0 0.24  0.0    0 12.8 28 320   M    M   5 13     41 340
26  40  26  33 -13  32   0 0.96  5.3    T 13.9 24  10   M    M   7 1234   32  20
27  42  25  34 -12  31   0 0.00  0.0    1 16.8 31 330   M    M   2        40 350
28  36  29  33 -14  32   0 0.08  0.7    0  6.5 17 360   M    M  10 18     25 360
29  35  30  33 -14  32   0 0.30  1.7    0  8.6 15 120   M    M  10 126    18 120
30  33  28  31 -16  34   0 0.29  2.6    1 15.6 24 360   M    M  10 1      33 360
================================================================================
SM 1609  980       647   0  3.06    19.4 390.2          M      138
================================================================================
AV 53.6 32.7                              13.0 FASTST   M    M   5    MAX(MPH)
                                 MISC ---->    46 280                 58  290
================================================================================
NOTES:
# LAST OF SEVERAL OCCURRENCES

COLUMN 17 PEAK WIND IN M.P.H.

PRELIMINARY LOCAL CLIMATOLOGICAL DATA (WS FORM: F-6) , PAGE 2

                                          STATION:  CHEYENNE WYOMING AIRPORT
                                          MONTH:    APRIL
                                          YEAR:     2016
                                          LATITUDE:   41  9 N
                                          LONGITUDE: 104 49 W

[TEMPERATURE DATA]      [PRECIPITATION DATA]       SYMBOLS USED IN COLUMN 16

AVERAGE MONTHLY: 43.2   TOTAL FOR MONTH:   3.06    1 = FOG OR MIST
DPTR FM NORMAL:   0.4   DPTR FM NORMAL:    1.28    2 = FOG REDUCING VISIBILITY
HIGHEST:    72 ON 23,22 GRTST 24HR  1.20 ON 25-26      TO 1/4 MILE OR LESS
LOWEST:     24 ON  1                               3 = THUNDER
                        SNOW, ICE PELLETS, HAIL    4 = ICE PELLETS
                        TOTAL MONTH:  19.4 INCHES  5 = HAIL
                        GRTST 24HR   6.0 ON 16-17  6 = FREEZING RAIN OR DRIZZLE
                        GRTST DEPTH:   4 ON 17     7 = DUSTSTORM OR SANDSTORM:
                                                       VSBY 1/2 MILE OR LESS
                                                   8 = SMOKE OR HAZE
[NO. OF DAYS WITH]      [WEATHER - DAYS WITH]      9 = BLOWING SNOW
                                                   X = TORNADO
MAX 32 OR BELOW:   0    0.01 INCH OR MORE:  14
MAX 90 OR ABOVE:   0    0.10 INCH OR MORE:   8
MIN 32 OR BELOW:  11    0.50 INCH OR MORE:   1
MIN  0 OR BELOW:   0    1.00 INCH OR MORE:   0

[HDD (BASE 65) ]
TOTAL THIS MO.   647    CLEAR  (SCALE 0-3)  13
DPTR FM NORMAL   -18    PTCLDY (SCALE 4-7)  10
TOTAL FM JUL 1  6006    CLOUDY (SCALE 8-10)  7
DPTR FM NORMAL  -579

[CDD (BASE 65) ]
TOTAL THIS MO.     0
DPTR FM NORMAL     0    [PRESSURE DATA]
TOTAL FM JAN 1     0    HIGHEST SLP 30.42 ON 17
DPTR FM NORMAL     0    LOWEST  SLP 29.40 ON 14

[REMARKS]
NEW RECORD DAILY PRECIPITATION AMOUNT OF 0.96 INCH SET ON THE 26TH.  THE OLD RECORD
 WAS 0.91 INCH SET IN 1976.
