756
CXUS56 KSGX 301545
CF6CZZ
PRELIMINARY LOCAL CLIMATOLOGICAL DATA (WS FORM: F-6)

                                          STATION:   CAMPO ASOS CA
                                          MONTH:     APRIL
                                          YEAR:      2016
                                          LATITUDE:   32 37 N
                                          LONGITUDE: 116 28 W

  TEMPERATURE IN F:       :PCPN:    SNOW:  WIND      :SUNSHINE: SKY     :PK WND
================================================================================
1   2   3   4   5  6A  6B    7    8   9   10  11  12  13   14  15   16   17  18
                                     12Z  AVG MX 2MIN
DY MAX MIN AVG DEP HDD CDD  WTR  SNW DPTH SPD SPD DIR MIN PSBL S-S WX    SPD DR
================================================================================

 1  72  31  52  -1  13   0 0.00  0.0    0  7.1 21 220   M    M   0        24 230
 2  78  36  57   4   8   0 0.00  0.0    0  7.0 17  60   M    M   0        24  80
 3  81  38  60   7   5   0 0.00  0.0    0  7.3 22 230   M    M   0        29 230
 4  80  36  58   5   7   0 0.00  0.0    0  6.5 16 220   M    M   0        22 230
 5  82  37  60   7   5   0 0.00  0.0    0  8.0 23  60   M    M   0        29  60
 6  82  40  61   8   4   0 0.00  0.0    0  9.4 31  50   M    M   0        40  60
 7  63  52  58   4   7   0 0.25  0.0    0  4.6 16 200   M    M   0        18 200
 8  62  45  54   0  11   0 0.10    M    0  7.5 17 230   M    M   0        20 230
 9  59  44  52  -2  13   0 0.02    M    0  4.8 15 240   M    M   0        19 250
10  58  44  51  -3  14   0 0.17    M    0  4.8 23 220   M    M   0        26 210
11  63  39  51  -3  14   0 1.16    M    0  2.7 24 140   M    M   0        29 130
12  68  37  53  -1  12   0 0.00  0.0    0  6.9 20 210   M    M   0        24 220
13  72  43  58   4   7   0 0.00  0.0    0  6.8 18 210   M    M   0        23 210
14  69  41  55   0  10   0 0.00    M    0  8.8 21 260   M    M   0        27 250
15  68  44  56   1   9   0 0.00  0.0    0  9.4 21 230   M    M   0        31 230
16  75  36  56   1   9   0 0.00  0.0    0  7.6 26  50   M    M   0        31  50
17  75  36  56   1   9   0 0.00  0.0    0 12.7 31  50   M    M   0        38  30
18  82  36  59   4   6   0 0.00  0.0    0  6.5 18 230   M    M   0        24 240
19  84  40  62   6   3   0 0.00  0.0    0  6.9 17 290   M    M   0        23 290
20  83  39  61   5   4   0 0.00  0.0    0  6.6 16 230   M    M   0        22 260
21  81  38  60   4   5   0 0.00  0.0    0  7.3 18 240   M    M   0        22 270
22  76  36  56   0   9   0 0.00  0.0    0  8.4 22 220   M    M   0        28 220
23  71  42  57   1   8   0 0.00  0.0    0  7.3 20 220   M    M   0        25 210
24  73  37  55  -2  10   0 0.00  0.0    0 10.8 25 240   M    M   0        32 240
25  59  41  50  -7  15   0 0.00  0.0    0 17.6 33 230   M    M   0        41 230
26  68  31  50  -7  15   0 0.00  0.0    0  6.6 20 240   M    M   0        26 240
27  66  31  49  -8  16   0 0.00  0.0    0 11.3 24 230   M    M   0        33 230
28  55  43  49  -9  16   0 0.00  0.0    0 12.4 21 230   M    M   0        26 230
29  69  38  54  -4  11   0 0.00  0.0    0  8.1 21 220   M    M   0        26 240
================================================================================
SM 2074 1131       275   0  1.70     0.0 231.7          M        0
================================================================================
AV 71.5 39.0                               8.0 FASTST   M    M   0    MAX(MPH)
                                 MISC ---->  # 33 230               # 41  230
================================================================================
NOTES:
# LAST OF SEVERAL OCCURRENCES

COLUMN 17 PEAK WIND IN M.P.H.

PRELIMINARY LOCAL CLIMATOLOGICAL DATA (WS FORM: F-6) , PAGE 2

                                          STATION:  CAMPO ASOS CA
                                          MONTH:    APRIL
                                          YEAR:     2016
                                          LATITUDE:   32 37 N
                                          LONGITUDE: 116 28 W

[TEMPERATURE DATA]      [PRECIPITATION DATA]       SYMBOLS USED IN COLUMN 16

AVERAGE MONTHLY: 55.3   TOTAL FOR MONTH:   1.70    1 = FOG OR MIST
DPTR FM NORMAL:   0.3   DPTR FM NORMAL:    0.76    2 = FOG REDUCING VISIBILITY
HIGHEST:    84 ON 19    GRTST 24HR  1.20 ON 10-11      TO 1/4 MILE OR LESS
LOWEST:     31 ON 27,26                            3 = THUNDER
                        SNOW, ICE PELLETS, HAIL    4 = ICE PELLETS
                        TOTAL MONTH:   0.0 INCH    5 = HAIL
                        GRTST 24HR     0.0         6 = FREEZING RAIN OR DRIZZLE
                        GRTST DEPTH:   0           7 = DUSTSTORM OR SANDSTORM:
                                                       VSBY 1/2 MILE OR LESS
                                                   8 = SMOKE OR HAZE
[NO. OF DAYS WITH]      [WEATHER - DAYS WITH]      9 = BLOWING SNOW
                                                   X = TORNADO
MAX 32 OR BELOW:   0    0.01 INCH OR MORE:   5
MAX 90 OR ABOVE:   0    0.10 INCH OR MORE:   4
MIN 32 OR BELOW:   3    0.50 INCH OR MORE:   1
MIN  0 OR BELOW:   0    1.00 INCH OR MORE:   1

[HDD (BASE 65) ]
TOTAL THIS MO.   275    CLEAR  (SCALE 0-3)  29
DPTR FM NORMAL   -17    PTCLDY (SCALE 4-7)   0
TOTAL FM JUL 1  2545    CLOUDY (SCALE 8-10)  0
DPTR FM NORMAL  -215

[CDD (BASE 65) ]
TOTAL THIS MO.     0
DPTR FM NORMAL     0    [PRESSURE DATA]
TOTAL FM JAN 1     0    HIGHEST SLP M ON M
DPTR FM NORMAL     0    LOWEST  SLP 29.71 ON 28

[REMARKS]
