000
CXUS53 KUNR 310945
CF6D07
PRELIMINARY LOCAL CLIMATOLOGICAL DATA (WS FORM: F-6)

                                          STATION:   FAITH SD
                                          MONTH:     AUGUST
                                          YEAR:      2015
                                          LATITUDE:   45  1 N
                                          LONGITUDE: 102  1 W

  TEMPERATURE IN F:       :PCPN:    SNOW:  WIND      :SUNSHINE: SKY     :PK WND
================================================================================
1   2   3   4   5  6A  6B    7    8   9   10  11  12  13   14  15   16   17  18
                                     12Z  AVG MX 2MIN
DY MAX MIN AVG DEP HDD CDD  WTR  SNW DPTH SPD SPD DIR MIN PSBL S-S WX    SPD DR
================================================================================

 1  97  62  80   6   0  15 0.00    M    M 12.7 26 320   M    M   M        32 330
 2  87  58  73  -1   0   8 0.00    M    M 11.7 24  20   M    M   M        28  20
 3  86  54  70  -4   0   5 0.00    M    M  7.5 16 120   M    M   M        20 120
 4  86  63  75   1   0  10 0.00    M    M 13.7 21 120   M    M   M        30 120
 5  93  64  79   6   0  14 0.09    M    M 10.8 38 260   M    M   M        46 260
 6  85  62  74   1   0   9 0.06    M    M 11.3 28 290   M    M   M        34 290
 7  88  58  73   0   0   8 0.00    M    M  8.5 16 290   M    M   M        22 280
 8  87  60  74   1   0   9 0.07    M    M  9.4 21  80   M    M   M        26  70
 9  79  58  69  -4   0   4 0.30    M    M  7.5 17  10   M    M   M        21  10
10  86  58  72  -1   0   7 0.00    M    M  5.2 13 130   M    M   M        16 140
11  91  61  76   3   0  11 0.00    M    M 15.1 26 150   M    M   M        34 130
12 101  64  83  10   0  18 0.00    M    M 14.9 28 310   M    M   M        37 300
13  97  70  84  11   0  19 0.00    M    M  7.8 18  30   M    M   M        24  20
14  99  69  84  11   0  19 0.00    M    M 11.8 21 160   M    M   M        26 140
15 104  72  88  16   0  23 0.00    M    M 15.0 30  10   M    M   M        38  10
16  74  54  64  -8   1   0 0.23    M    M 13.5 25  30   M    M   M        30  20
17  70  54  62 -10   3   0 0.94    M    M  6.2 15 120   M    M   M        19 130
18  63  53  58 -14   7   0 0.82    M    M  9.1 20 360   M    M   M        24 360
19  74  51  63  -9   2   0 0.00    M    M 10.2 21 310   M    M   M        24 320
20  83  49  66  -6   0   1 0.00    M    M 11.6 16 210   M    M   M        19 180
21  89  56  73   2   0   8 0.00    M    M 14.5 21 170   M    M   M        26 190
22  67  49  58 -13   7   0 0.00    M    M 30.4 49 300   M    M   M        62 290
23  73  45  59 -12   6   0 0.00    M    M 12.6 28 330   M    M   M        33 330
24  77  47  62  -8   3   0 0.00    M    M  6.8 15 150   M    M   M        19 130
25   M   M   M   M   M   M 0.00    M    M   M   M   M   M    M   M         M  M
26   M   M   M   M   M   M 0.00    M    M   M   M   M   M    M   M         M  M
27  81   M   M   M   M   M 0.00    M    M   M   M   M   M    M   M         M  M
28  87  57  72   3   0   7 0.00    M    M  7.9 14 230   M    M   M        18 220
29  94  62  78   9   0  13 0.00    M    M  9.7 16 190   M    M   M        19 190
30  96  58  77   9   0  12 0.00    M    M 12.5 33 240   M    M   M        42 240
================================================================================
SM 2394 1568        29 220  2.51    M    307.9          M        M
================================================================================
AV 85.5 58.1                              11.4 FASTST   M    M   2    MAX(MPH)
                                 MISC ---->  # 49 300               # 62  290
================================================================================
NOTES:
# LAST OF SEVERAL OCCURRENCES

COLUMN 17 PEAK WIND IN M.P.H.

PRELIMINARY LOCAL CLIMATOLOGICAL DATA (WS FORM: F-6) , PAGE 2

                                          STATION:  FAITH SD
                                          MONTH:    AUGUST
                                          YEAR:     2015
                                          LATITUDE:   45  1 N
                                          LONGITUDE: 102  1 W

[TEMPERATURE DATA]      [PRECIPITATION DATA]       SYMBOLS USED IN COLUMN 16

AVERAGE MONTHLY: 71.8   TOTAL FOR MONTH:   2.51    1 = FOG OR MIST
DPTR FM NORMAL:  -0.1   DPTR FM NORMAL:    0.94    2 = FOG REDUCING VISIBILITY
HIGHEST:   104 ON 15    GRTST 24HR  1.64 ON 17-18      TO 1/4 MILE OR LESS
LOWEST:     45 ON 23                               3 = THUNDER
                        SNOW, ICE PELLETS, HAIL    4 = ICE PELLETS
                        TOTAL MONTH:    M          5 = HAIL
                        GRTST 24HR    M  ON   M    6 = FREEZING RAIN OR DRIZZLE
                        GRTST DEPTH:  M  ON   M    7 = DUSTSTORM OR SANDSTORM:
                                                       VSBY 1/2 MILE OR LESS
                                                   8 = SMOKE OR HAZE
[NO. OF DAYS WITH]      [WEATHER - DAYS WITH]      9 = BLOWING SNOW
                                                   X = TORNADO
MAX 32 OR BELOW:   0    0.01 INCH OR MORE:   7
MAX 90 OR ABOVE:   9    0.10 INCH OR MORE:   4
MIN 32 OR BELOW:   0    0.50 INCH OR MORE:   2
MIN  0 OR BELOW:   0    1.00 INCH OR MORE:   0

[HDD (BASE 65) ]
TOTAL THIS MO.    29    CLEAR  (SCALE 0-3)   0
DPTR FM NORMAL    13    PTCLDY (SCALE 4-7)   0
TOTAL FM JUL 1    29    CLOUDY (SCALE 8-10)  0
DPTR FM NORMAL     1

[CDD (BASE 65) ]
TOTAL THIS MO.   220
DPTR FM NORMAL    -6    [PRESSURE DATA]
TOTAL FM JAN 1   574    HIGHEST SLP M ON M
DPTR FM NORMAL     3    LOWEST  SLP 29.20 ON 22

[REMARKS]
