000
CXUS52 KMLB 281115
CF6DAB
PRELIMINARY LOCAL CLIMATOLOGICAL DATA (WS FORM: F-6)

                                          STATION:   DAYTONA BEACH
                                          MONTH:     MARCH
                                          YEAR:      2015
                                          LATITUDE:   29 10 N
                                          LONGITUDE:  81  3 W

  TEMPERATURE IN F:       :PCPN:    SNOW:  WIND      :SUNSHINE: SKY     :PK WND
================================================================================
1   2   3   4   5  6A  6B    7    8   9   10  11  12  13   14  15   16   17  18
                                     12Z  AVG MX 2MIN
DY MAX MIN AVG DEP HDD CDD  WTR  SNW DPTH SPD SPD DIR MIN PSBL S-S WX    SPD DR
================================================================================

 1  74  59  67   5   0   2    T  0.0    0  6.0 12  40   M    M   9 18     15  50
 2  80  57  69   7   0   4 0.00  0.0    0  3.7 10  60   M    M   8 12     13  60
 3  80  63  72   9   0   7 0.00  0.0    0  5.2 15  80   M    M   5 12     20  70
 4  86  64  75  12   0  10 0.00  0.0    0  7.2 16 170   M    M   2 1      21 230
 5  87  64  76  13   0  11 0.00  0.0    0  8.1 21 210   M    M   3 1      28 220
 6  72  51  62  -1   3   0 0.09  0.0    0 11.8 22 360   M    M   9 1      30  10
 7  64  52  58  -5   7   0 0.00  0.0    0 11.9 21  10   M    M   9 18     30  20
 8  73  49  61  -2   4   0 0.00  0.0    0  5.5 14  70   M    M   5 1      19  60
 9  77  53  65   2   0   0 0.00  0.0    0  4.8 15  80   M    M   2 1      20  90
10  85  61  73   9   0   8 0.00  0.0    0  5.2 13 110   M    M   3 1      20 130
11  86  65  76  12   0  11    T  0.0    0  3.6 13 100   M    M   6 18     17 110
12  85  70  78  14   0  13 0.00  0.0    0  5.9 14  70   M    M   5 1      18 110
13  81  66  74  10   0   9 0.00  0.0    0  7.9 18 110   M    M   5        32 110
14  88  65  77  13   0  12 0.00  0.0    0  6.1 17 200   M    M   5 1      25 160
15  87  66  77  13   0  12 0.00  0.0    0  5.7 16  50   M    M   5        20 320
16  79  61  70   6   0   5 0.00  0.0    0  3.7 13  70   M    M   3 1      17  50
17  88  62  75  10   0  10 0.00  0.0    0  7.8 18 250   M    M   1 1      23 250
18  82  63  73   8   0   8 0.00  0.0    0  9.3 16  50   M    M   5 18     23  60
19  79  69  74   9   0   9 0.00  0.0    0  6.6 17  80   M    M   5 18     24  80
20  85  66  76  11   0  11 0.00  0.0    0  4.2 18  50   M    M   5 128    21  30
21  82  65  74   9   0   9 0.00  0.0    0  4.5 12  60   M    M   8 128    15  60
22  83  66  75  10   0  10 0.00  0.0    0  4.4 10  70   M    M   9 128    17  60
23  79  65  72   7   0   7 0.43  0.0    0  8.3 20  10   M    M   9 1      23  20
24  72  62  67   1   0   2 0.00  0.0    0  7.5 13 340   M    M   9 1      17 360
25  77  60  69   3   0   4    T  0.0    0  4.3 14  40   M    M   7 12     17  60
26  84  61  73   7   0   8 0.16  0.0    0  3.9 18 190   M    M   8 18     25 180
27  79  57  68   2   0   3 0.18  0.0    0 11.5 26 270   M    M   8 1      38 270
================================================================================
SM 2174 1662        14 185  0.86     0.0 174.6          M      158
================================================================================
AV 80.5 61.6                               6.5 FASTST   M    M   6    MAX(MPH)
                                 MISC ---->  # 26 270               # 38  270
================================================================================
NOTES:
# LAST OF SEVERAL OCCURRENCES

COLUMN 17 PEAK WIND IN M.P.H.

PRELIMINARY LOCAL CLIMATOLOGICAL DATA (WS FORM: F-6) , PAGE 2

                                          STATION:  DAYTONA BEACH
                                          MONTH:    MARCH
                                          YEAR:     2015
                                          LATITUDE:   29 10 N
                                          LONGITUDE:  81  3 W

[TEMPERATURE DATA]      [PRECIPITATION DATA]       SYMBOLS USED IN COLUMN 16

AVERAGE MONTHLY: 71.0   TOTAL FOR MONTH:   0.86    1 = FOG OR MIST
DPTR FM NORMAL:   6.9   DPTR FM NORMAL:   -2.84    2 = FOG REDUCING VISIBILITY
HIGHEST:    88 ON 17,14 GRTST 24HR  0.43 ON 23-23      TO 1/4 MILE OR LESS
LOWEST:     49 ON  8                               3 = THUNDER
                        SNOW, ICE PELLETS, HAIL    4 = ICE PELLETS
                        TOTAL MONTH:   0.0 INCH    5 = HAIL
                        GRTST 24HR     0.0         6 = FREEZING RAIN OR DRIZZLE
                        GRTST DEPTH:   0           7 = DUSTSTORM OR SANDSTORM:
                                                       VSBY 1/2 MILE OR LESS
                                                   8 = SMOKE OR HAZE
[NO. OF DAYS WITH]      [WEATHER - DAYS WITH]      9 = BLOWING SNOW
                                                   X = TORNADO
MAX 32 OR BELOW:   0    0.01 INCH OR MORE:   4
MAX 90 OR ABOVE:   0    0.10 INCH OR MORE:   3
MIN 32 OR BELOW:   0    0.50 INCH OR MORE:   0
MIN  0 OR BELOW:   0    1.00 INCH OR MORE:   0

[HDD (BASE 65) ]
TOTAL THIS MO.    14    CLEAR  (SCALE 0-3)   6
DPTR FM NORMAL   -74    PTCLDY (SCALE 4-7)  13
TOTAL FM JUL 1   661    CLOUDY (SCALE 8-10)  8
DPTR FM NORMAL  -109

[CDD (BASE 65) ]
TOTAL THIS MO.   185
DPTR FM NORMAL   119    [PRESSURE DATA]
TOTAL FM JAN 1   225    HIGHEST SLP M ON M
DPTR FM NORMAL    94    LOWEST  SLP 29.75 ON 27

[REMARKS]
