000
CXUS55 KVEF 210940
CF6DAG
PRELIMINARY LOCAL CLIMATOLOGICAL DATA (WS FORM: F-6)

                                          STATION:   BARSTOW-DAGGETT CA
                                          MONTH:     OCTOBER
                                          YEAR:      2017
                                          LATITUDE:   34 51 N
                                          LONGITUDE: 116 47 W

  TEMPERATURE IN F:       :PCPN:    SNOW:  WIND      :SUNSHINE: SKY     :PK WND
================================================================================
1   2   3   4   5  6A  6B    7    8   9   10  11  12  13   14  15   16   17  18
                                     12Z  AVG MX 2MIN
DY MAX MIN AVG DEP HDD CDD  WTR  SNW DPTH SPD SPD DIR MIN PSBL S-S WX    SPD DR
================================================================================

 1  91  58  75   1   0  10 0.00  0.0    0 18.0 35 250   M    M   0        44 240
 2  81  55  68  -6   0   3 0.00  0.0    0  8.1 24 260   M    M   0        28 250
 3  82  56  69  -5   0   4 0.00  0.0    0 12.9 29 260   M    M   0        36 260
 4  79  48  64  -9   1   0 0.00  0.0    0  7.0 17 240   M    M   0        22 230
 5  85  51  68  -5   0   3 0.00  0.0    0  8.5 17 280   M    M   0        20 280
 6  88  52  70  -2   0   5 0.00  0.0    0  7.2 16 270   M    M   0        18 270
 7  92  54  73   1   0   8 0.00  0.0    0  7.8 18 270   M    M   0        22 280
 8  95  60  78   7   0  13 0.00  0.0    0 14.0 29 250   M    M   0        33 250
 9  75  50  63  -8   2   0 0.00  0.0    0  8.4 30  30   M    M   1        37  20
10  81  42  62  -9   3   0 0.00  0.0    0  6.2 15  40   M    M   0        20  50
11  86  49  68  -2   0   3 0.00  0.0    0  7.1 20 250   M    M   0        23 250
12  81  53  67  -3   0   2 0.00  0.0    0  7.2 20 280   M    M   0 8      25 270
13  84  50  67  -3   0   2 0.00  0.0    0  9.0 18 260   M    M   0        20 260
14  83  47  65  -4   0   0 0.00  0.0    0  8.2 17  50   M    M   0        21  50
15  82  43  63  -6   2   0 0.00  0.0    M  4.5 10  90   M    M   0        14  80
16  86  50  68   0   0   3 0.00  0.0    M  7.2 15 270   M    M   0        17 270
17  91  52  72   4   0   7 0.00  0.0    0  6.9 15 270   M    M   0        17 260
18  91  64  78  10   0  13 0.00  0.0    0  8.1 14 270   M    M   1        17 270
19  88  59  74   7   0   9 0.00  0.0    0 17.6 32 260   M    M   0        37 260
20  76  56  66  -1   0   1 0.00  0.0    0 28.5 48 250   M    M   0 8      57 250
================================================================================
SM 1697 1049         8  86  0.00     0.0 202.4          M        2
================================================================================
AV 84.9 52.5                              10.1 FASTST   M    M   0    MAX(MPH)
                                 MISC ---->  # 48 250               # 57  250
================================================================================
NOTES:
# LAST OF SEVERAL OCCURRENCES

COLUMN 17 PEAK WIND IN M.P.H.

PRELIMINARY LOCAL CLIMATOLOGICAL DATA (WS FORM: F-6) , PAGE 2

                                          STATION:  BARSTOW-DAGGETT CA
                                          MONTH:    OCTOBER
                                          YEAR:     2017
                                          LATITUDE:   34 51 N
                                          LONGITUDE: 116 47 W

[TEMPERATURE DATA]      [PRECIPITATION DATA]       SYMBOLS USED IN COLUMN 16

AVERAGE MONTHLY: 68.7   TOTAL FOR MONTH:   0.00    1 = FOG OR MIST
DPTR FM NORMAL:  -1.9   DPTR FM NORMAL:   -0.11    2 = FOG REDUCING VISIBILITY
HIGHEST:    95 ON  8    GRTST 24HR  0.00 ON 20-20      TO 1/4 MILE OR LESS
LOWEST:     42 ON 10                               3 = THUNDER
                        SNOW, ICE PELLETS, HAIL    4 = ICE PELLETS
                        TOTAL MONTH:   0.0 INCH    5 = HAIL
                        GRTST 24HR     0.0         6 = FREEZING RAIN OR DRIZZLE
                        GRTST DEPTH:   0           7 = DUSTSTORM OR SANDSTORM:
                                                       VSBY 1/2 MILE OR LESS
                                                   8 = SMOKE OR HAZE
[NO. OF DAYS WITH]      [WEATHER - DAYS WITH]      9 = BLOWING SNOW
                                                   X = TORNADO
MAX 32 OR BELOW:   0    0.01 INCH OR MORE:   0
MAX 90 OR ABOVE:   5    0.10 INCH OR MORE:   0
MIN 32 OR BELOW:   0    0.50 INCH OR MORE:   0
MIN  0 OR BELOW:   0    1.00 INCH OR MORE:   0

[HDD (BASE 65) ]
TOTAL THIS MO.     8    CLEAR  (SCALE 0-3)  20
DPTR FM NORMAL    -9    PTCLDY (SCALE 4-7)   0
TOTAL FM JUL 1    14    CLOUDY (SCALE 8-10)  0
DPTR FM NORMAL    -5

[CDD (BASE 65) ]
TOTAL THIS MO.    86
DPTR FM NORMAL   -40    [PRESSURE DATA]
TOTAL FM JAN 1  3248    HIGHEST SLP M ON M
DPTR FM NORMAL   301    LOWEST  SLP 29.53 ON  8

[REMARKS]
