000
CXUS54 KFWD 280730
CF6DAL
PRELIMINARY LOCAL CLIMATOLOGICAL DATA (WS FORM: F-6)

                                          STATION:   DALLAS LOVE FIELD
                                          MONTH:     MARCH
                                          YEAR:      2017
                                          LATITUDE:   32 50 N
                                          LONGITUDE:  96 51 W

  TEMPERATURE IN F:       :PCPN:    SNOW:  WIND      :SUNSHINE: SKY     :PK WND
================================================================================
1   2   3   4   5  6A  6B    7    8   9   10  11  12  13   14  15   16   17  18
                                     12Z  AVG MX 2MIN
DY MAX MIN AVG DEP HDD CDD  WTR  SNW DPTH SPD SPD DIR MIN PSBL S-S WX    SPD DR
================================================================================

 1  73  48  61   7   4   0 0.00  0.0    0 13.0 26 340   M    M   3 8      34 350
 2  67  40  54  -1  11   0 0.00  0.0    0  4.6 12  90   M    M   4        15 130
 3  72  42  57   2   8   0 0.00  0.0    0  7.3 18 170   M    M   7        23 140
 4  60  53  57   2   8   0 0.03  0.0    0 13.2 25 140   M    M   9 1      30 160
 5  65  53  59   3   6   0 0.07  0.0    0 13.1 21 150   M    M  10 1      25 150
 6  82  65  74  18   0   9 0.00  0.0    0 17.1 31 180   M    M   9 18     41 200
 7  73  50  62   6   3   0 0.13  0.0    0 12.1 33  30   M    M   5 38     44  30
 8  78  46  62   6   3   0 0.00  0.0    0  9.2 21 160   M    M   3 8      26 170
 9  83  62  73  16   0   8 0.00  0.0    0 10.5 20 170   M    M   8 8      31 180
10  75  63  69  12   0   4 0.00  0.0    0  7.8 15 130   M    M   7 18     24  40
11  77  48  63   6   2   0 0.04  0.0    0 10.9 22  40   M    M   9 38     28  30
12  55  43  49  -9  16   0    T  0.0    0  8.5 17  60   M    M   9        24  60
13  65  46  56  -2   9   0 0.01  0.0    0 11.4 24 350   M    M   8 18     30 350
14  65  40  53  -5  12   0 0.00  0.0    0  5.0 13 140   M    M   5        16 150
15  66  47  57  -1   8   0 0.00  0.0    0 10.8 16 140   M    M   5        21 140
16  74  53  64   5   1   0 0.00  0.0    0 14.7 26 170   M    M   8 18     29 170
17  78  66  72  13   0   7 0.00  0.0    0 13.4 22 180   M    M   9        30 190
18  84  64  74  15   0   9 0.00  0.0    0  8.9 17 150   M    M   4        22 150
19  85  64  75  15   0  10 0.00  0.0    0 11.3 21 170   M    M   2 8      26 180
20  90  67  79  19   0  14 0.00  0.0    0 12.6 23 180   M    M   2        29 210
21  86  63  75  15   0  10 0.00  0.0    0 11.1 23 170   M    M   2 8      29 180
22  84  65  75  15   0  10 0.00  0.0    0 12.2 20 170   M    M   4 8      25 140
23  86  66  76  16   0  11 0.00  0.0    0 19.7 36 180   M    M   3 8      45 160
24  79  57  68   7   0   3 0.20  0.0    0 14.3 31 160   M    M   6 138    43 170
25  73  55  64   3   1   0 0.00  0.0    0 10.7 25 300   M    M   1        32 310
26  85  53  69   8   0   4 0.00  0.0    0 13.6 25 180   M    M   5 3      32 160
27  74  59  67   5   0   2    T  0.0    0  8.4 21 180   M    M   4        28 180
================================================================================
SM 2034 1478        92 101  0.48     0.0 305.4          M      151
================================================================================
AV 75.3 54.7                              11.3 FASTST   M    M   6    MAX(MPH)
                                 MISC ---->  # 36 180               # 45  160
================================================================================
NOTES:
# LAST OF SEVERAL OCCURRENCES

COLUMN 17 PEAK WIND IN M.P.H.

PRELIMINARY LOCAL CLIMATOLOGICAL DATA (WS FORM: F-6) , PAGE 2

                                          STATION:  DALLAS LOVE FIELD
                                          MONTH:    MARCH
                                          YEAR:     2017
                                          LATITUDE:   32 50 N
                                          LONGITUDE:  96 51 W

[TEMPERATURE DATA]      [PRECIPITATION DATA]       SYMBOLS USED IN COLUMN 16

AVERAGE MONTHLY: 65.0   TOTAL FOR MONTH:   0.48    1 = FOG OR MIST
DPTR FM NORMAL:   7.0   DPTR FM NORMAL:   -2.56    2 = FOG REDUCING VISIBILITY
HIGHEST:    90 ON 20    GRTST 24HR  0.20 ON 24-24      TO 1/4 MILE OR LESS
LOWEST:     40 ON 14, 2                            3 = THUNDER
                        SNOW, ICE PELLETS, HAIL    4 = ICE PELLETS
                        TOTAL MONTH:   0.0 INCH    5 = HAIL
                        GRTST 24HR     0.0         6 = FREEZING RAIN OR DRIZZLE
                        GRTST DEPTH:   0           7 = DUSTSTORM OR SANDSTORM:
                                                       VSBY 1/2 MILE OR LESS
                                                   8 = SMOKE OR HAZE
[NO. OF DAYS WITH]      [WEATHER - DAYS WITH]      9 = BLOWING SNOW
                                                   X = TORNADO
MAX 32 OR BELOW:   0    0.01 INCH OR MORE:   6
MAX 90 OR ABOVE:   1    0.10 INCH OR MORE:   2
MIN 32 OR BELOW:   0    0.50 INCH OR MORE:   0
MIN  0 OR BELOW:   0    1.00 INCH OR MORE:   0

[HDD (BASE 65) ]
TOTAL THIS MO.    92    CLEAR  (SCALE 0-3)   6
DPTR FM NORMAL  -126    PTCLDY (SCALE 4-7)  15
TOTAL FM JUL 1  1201    CLOUDY (SCALE 8-10)  6
DPTR FM NORMAL  -835

[CDD (BASE 65) ]
TOTAL THIS MO.   101
DPTR FM NORMAL    68    [PRESSURE DATA]
TOTAL FM JAN 1   170    HIGHEST SLP M ON M
DPTR FM NORMAL   126    LOWEST  SLP 29.61 ON 26

[REMARKS]
