000
CXUS54 KFWD 160730
CF6DAL
PRELIMINARY LOCAL CLIMATOLOGICAL DATA (WS FORM: F-6)

                                          STATION:   DALLAS LOVE FIELD
                                          MONTH:     OCTOBER
                                          YEAR:      2017
                                          LATITUDE:   32 50 N
                                          LONGITUDE:  96 51 W

  TEMPERATURE IN F:       :PCPN:    SNOW:  WIND      :SUNSHINE: SKY     :PK WND
================================================================================
1   2   3   4   5  6A  6B    7    8   9   10  11  12  13   14  15   16   17  18
                                     12Z  AVG MX 2MIN
DY MAX MIN AVG DEP HDD CDD  WTR  SNW DPTH SPD SPD DIR MIN PSBL S-S WX    SPD DR
================================================================================

 1  89  67  78   5   0  13 0.00  0.0    0  7.7 16 160   M    M   3        20 150
 2  91  71  81   8   0  16 0.00  0.0    0 13.9 23 140   M    M   4        27 120
 3  88  74  81   9   0  16 0.73  0.0    0 10.8 21 140   M    M   9 13     28 140
 4  88  76  82  10   0  17 0.11  0.0    0  9.0 17 160   M    M   7 1      21 150
 5  88  71  80   8   0  15 0.00  0.0    0  6.9 13 160   M    M   4        16 130
 6  89  71  80   8   0  15 0.00  0.0    0 11.5 21 160   M    M   3        28 170
 7  89  68  79   8   0  14 0.00  0.0    0  7.6 20 170   M    M   3        25 180
 8  91  59  75   4   0  10 0.00  0.0    0  4.7 15 150   M    M   0        19 140
 9  94  70  82  12   0  17    T  0.0    0 12.9 24 180   M    M   3 8      30 330
10  72  56  64  -6   1   0 0.14  0.0    0 13.1 24 330   M    M   5 138    31 320
11  77  51  64  -6   1   0 0.00  0.0    0  4.0 16 350   M    M   2        19 350
12  87  60  74   4   0   9 0.00  0.0    0  6.9 16 150   M    M   2        22 160
13  92  72  82  13   0  17 0.00  0.0    0  9.5 16 160   M    M   1        21 180
14  93  72  83  14   0  18 0.00  0.0    0 11.5 21 170   M    M   1        26 160
15  81  57  69   0   0   4 0.06  0.0    0 14.3 25 360   M    M   6 13     33  10
================================================================================
SM 1309  995         2 181  1.04     0.0 144.3          M       53
================================================================================
AV 87.3 66.3                               9.6 FASTST   M    M   4    MAX(MPH)
                                 MISC ---->  # 25 360               # 33   10
================================================================================
NOTES:
# LAST OF SEVERAL OCCURRENCES

COLUMN 17 PEAK WIND IN M.P.H.

PRELIMINARY LOCAL CLIMATOLOGICAL DATA (WS FORM: F-6) , PAGE 2

                                          STATION:  DALLAS LOVE FIELD
                                          MONTH:    OCTOBER
                                          YEAR:     2017
                                          LATITUDE:   32 50 N
                                          LONGITUDE:  96 51 W

[TEMPERATURE DATA]      [PRECIPITATION DATA]       SYMBOLS USED IN COLUMN 16

AVERAGE MONTHLY: 76.8   TOTAL FOR MONTH:   1.04    1 = FOG OR MIST
DPTR FM NORMAL:   5.9   DPTR FM NORMAL:   -1.01    2 = FOG REDUCING VISIBILITY
HIGHEST:    94 ON  9    GRTST 24HR  0.84 ON  3- 4      TO 1/4 MILE OR LESS
LOWEST:     51 ON 11                               3 = THUNDER
                        SNOW, ICE PELLETS, HAIL    4 = ICE PELLETS
                        TOTAL MONTH:   0.0 INCH    5 = HAIL
                        GRTST 24HR     0.0         6 = FREEZING RAIN OR DRIZZLE
                        GRTST DEPTH:   0           7 = DUSTSTORM OR SANDSTORM:
                                                       VSBY 1/2 MILE OR LESS
                                                   8 = SMOKE OR HAZE
[NO. OF DAYS WITH]      [WEATHER - DAYS WITH]      9 = BLOWING SNOW
                                                   X = TORNADO
MAX 32 OR BELOW:   0    0.01 INCH OR MORE:   4
MAX 90 OR ABOVE:   5    0.10 INCH OR MORE:   3
MIN 32 OR BELOW:   0    0.50 INCH OR MORE:   1
MIN  0 OR BELOW:   0    1.00 INCH OR MORE:   0

[HDD (BASE 65) ]
TOTAL THIS MO.     2    CLEAR  (SCALE 0-3)   8
DPTR FM NORMAL   -13    PTCLDY (SCALE 4-7)   6
TOTAL FM JUL 1     2    CLOUDY (SCALE 8-10)  1
DPTR FM NORMAL   -18

[CDD (BASE 65) ]
TOTAL THIS MO.   181
DPTR FM NORMAL    80    [PRESSURE DATA]
TOTAL FM JAN 1  3179    HIGHEST SLP M ON M
DPTR FM NORMAL   333    LOWEST  SLP 29.58 ON  8

[REMARKS]
