000
CXUS51 KRNK 240933 RRA
CF6DAN

PRELIMINARY LOCAL CLIMATOLOGICAL DATA (WS FORM: F-6)

                                          STATION:   DANVILLE VA
                                          MONTH:     MAY
                                          YEAR:      2017
                                          LATITUDE:   36 34 N
                                          LONGITUDE:  79 20 W

  TEMPERATURE IN F:       :PCPN:    SNOW:  WIND      :SUNSHINE: SKY     :PK WND
================================================================================
1   2   3   4   5  6A  6B    7    8   9   10  11  12  13   14  15   16   17  18
                                     12Z  AVG MX 2MIN
DY MAX MIN AVG DEP HDD CDD  WTR  SNW DPTH SPD SPD DIR MIN PSBL S-S WX    SPD DR
================================================================================

 1  79  66  73  11   0   8 0.44  0.0    0  9.5 35 260   M    M   8 13     44 250
 2  76  51  64   1   1   0 0.00  0.0    0 10.2 22 230   M    M   1        28 260
 3  77  48  63   0   2   0 0.00  0.0    0  6.8 17 310   M    M   1        26 330
 4  73  51  62  -1   3   0 0.59  0.0    0  6.7 15  50   M    M   4 1      22  90
 5  76  57  67   3   0   2 0.61  0.0    0 10.4 22 220   M    M   7 1      30 230
 6  64  47  56  -8   9   0    T  0.0    0 10.0 23 290   M    M   8        30 300
 7  68  42  55  -9  10   0 0.00  0.0    0  8.1 17 240   M    M   3        28 160
 8  70  40  55  -9  10   0 0.00  0.0    0  6.5 17 270   M    M   1        27 320
 9  58  38  48 -16  17   0 0.36  0.0    0  2.9 10 360   M    M   8 13     14 230
10  81  55  68   3   0   3 0.22  0.0    0  1.6 12 240   M    M   5 138    16 290
11  82  57  70   5   0   5 0.29  0.0    0  6.2 21  30   M    M   5 123    27  20
12  57  51  54 -11  11   0 0.27  0.0    0  6.8 13  70   M    M  10 13      M  M
13  70  50  60  -6   5   0 0.08  0.0    0  4.4  9 350   M    M   8 1      14 300
14  83  46  65  -1   0   0 0.00  0.0    0  8.1 17 260   M    M   1 12     29 180
15  84  56  70   4   0   5 0.00  0.0    0  5.8 15  10   M    M   0         M  M
16  84  49  67   1   0   2 0.00  0.0    0  2.1  9 240   M    M   0        16 230
17  88  58  73   7   0   8 0.00  0.0    0  5.6 17 230   M    M   0 18     28 230
18  86  61  74   7   0   9 0.00  0.0    0  6.7 15 230   M    M   0        23 230
19  87  64  76   9   0  11 0.02  0.0    0  6.5 23 260   M    M   3 3      29 250
20  88  64  76   9   0  11 0.06  0.0    0  5.6 20  50   M    M   2 13     31 330
21  67  58  63  -5   2   0 0.11  0.0    0  6.4 15  90   M    M  10 1      27  50
22  80  62  71   3   0   6 0.33  0.0    0  4.2 20 360   M    M   7 1      24 360
23  69  60  65  -3   0   0    M  0.0    0  7.0 15  40   M    M  10 1      18  30
================================================================================
SM 1747 1231        70  70  3.38     0.0 148.1          M      102
================================================================================
AV 76.0 53.5                               6.4 FASTST   M    M   4    MAX(MPH)
                                 MISC ---->  # 35 260               # 44  250
================================================================================
NOTES:
# LAST OF SEVERAL OCCURRENCES

COLUMN 17 PEAK WIND IN M.P.H.

PRELIMINARY LOCAL CLIMATOLOGICAL DATA (WS FORM: F-6) , PAGE 2

                                          STATION:  DANVILLE VA
                                          MONTH:    MAY
                                          YEAR:     2017
                                          LATITUDE:   36 34 N
                                          LONGITUDE:  79 20 W

[TEMPERATURE DATA]      [PRECIPITATION DATA]       SYMBOLS USED IN COLUMN 16

AVERAGE MONTHLY: 64.7   TOTAL FOR MONTH:   3.38    1 = FOG OR MIST
DPTR FM NORMAL:  -0.5   DPTR FM NORMAL:    0.61    2 = FOG REDUCING VISIBILITY
HIGHEST:    88 ON 20,17 GRTST 24HR  0.61 ON  5- 5      TO 1/4 MILE OR LESS
LOWEST:     38 ON  9                               3 = THUNDER
                        SNOW, ICE PELLETS, HAIL    4 = ICE PELLETS
                        TOTAL MONTH:   0.0 INCH    5 = HAIL
                        GRTST 24HR     0.0         6 = FREEZING RAIN OR DRIZZLE
                        GRTST DEPTH:   0           7 = DUSTSTORM OR SANDSTORM:
                                                       VSBY 1/2 MILE OR LESS
                                                   8 = SMOKE OR HAZE
[NO. OF DAYS WITH]      [WEATHER - DAYS WITH]      9 = BLOWING SNOW
                                                   X = TORNADO
MAX 32 OR BELOW:   0    0.01 INCH OR MORE:  12
MAX 90 OR ABOVE:   0    0.10 INCH OR MORE:   9
MIN 32 OR BELOW:   0    0.50 INCH OR MORE:   2
MIN  0 OR BELOW:   0    1.00 INCH OR MORE:   0

[HDD (BASE 65) ]
TOTAL THIS MO.    70    CLEAR  (SCALE 0-3)  11
DPTR FM NORMAL     9    PTCLDY (SCALE 4-7)   8
TOTAL FM JUL 1  3140    CLOUDY (SCALE 8-10)  4
DPTR FM NORMAL  -664

[CDD (BASE 65) ]
TOTAL THIS MO.    70
DPTR FM NORMAL     3    [PRESSURE DATA]
TOTAL FM JAN 1   153    HIGHEST SLP M ON M
DPTR FM NORMAL    52    LOWEST  SLP 29.38 ON M

[REMARKS]
DUE TO A RAINFALL TIPPING BUCKET FAILURE ON MAY 23...THE MAY
MONTHLY, SPRING SEASON (MAR-MAY 2017), AND 2017 ANNUAL PRECIPITATION
TOTAL FOR DANVILLE WILL BE INCOMPLETE.
