000
CXUS55 KDVN 291100
CF6DBQ
PRELIMINARY LOCAL CLIMATOLOGICAL DATA (WS FORM: F-6)

                                          STATION:   DUBUQUE IA
                                          MONTH:     AUGUST
                                          YEAR:      2015
                                          LATITUDE:   42 24 N
                                          LONGITUDE:  90 42 W

  TEMPERATURE IN F:       :PCPN:    SNOW:  WIND      :SUNSHINE: SKY     :PK WND
================================================================================
1   2   3   4   5  6A  6B    7    8   9   10  11  12  13   14  15   16   17  18
                                     12Z  AVG MX 2MIN
DY MAX MIN AVG DEP HDD CDD  WTR  SNW DPTH SPD SPD DIR MIN PSBL S-S WX    SPD DR
================================================================================

 1  85  57  71   0   0   6 0.00  0.0    0  8.3 18 270   M    M   1        25 260
 2  88  68  78   7   0  13 0.00  0.0    0 14.2 26 240   M    M   0        33 250
 3  79  58  69  -2   0   4 0.00  0.0    0  7.9 18 320   M    M   0        24 290
 4  80  51  66  -5   0   1 0.00  0.0    0  5.1 17 310   M    M   0        21 320
 5  80  54  67  -4   0   2 0.00  0.0    0  3.4 10 160   M    M   0        15 110
 6  81  58  70  -1   0   5 0.00  0.0    0  5.3 12 170   M    M   1 12     17 160
 7  84  62  73   2   0   8 0.00  0.0    0  9.8 22 200   M    M   4        26 210
 8  74  62  68  -3   0   3 0.06  0.0    0  3.7 12  70   M    M   5 1      14  50
 9  79  66  73   2   0   8 0.23  0.0    0  5.1 10 140   M    M   7 1      14 140
10  83  63  73   2   0   8    T  0.0    0  8.1 20 340   M    M   4 123    25 320
11  82  62  72   1   0   7 0.00  0.0    0  9.4 20 360   M    M   0        25 350
12  82  59  71   0   0   6 0.00  0.0    0  4.6 10 330   M    M   0        14 340
13  84  59  72   1   0   7 0.00  0.0    0 10.0 20 250   M    M   1        25 250
14  87  69  78   8   0  13 0.00  0.0    0  6.5 14 270   M    M   0        18 260
15  87  68  78   8   0  13 0.00  0.0    0  5.4 13 220   M    M   1 1      15 230
16  87  66  77   7   0  12 0.00  0.0    0  9.2 20 200   M    M   0 1      23 190
17  84  66  75   5   0  10    T  0.0    0  6.0 25 290   M    M   2 138    35 290
18  77  64  71   1   0   6 0.90  0.0    0  6.9 17 330   M    M   7 123    22 300
19  67  57  62  -8   3   0 0.04  0.0    0 14.8 23 220   M    M  10 18     32 240
20  74  53  64  -6   1   0 0.00  0.0    0 11.0 28 290   M    M   1        34 280
21  81  54  68  -2   0   3 0.00  0.0    0 11.0 22 200   M    M   1        28 190
22  77  59  68  -2   0   3 0.00  0.0    0 13.8 24 160   M    M   0        31 170
23  72  52  62  -7   3   0 0.08  0.0    0 13.9 25 290   M    M   5 1      32 280
24  70  49  60  -9   5   0 0.00  0.0    0 13.1 29 280   M    M   5        36 300
25  73  51  62  -7   3   0 0.00  0.0    0  9.2 22 330   M    M   4        27 300
26  76  52  64  -5   1   0 0.00  0.0    0  4.3 14 330   M    M   3        21 340
27  73  54  64  -5   1   0 0.00  0.0    0  7.2 15 170   M    M   2 1      18 170
28  65  59  62  -6   3   0 1.19  0.0    0 10.4 24 140   M    M   6 138    33 140
================================================================================
SM 2211 1652        20 138  2.50     0.0 237.6          M       70
================================================================================
AV 79.0 59.0                               8.5 FASTST   M    M   3    MAX(MPH)
                                 MISC ---->  # 29 280               # 36  300
================================================================================
NOTES:
# LAST OF SEVERAL OCCURRENCES

COLUMN 17 PEAK WIND IN M.P.H.

PRELIMINARY LOCAL CLIMATOLOGICAL DATA (WS FORM: F-6) , PAGE 2

                                          STATION:  DUBUQUE IA
                                          MONTH:    AUGUST
                                          YEAR:     2015
                                          LATITUDE:   42 24 N
                                          LONGITUDE:  90 42 W

[TEMPERATURE DATA]      [PRECIPITATION DATA]       SYMBOLS USED IN COLUMN 16

AVERAGE MONTHLY: 69.0   TOTAL FOR MONTH:   2.50    1 = FOG OR MIST
DPTR FM NORMAL:  -1.2   DPTR FM NORMAL:   -1.49    2 = FOG REDUCING VISIBILITY
HIGHEST:    88 ON  2    GRTST 24HR  1.19 ON 28-28      TO 1/4 MILE OR LESS
LOWEST:     49 ON 24                               3 = THUNDER
                        SNOW, ICE PELLETS, HAIL    4 = ICE PELLETS
                        TOTAL MONTH:   0.0 INCH    5 = HAIL
                        GRTST 24HR     0.0         6 = FREEZING RAIN OR DRIZZLE
                        GRTST DEPTH:   0           7 = DUSTSTORM OR SANDSTORM:
                                                       VSBY 1/2 MILE OR LESS
                                                   8 = SMOKE OR HAZE
[NO. OF DAYS WITH]      [WEATHER - DAYS WITH]      9 = BLOWING SNOW
                                                   X = TORNADO
MAX 32 OR BELOW:   0    0.01 INCH OR MORE:   6
MAX 90 OR ABOVE:   0    0.10 INCH OR MORE:   3
MIN 32 OR BELOW:   0    0.50 INCH OR MORE:   2
MIN  0 OR BELOW:   0    1.00 INCH OR MORE:   1

[HDD (BASE 65) ]
TOTAL THIS MO.    20    CLEAR  (SCALE 0-3)  18
DPTR FM NORMAL     7    PTCLDY (SCALE 4-7)   9
TOTAL FM JUL 1    33    CLOUDY (SCALE 8-10)  1
DPTR FM NORMAL    12

[CDD (BASE 65) ]
TOTAL THIS MO.   138
DPTR FM NORMAL   -26    [PRESSURE DATA]
TOTAL FM JAN 1   486    HIGHEST SLP M ON M
DPTR FM NORMAL   -78    LOWEST  SLP 29.60 ON 19

[REMARKS]
