000
CXUS55 KDVN 301100
CF6DBQ
PRELIMINARY LOCAL CLIMATOLOGICAL DATA (WS FORM: F-6)

                                          STATION:   DUBUQUE IA
                                          MONTH:     AUGUST
                                          YEAR:      2016
                                          LATITUDE:   42 24 N
                                          LONGITUDE:  90 42 W

  TEMPERATURE IN F:       :PCPN:    SNOW:  WIND      :SUNSHINE: SKY     :PK WND
================================================================================
1   2   3   4   5  6A  6B    7    8   9   10  11  12  13   14  15   16   17  18
                                     12Z  AVG MX 2MIN
DY MAX MIN AVG DEP HDD CDD  WTR  SNW DPTH SPD SPD DIR MIN PSBL S-S WX    SPD DR
================================================================================

 1  81  65  73   2   0   8 0.00  0.0    0  7.9 16 120   M    M   2 1      21 130
 2  83  69  76   5   0  11 0.00  0.0    0  4.4 14 150   M    M   2 1      15 160
 3  86  68  77   6   0  12 0.00  0.0    0  5.0 13 160   M    M   2 1      15 180
 4  85  68  77   6   0  12 0.67  0.0    0 10.0 41 310   M    M   2 138    55 300
 5  79  63  71   0   0   6 0.00  0.0    0  9.0 16 340   M    M   3        19 360
 6  78  60  69  -2   0   4 0.00  0.0    0  5.4 13 330   M    M   1        19 340
 7  79  60  70  -1   0   5 0.00  0.0    0  4.7 10  70   M    M   2        13  70
 8  81  63  72   1   0   7 0.00  0.0    0  6.9 14 130   M    M   2        18 130
 9  82  64  73   2   0   8 0.00  0.0    0  5.8 12 180   M    M   3 1      15 190
10  86  67  77   6   0  12 0.00  0.0    0  7.3 15 160   M    M   1 1      19 150
11  84  72  78   7   0  13 1.30  0.0    0  9.7 25 170   M    M   4 13     33 160
12  81  70  76   5   0  11 0.26  0.0    0  3.1 10 330   M    M   7 13     12 330
13  81  63  72   1   0   7 0.00  0.0    0  9.7 20 340   M    M   5        25 330
14  81  60  71   1   0   6    T  0.0    0  2.3 12 260   M    M   2 1      14 270
15  81  64  73   3   0   8 0.00  0.0    0  5.6 12  60   M    M   1 12     15 100
16  83  61  72   2   0   7 0.00  0.0    0  5.0 13 200   M    M   1 1      15 200
17  83  66  75   5   0  10 0.08  0.0    0  5.2 13 350   M    M   3 1      15 350
18  86  66  76   6   0  11 0.38  0.0    0  8.1 29 330   M    M   4 13     41 330
19  83  67  75   5   0  10 0.23  0.0    0  7.9 25  10   M    M   2 13     33 360
20  73  58  66  -4   0   1 0.11  0.0    0 10.1 25 320   M    M   6 13     31 310
21  73  53  63  -7   2   0 0.00  0.0    0  7.5 17 330   M    M   2        28 310
22  77  52  65  -5   0   0 0.00  0.0    0  9.2 18 180   M    M   0        24 190
23  79  59  69   0   0   4 0.00  0.0    0 12.6 21 180   M    M   4        27 180
24  85  67  76   7   0  11 0.13  0.0    0  9.6 22 180   M    M   7 13     27 180
25  78  63  71   2   0   6 0.00  0.0    0  5.2 12 350   M    M   3        15 350
26  74  60  67  -2   0   2 0.05  0.0    0  6.9 12  50   M    M   3 13     14  50
27  78  63  71   2   0   6 0.54  0.0    0  6.0 14  30   M    M   4 12     16  30
28  86  62  74   6   0   9    T  0.0    0  4.0 15 160   M    M   3 13     22 160
29  82  65  74   6   0   9 0.00  0.0    0  3.6 10 150   M    M   2 12     17 330
================================================================================
SM 2348 1838         2 216  3.75     0.0 197.7          M       83
================================================================================
AV 81.0 63.4                               6.8 FASTST   M    M   3    MAX(MPH)
                                 MISC ---->  # 41 310               # 55  300
================================================================================
NOTES:
# LAST OF SEVERAL OCCURRENCES

COLUMN 17 PEAK WIND IN M.P.H.

PRELIMINARY LOCAL CLIMATOLOGICAL DATA (WS FORM: F-6) , PAGE 2

                                          STATION:  DUBUQUE IA
                                          MONTH:    AUGUST
                                          YEAR:     2016
                                          LATITUDE:   42 24 N
                                          LONGITUDE:  90 42 W

[TEMPERATURE DATA]      [PRECIPITATION DATA]       SYMBOLS USED IN COLUMN 16

AVERAGE MONTHLY: 72.2   TOTAL FOR MONTH:   3.75    1 = FOG OR MIST
DPTR FM NORMAL:   2.0   DPTR FM NORMAL:   -0.37    2 = FOG REDUCING VISIBILITY
HIGHEST:    86 ON 28,18 GRTST 24HR  1.56 ON 11-12      TO 1/4 MILE OR LESS
LOWEST:     52 ON 22                               3 = THUNDER
                        SNOW, ICE PELLETS, HAIL    4 = ICE PELLETS
                        TOTAL MONTH:   0.0 INCH    5 = HAIL
                        GRTST 24HR     0.0         6 = FREEZING RAIN OR DRIZZLE
                        GRTST DEPTH:   0           7 = DUSTSTORM OR SANDSTORM:
                                                       VSBY 1/2 MILE OR LESS
                                                   8 = SMOKE OR HAZE
[NO. OF DAYS WITH]      [WEATHER - DAYS WITH]      9 = BLOWING SNOW
                                                   X = TORNADO
MAX 32 OR BELOW:   0    0.01 INCH OR MORE:  10
MAX 90 OR ABOVE:   0    0.10 INCH OR MORE:   8
MIN 32 OR BELOW:   0    0.50 INCH OR MORE:   3
MIN  0 OR BELOW:   0    1.00 INCH OR MORE:   1

[HDD (BASE 65) ]
TOTAL THIS MO.     2    CLEAR  (SCALE 0-3)  20
DPTR FM NORMAL   -12    PTCLDY (SCALE 4-7)   9
TOTAL FM JUL 1     7    CLOUDY (SCALE 8-10)  0
DPTR FM NORMAL   -15

[CDD (BASE 65) ]
TOTAL THIS MO.   216
DPTR FM NORMAL    48    [PRESSURE DATA]
TOTAL FM JAN 1   666    HIGHEST SLP M ON M
DPTR FM NORMAL    98    LOWEST  SLP 29.63 ON 20

[REMARKS]
