000
CXUS55 KDVN 011256
CF6DBQ
PRELIMINARY LOCAL CLIMATOLOGICAL DATA (WS FORM: F-6)

                                          STATION:   DUBUQUE IA
                                          MONTH:     JUNE
                                          YEAR:      2015
                                          LATITUDE:   42 24 N
                                          LONGITUDE:  90 42 W

  TEMPERATURE IN F:       :PCPN:    SNOW:  WIND      :SUNSHINE: SKY     :PK WND
================================================================================
1   2   3   4   5  6A  6B    7    8   9   10  11  12  13   14  15   16   17  18
                                     12Z  AVG MX 2MIN
DY MAX MIN AVG DEP HDD CDD  WTR  SNW DPTH SPD SPD DIR MIN PSBL S-S WX    SPD DR
================================================================================

 1  68  42  55  -9  10   0 0.00  0.0    0  8.1 15 110   M    M   1        20  60
 2  71  47  59  -5   6   0 0.00  0.0    0  7.2 14 110   M    M   2        20 100
 3  77  52  65   0   0   0 0.00  0.0    0 12.0 23 170   M    M   2        29 150
 4  82  63  73   8   0   8 0.00  0.0    0  6.9 13 280   M    M   5 18     15 280
 5  78  57  68   3   0   3 0.00  0.0    0 10.7 20  60   M    M   2        24  50
 6  75  52  64  -2   1   0 0.00  0.0    0  9.7 17 180   M    M   2        22 190
 7  83  65  74   8   0   9 0.38  0.0    0 11.7 30 200   M    M   4 13     46 210
 8  80  59  70   4   0   5 0.00  0.0    0  9.3 23 320   M    M   0 1      30 320
 9  90  56  73   6   0   8 0.00  0.0    0  9.8 22 240   M    M   1 18     28 260
10  88  69  79  12   0  14 0.00  0.0    0  7.5 15 250   M    M   1        18 240
11  71  62  67   0   0   2 2.51  0.0    0 10.4 20 110   M    M   8 13     25 110
12  65  59  62  -6   3   0 0.33  0.0    0  9.8 18  30   M    M  10 1      23  30
13  73  59  66  -2   0   1 0.04  0.0    0  4.8 12 110   M    M   9 12     15 120
14  82  66  74   6   0   9 0.83  0.0    0  4.3 17 200   M    M   7 123    22 200
15  76  62  69   1   0   4 0.62  0.0    0  6.7 17  20   M    M   8 123    23  20
16  78  59  69   0   0   4 0.00  0.0    0  7.3 13  70   M    M   0        16  90
17  77  60  69   0   0   4 0.00  0.0    0  6.8 14 140   M    M   7 1      21 130
18  78  63  71   2   0   6 0.00  0.0    0  8.7 17 350   M    M   3 18     26 360
19  77  56  67  -3   0   2 0.00  0.0    0  8.2 15  80   M    M   0        19  80
20  69  54  62  -8   3   0 1.47  0.0    0  6.7 39 190   M    M   6 123    48 190
21  83  62  73   3   0   8 0.00  0.0    0  3.7  9 270   M    M   3 12     13 340
22  81  64  73   3   0   8 0.98    T    0 11.8 52 270   M    M   6 135    72 260
23  78  57  68  -2   0   3 0.00  0.0    0  8.3 16 330   M    M   0        20 340
24  75  57  66  -5   0   1 0.27  0.0    0  5.8 15 150   M    M   3 13     19 100
25  77  65  71   0   0   6 0.00  0.0    0  4.5 12  40   M    M   7 1      14  20
26  74  60  67  -4   0   2 0.03  0.0    0  7.9 16  50   M    M   3 18     21  50
27  80  59  70  -1   0   5 0.00  0.0    0  5.8 15  10   M    M   1 1      18  20
28  74  57  66  -5   0   1 0.13  0.0    0  4.8 14 180   M    M   5 1      17 190
29  80  55  68  -4   0   3 0.75  0.0    0  4.6 26  10   M    M   5 123    36 340
30  77  59  68  -4   0   3 0.00  0.0    0  7.8 14 350   M    M   2 1      18 350
================================================================================
SM 2317 1757        23 119  8.34    T    231.6          M      113
================================================================================
AV 77.2 58.6                               7.7 FASTST   M    M   4    MAX(MPH)
                                 MISC ---->  # 52 270               # 72  260
================================================================================
NOTES:
# LAST OF SEVERAL OCCURRENCES

COLUMN 17 PEAK WIND IN M.P.H.

PRELIMINARY LOCAL CLIMATOLOGICAL DATA (WS FORM: F-6) , PAGE 2

                                          STATION:  DUBUQUE IA
                                          MONTH:    JUNE
                                          YEAR:     2015
                                          LATITUDE:   42 24 N
                                          LONGITUDE:  90 42 W

[TEMPERATURE DATA]      [PRECIPITATION DATA]       SYMBOLS USED IN COLUMN 16

AVERAGE MONTHLY: 67.9   TOTAL FOR MONTH:   8.34    1 = FOG OR MIST
DPTR FM NORMAL:  -0.4   DPTR FM NORMAL:    3.94    2 = FOG REDUCING VISIBILITY
HIGHEST:    90 ON  9    GRTST 24HR  2.74 ON 11-12      TO 1/4 MILE OR LESS
LOWEST:     42 ON  1                               3 = THUNDER
                        SNOW, ICE PELLETS, HAIL    4 = ICE PELLETS
                        TOTAL MONTH:    T          5 = HAIL
                        GRTST 24HR    T  ON 22-22  6 = FREEZING RAIN OR DRIZZLE
                        GRTST DEPTH:   0           7 = DUSTSTORM OR SANDSTORM:
                                                       VSBY 1/2 MILE OR LESS
                                                   8 = SMOKE OR HAZE
[NO. OF DAYS WITH]      [WEATHER - DAYS WITH]      9 = BLOWING SNOW
                                                   X = TORNADO
MAX 32 OR BELOW:   0    0.01 INCH OR MORE:  12
MAX 90 OR ABOVE:   1    0.10 INCH OR MORE:  10
MIN 32 OR BELOW:   0    0.50 INCH OR MORE:   6
MIN  0 OR BELOW:   0    1.00 INCH OR MORE:   2

[HDD (BASE 65) ]
TOTAL THIS MO.    23    CLEAR  (SCALE 0-3)  13
DPTR FM NORMAL   -17    PTCLDY (SCALE 4-7)  15
TOTAL FM JUL 1  7409    CLOUDY (SCALE 8-10)  2
DPTR FM NORMAL   323

[CDD (BASE 65) ]
TOTAL THIS MO.   119
DPTR FM NORMAL   -20    [PRESSURE DATA]
TOTAL FM JAN 1   155    HIGHEST SLP 30.28 ON  1
DPTR FM NORMAL   -21    LOWEST  SLP 29.59 ON 22

[REMARKS]
#FINAL-06-15#
