000
CXUS54 KHUN 231015
CF6DCU
PRELIMINARY LOCAL CLIMATOLOGICAL DATA (WS FORM: F-6)

                                          STATION:   DECATUR
                                          MONTH:     AUGUST
                                          YEAR:      2017
                                          LATITUDE:   34 39 N
                                          LONGITUDE:  86 56 W

  TEMPERATURE IN F:       :PCPN:    SNOW:  WIND      :SUNSHINE: SKY     :PK WND
================================================================================
1   2   3   4   5  6A  6B    7    8   9   10  11  12  13   14  15   16   17  18
                                     12Z  AVG MX 2MIN
DY MAX MIN AVG DEP HDD CDD  WTR  SNW DPTH SPD SPD DIR MIN PSBL S-S WX    SPD DR
================================================================================

 1  89  63  76  -4   0  11 0.00  0.0    0  2.3  9  10   M    M   2 8      11 360
 2  88  67  78  -2   0  13    T  0.0    0  3.4 17 160   M    M   0 13     20 160
 3  89  65  77  -3   0  12 0.00  0.0    0  4.4 13 170   M    M   1 18     16 180
 4  88 -72   8 -72  57   0    T  0.0    0  6.0 12 280   M    M   3        16 240
 5  85  62  74  -6   0   9 0.00  0.0    0  4.7 12  70   M    M   2        16  80
 6  89  62  76  -4   0  11 0.04  0.0    0  9.2 28 190   M    M   3 13     34 190
 7  86  71  79  -1   0  14 0.75  0.0    0  7.9 21 200   M    M   8 13     27 200
 8  84  70  77  -3   0  12 0.06  0.0    0  4.8 10  10   M    M   8 1      18 330
 9  84  68  76  -4   0  11 0.24  0.0    M  4.7 15 160   M    M  10 1      21 200
10  88  73  81   1   0  16 0.15  0.0    0  5.7 12 180   M    M   6 1      13 210
11  85  70  78  -2   0  13 0.27  0.0    0  4.2 22  20   M    M   7 13     30 240
12  86  70  78  -1   0  13 0.00  0.0    0  3.8 12 310   M    M   4 1      23 320
13  87  68  78  -1   0  13 0.00  0.0    0  2.1  8  10   M    M   1 1      15  50
14  83  73  78  -1   0  13 0.36  0.0    0  4.6 20 250   M    M   6 13     31 210
15  89  72  81   2   0  16    T  0.0    0  4.7 17 260   M    M   4 3      22 260
16  89  72  81   2   0  16    T  0.0    0  4.6 17 210   M    M   6 3      21 200
17  89  71  80   1   0  15 0.01  0.0    0  8.3 16 210   M    M   3 1      21 230
18  89  67  78  -1   0  13 0.00  0.0    0  6.2 16 270   M    M   3        21 280
19  92  63  78  -1   0  13 0.00  0.0    0  1.9  9 320   M    M   1 1      14 270
20  94  69  82   3   0  17 0.00  0.0    0  1.6  9 150   M    M   1 1      10 160
21  93  69  81   2   0  16 0.00  0.0    0  1.4  7 140   M    M   0 1       8 110
22  93  67  80   1   0  15 0.01  0.0    0  6.0 16 190   M    M   1 1      20 240
================================================================================
SM 1939 1360        57 282  1.89     0.0 102.5          M       80
================================================================================
AV 88.1 61.8                               4.7 FASTST   M    M   4    MAX(MPH)
                                 MISC ---->  # 28 190               # 34  190
================================================================================
NOTES:
# LAST OF SEVERAL OCCURRENCES

COLUMN 17 PEAK WIND IN M.P.H.

PRELIMINARY LOCAL CLIMATOLOGICAL DATA (WS FORM: F-6) , PAGE 2

                                          STATION:  DECATUR
                                          MONTH:    AUGUST
                                          YEAR:     2017
                                          LATITUDE:   34 39 N
                                          LONGITUDE:  86 56 W

[TEMPERATURE DATA]      [PRECIPITATION DATA]       SYMBOLS USED IN COLUMN 16

AVERAGE MONTHLY: 75.0   TOTAL FOR MONTH:   1.89    1 = FOG OR MIST
DPTR FM NORMAL:  -4.5   DPTR FM NORMAL:   -0.70    2 = FOG REDUCING VISIBILITY
HIGHEST:    94 ON 20    GRTST 24HR  0.75 ON  7- 7      TO 1/4 MILE OR LESS
LOWEST:    -72 ON  4                               3 = THUNDER
                        SNOW, ICE PELLETS, HAIL    4 = ICE PELLETS
                        TOTAL MONTH:   0.0 INCH    5 = HAIL
                        GRTST 24HR     0.0         6 = FREEZING RAIN OR DRIZZLE
                        GRTST DEPTH:   0           7 = DUSTSTORM OR SANDSTORM:
                                                       VSBY 1/2 MILE OR LESS
                                                   8 = SMOKE OR HAZE
[NO. OF DAYS WITH]      [WEATHER - DAYS WITH]      9 = BLOWING SNOW
                                                   X = TORNADO
MAX 32 OR BELOW:   0    0.01 INCH OR MORE:   9
MAX 90 OR ABOVE:   4    0.10 INCH OR MORE:   5
MIN 32 OR BELOW:   1    0.50 INCH OR MORE:   1
MIN  0 OR BELOW:   1    1.00 INCH OR MORE:   0

[HDD (BASE 65) ]
TOTAL THIS MO.    57    CLEAR  (SCALE 0-3)  12
DPTR FM NORMAL    57    PTCLDY (SCALE 4-7)   9
TOTAL FM JUL 1    57    CLOUDY (SCALE 8-10)  1
DPTR FM NORMAL    57

[CDD (BASE 65) ]
TOTAL THIS MO.   282
DPTR FM NORMAL   -35    [PRESSURE DATA]
TOTAL FM JAN 1  1353    HIGHEST SLP M ON M
DPTR FM NORMAL    15    LOWEST  SLP 29.86 ON 14

[REMARKS]
