000
CXUS53 KILX 280900
CF6DEC
PRELIMINARY LOCAL CLIMATOLOGICAL DATA (WS FORM: F-6)

                                          STATION:   DECATUR IL AIRPORT
                                          MONTH:     AUGUST
                                          YEAR:      2015
                                          LATITUDE:   39 49 N
                                          LONGITUDE:  88 51 W

  TEMPERATURE IN F:       :PCPN:    SNOW:  WIND      :SUNSHINE: SKY     :PK WND
================================================================================
1   2   3   4   5  6A  6B    7    8   9   10  11  12  13   14  15   16   17  18
                                     12Z  AVG MX 2MIN
DY MAX MIN AVG DEP HDD CDD  WTR  SNW DPTH SPD SPD DIR MIN PSBL S-S WX    SPD DR
================================================================================

 1  87  64  76   1   0  11 0.00    M    M  6.5 14 210   M    M   0        18 220
 2  92  66  79   5   0  14    T    M    M  9.4 20 240   M    M   0        28 210
 3  88  65  77   3   0  12 0.00    M    M  8.2 16 290   M    M   1        22 300
 4  82  62  72  -2   0   7 0.00    M    M  2.7 13 270   M    M   1        15 270
 5  84  63  74   0   0   9 0.01    M    M  7.1 15  80   M    M   2        20 160
 6  84  64  74   0   0   9 0.42    M    M  9.2 17  30   M    M   4 1      22  40
 7  82  55  69  -5   0   4 0.00    M    M  3.6 10 120   M    M   1 18     16 140
 8  87  65  76   2   0  11    T    M    M  4.5 12 260   M    M   2        16 270
 9  84  72  78   4   0  13 0.70    M    M  7.0 20 160   M    M   4 13     25 160
10  87  71  79   5   0  14 0.00    M    M  8.3 20 340   M    M   4 128    24 310
11  85  65  75   1   0  10 0.00    M    M  8.0 17 350   M    M   2        22 360
12  85  60  73  -1   0   8 0.00    M    M  3.5 13 330   M    M   2        17 320
13  84  58  71  -3   0   6 0.00    M    M  3.4 10 270   M    M   0 12     13 280
14  88  65  77   3   0  12 0.00    M    M  3.4  9 230   M    M   2 8      13 190
15  90  67  79   5   0  14 0.00    M    M  3.4 10 240   M    M   2        13 240
16  89  67  78   4   0  13 0.00    M    M  5.4 15 210   M    M   0        22 220
17  88  69  79   5   0  14 0.02    M    M  7.3 21 280   M    M   2 3      26 280
18  88  70  79   5   0  14 0.53    M    M 10.3 29 270   M    M   4 13     37 280
19  78  60  69  -5   0   4 0.27    M    M 11.4 23 210   M    M   6 13     32 210
20  79  57  68  -5   0   3 0.00    M    M  8.2 20 280   M    M   0        27 290
21  82  54  68  -5   0   3 0.00    M    M  4.5 13 160   M    M   1        18 200
22  78  54  66  -7   0   1 0.32    M    M  5.9 16 140   M    M   3 13     20 150
23  79  63  71  -2   0   6 0.01    M    M  9.2 22 300   M    M   4 1      26 300
24  78  58  68  -5   0   3 0.00    M    M 10.5 21 270   M    M   0        28 290
25  77  56  67  -6   0   2 0.00    M    M  7.6 16 320   M    M   1        23 320
26  76  51  64  -9   1   0 0.00    M    M  7.7 16 340   M    M   4        21  30
27  79  50  65  -8   0   0 0.00    M    M  2.9 12 100   M    M   0 18     13 110
================================================================================
SM 2260 1671         1 217  2.28    M    179.1          M       52
================================================================================
AV 83.7 61.9                               6.6 FASTST   M    M   2    MAX(MPH)
                                 MISC ---->  # 29 270               # 37  280
================================================================================
NOTES:
# LAST OF SEVERAL OCCURRENCES

COLUMN 17 PEAK WIND IN M.P.H.

PRELIMINARY LOCAL CLIMATOLOGICAL DATA (WS FORM: F-6) , PAGE 2

                                          STATION:  DECATUR IL AIRPORT
                                          MONTH:    AUGUST
                                          YEAR:     2015
                                          LATITUDE:   39 49 N
                                          LONGITUDE:  88 51 W

[TEMPERATURE DATA]      [PRECIPITATION DATA]       SYMBOLS USED IN COLUMN 16

AVERAGE MONTHLY: 72.8   TOTAL FOR MONTH:   2.28    1 = FOG OR MIST
DPTR FM NORMAL:  -0.9   DPTR FM NORMAL:   -0.81    2 = FOG REDUCING VISIBILITY
HIGHEST:    92 ON  2    GRTST 24HR  0.79 ON 18-19      TO 1/4 MILE OR LESS
LOWEST:     50 ON 27                               3 = THUNDER
                        SNOW, ICE PELLETS, HAIL    4 = ICE PELLETS
                        TOTAL MONTH:    M          5 = HAIL
                        GRTST 24HR    M  ON   M    6 = FREEZING RAIN OR DRIZZLE
                        GRTST DEPTH:  M  ON   M    7 = DUSTSTORM OR SANDSTORM:
                                                       VSBY 1/2 MILE OR LESS
                                                   8 = SMOKE OR HAZE
[NO. OF DAYS WITH]      [WEATHER - DAYS WITH]      9 = BLOWING SNOW
                                                   X = TORNADO
MAX 32 OR BELOW:   0    0.01 INCH OR MORE:   8
MAX 90 OR ABOVE:   2    0.10 INCH OR MORE:   5
MIN 32 OR BELOW:   0    0.50 INCH OR MORE:   2
MIN  0 OR BELOW:   0    1.00 INCH OR MORE:   0

[HDD (BASE 65) ]
TOTAL THIS MO.     1    CLEAR  (SCALE 0-3)  20
DPTR FM NORMAL     1    PTCLDY (SCALE 4-7)   7
TOTAL FM JUL 1     2    CLOUDY (SCALE 8-10)  0
DPTR FM NORMAL     1

[CDD (BASE 65) ]
TOTAL THIS MO.   217
DPTR FM NORMAL   -23    [PRESSURE DATA]
TOTAL FM JAN 1   920    HIGHEST SLP M ON M
DPTR FM NORMAL    31    LOWEST  SLP 29.63 ON 19

[REMARKS]
