000
CXUS53 KILX 230900
CF6DEC
PRELIMINARY LOCAL CLIMATOLOGICAL DATA (WS FORM: F-6)

                                          STATION:   DECATUR IL AIRPORT
                                          MONTH:     JULY
                                          YEAR:      2017
                                          LATITUDE:   39 49 N
                                          LONGITUDE:  88 51 W

  TEMPERATURE IN F:       :PCPN:    SNOW:  WIND      :SUNSHINE: SKY     :PK WND
================================================================================
1   2   3   4   5  6A  6B    7    8   9   10  11  12  13   14  15   16   17  18
                                     12Z  AVG MX 2MIN
DY MAX MIN AVG DEP HDD CDD  WTR  SNW DPTH SPD SPD DIR MIN PSBL S-S WX    SPD DR
================================================================================

 1  85  67  76   0   0  11 0.00    M    M  8.0 17 270   M    M   2        22 260
 2  88  61  75  -1   0  10 0.00    M    M  6.4 15 230   M    M   1        22 240
 3  89  62  76   0   0  11 0.00    M    M  4.6 12 180   M    M   1        21 150
 4  89  64  77   1   0  12 0.00    M    M  4.3 18  40   M    M   0 1      23  20
 5  86  69  78   2   0  13 0.09    M    M  5.5 20 180   M    M   2 13     24 170
 6  90  70  80   4   0  15 0.00    M    M  5.8 14 260   M    M   3 1      21 240
 7  93  72  83   7   0  18 0.00    M    M 11.8 23 320   M    M   2        32 330
 8  86  64  75  -1   0  10 0.00    M    M  7.9 16 330   M    M   1        24 300
 9  90  62  76   0   0  11 0.00    M    M  7.8 17 210   M    M   2        32 190
10  91  71  81   5   0  16 0.09    M    M 13.3 28 210   M    M   2 13     35 210
11  88  70  79   3   0  14 1.69    M    M 11.6 37 320   M    M   3 138    53 330
12  92  71  82   6   0  17 0.00    M    M 11.9 20 210   M    M   0        26 220
13  87  75  81   5   0  16 0.00    M    M  7.2 13 310   M    M   2        17 220
14  83  62  73  -3   0   8 0.00    M    M  8.4 17 330   M    M   1        22 300
15  81  58  70  -6   0   5 0.00    M    M  2.9  9  20   M    M   2 18     16  20
16  89  62  76   0   0  11 0.37    M    M  6.7 24  80   M    M   3 13     27  90
17  85  61  73  -3   0   8 0.00    M    M  4.9 12  30   M    M   1        20  60
18  88  60  74  -2   0   9 0.00    M    M  3.1 13 330   M    M   0        16 320
19  92  72  82   6   0  17 0.29    M    M  4.4 17 340   M    M   3 18     21 340
20  94  74  84   8   0  19 0.01    M    M  8.1 20 230   M    M   0 1      23 220
21  95  76  86  10   0  21 0.00    M    M  8.6 16 200   M    M   1 3      22 200
22  92  70  81   5   0  16 0.44    M    M  8.1 26 350   M    M   4 13     34 350
================================================================================
SM 1953 1473         0 288  2.98    M    161.3          M       36
================================================================================
AV 88.8 67.0                               7.3 FASTST   M    M   2    MAX(MPH)
                                 MISC ---->  # 37 320               # 53  330
================================================================================
NOTES:
# LAST OF SEVERAL OCCURRENCES

COLUMN 17 PEAK WIND IN M.P.H.

PRELIMINARY LOCAL CLIMATOLOGICAL DATA (WS FORM: F-6) , PAGE 2

                                          STATION:  DECATUR IL AIRPORT
                                          MONTH:    JULY
                                          YEAR:     2017
                                          LATITUDE:   39 49 N
                                          LONGITUDE:  88 51 W

[TEMPERATURE DATA]      [PRECIPITATION DATA]       SYMBOLS USED IN COLUMN 16

AVERAGE MONTHLY: 77.9   TOTAL FOR MONTH:   2.98    1 = FOG OR MIST
DPTR FM NORMAL:   1.9   DPTR FM NORMAL:    0.17    2 = FOG REDUCING VISIBILITY
HIGHEST:    95 ON 21    GRTST 24HR  1.69 ON 11-11      TO 1/4 MILE OR LESS
LOWEST:     58 ON 15                               3 = THUNDER
                        SNOW, ICE PELLETS, HAIL    4 = ICE PELLETS
                        TOTAL MONTH:    M          5 = HAIL
                        GRTST 24HR    M  ON   M    6 = FREEZING RAIN OR DRIZZLE
                        GRTST DEPTH:  M  ON   M    7 = DUSTSTORM OR SANDSTORM:
                                                       VSBY 1/2 MILE OR LESS
                                                   8 = SMOKE OR HAZE
[NO. OF DAYS WITH]      [WEATHER - DAYS WITH]      9 = BLOWING SNOW
                                                   X = TORNADO
MAX 32 OR BELOW:   0    0.01 INCH OR MORE:   7
MAX 90 OR ABOVE:   9    0.10 INCH OR MORE:   4
MIN 32 OR BELOW:   0    0.50 INCH OR MORE:   1
MIN  0 OR BELOW:   0    1.00 INCH OR MORE:   1

[HDD (BASE 65) ]
TOTAL THIS MO.     0    CLEAR  (SCALE 0-3)  21
DPTR FM NORMAL     0    PTCLDY (SCALE 4-7)   1
TOTAL FM JUL 1     0    CLOUDY (SCALE 8-10)  0
DPTR FM NORMAL     0

[CDD (BASE 65) ]
TOTAL THIS MO.   288
DPTR FM NORMAL    46    [PRESSURE DATA]
TOTAL FM JAN 1   640    HIGHEST SLP M ON M
DPTR FM NORMAL    82    LOWEST  SLP 29.74 ON 10

[REMARKS]
