000
CXUS53 KARX 260930
CF6DEH
PRELIMINARY LOCAL CLIMATOLOGICAL DATA (WS FORM: F-6)

                                          STATION:   DECORAH IA
                                          MONTH:     SEPTEMBER
                                          YEAR:      2017
                                          LATITUDE:   43 16 N
                                          LONGITUDE:  91 44 W

  TEMPERATURE IN F:       :PCPN:    SNOW:  WIND      :SUNSHINE: SKY     :PK WND
================================================================================
1   2   3   4   5  6A  6B    7    8   9   10  11  12  13   14  15   16   17  18
                                     12Z  AVG MX 2MIN
DY MAX MIN AVG DEP HDD CDD  WTR  SNW DPTH SPD SPD DIR MIN PSBL S-S WX    SPD DR
================================================================================

 1  70  46  58   M   7   0 0.00  0.0    0  6.1 12 140   M    M   4        18 150
 2  75  55  65   M   0   0 0.01  0.0    0  4.4  9 230   M    M   7        18  99
 3  82  54  68   M   0   3 0.00  0.0    0  5.5 10 190   M    M   2        20 210
 4  72  50  61   M   4   0 0.00  0.0    0  9.4 27 330   M    M   3        41 330
 5  63  48  56   M   9   0 0.00  0.0    0  9.7 20 320   M    M   5        30 320
 6  64  43  54   M  11   0 0.00  0.0    0  4.8  9 340   M    M   4        15 340
 7  70  43  57   M   8   0 0.00  0.0    0  3.9  8 320   M    M   3        15  99
 8  68  52  60   M   5   0 0.00  0.0    0  7.1 15  80   M    M   5        18  70
 9  75  50  63   M   2   0 0.00  0.0    0  7.9 12 150   M    M   3        21 150
10  75  54  65   M   0   0 0.00  0.0    0  8.4 12 160   M    M   4        20 150
11  79  50  65   M   0   0 0.00  0.0    0  5.5  9 180   M    M   2        14  99
12  82  55  69   M   0   4 0.00  0.0    0  1.9  7  20   M    M   3         M  M
13  81  55  68   M   0   3 0.00  0.0    0  2.5  7 160   M    M   4 1       M  M
14  86  61  74   M   0   9 0.00  0.0    0  6.8 13 170   M    M   3        18 170
15  88  63  76   M   0  11 0.00  0.0    0  8.4 13 170   M    M   1        20 190
16  82  68  75   M   0  10    T  0.0    0  7.0 15 180   M    M   3        23 170
17  70  50  60   M   5   0 0.06  0.0    0  5.6 12 320   M    M   3        16 320
18  68  50  59   M   6   0 0.05  0.0    0  3.4  8 140   M    M   7 1      14 140
19  81  55  68   M   0   3 0.00  0.0    0  7.8 14 160   M    M   5 12     23 140
20  82  63  73   M   0   8 0.20  0.0    0  7.4 14 160   M    M   8        27 140
21  88  57  73   M   0   8 0.00  0.0    0  6.6 12 130   M    M   4 1      21 130
22  91  73  82   M   0  17 0.00  0.0    0  9.2 15 170   M    M   0        31 190
23  90  68  79   M   0  14 0.00  0.0    0  6.8  9 170   M    M   1        18 170
24  90  66  78   M   0  13 0.00  0.0    0  7.6 15 180   M    M   0        20 160
25  84  63  74   M   0   9 0.70  0.0    0  3.4  9 120   M    M   5        18  99
================================================================================
SM 1956 1392        57 112  1.02     0.0 157.1          M       89
================================================================================
AV 78.2 55.7                               6.3 FASTST   M    M   4    MAX(MPH)
                                 MISC ---->  # 27 330               # 41  330
================================================================================
NOTES:
# LAST OF SEVERAL OCCURRENCES

COLUMN 17 PEAK WIND IN M.P.H.

PRELIMINARY LOCAL CLIMATOLOGICAL DATA (WS FORM: F-6) , PAGE 2

                                          STATION:  DECORAH IA
                                          MONTH:    SEPTEMBER
                                          YEAR:     2017
                                          LATITUDE:   43 16 N
                                          LONGITUDE:  91 44 W

[TEMPERATURE DATA]      [PRECIPITATION DATA]       SYMBOLS USED IN COLUMN 16

AVERAGE MONTHLY: 67.0   TOTAL FOR MONTH:   1.02    1 = FOG OR MIST
DPTR FM NORMAL:     M   DPTR FM NORMAL:       M    2 = FOG REDUCING VISIBILITY
HIGHEST:    91 ON 22    GRTST 24HR  0.70 ON 25-25      TO 1/4 MILE OR LESS
LOWEST:     43 ON  7, 6                            3 = THUNDER
                        SNOW, ICE PELLETS, HAIL    4 = ICE PELLETS
                        TOTAL MONTH:   0.0 INCH    5 = HAIL
                        GRTST 24HR     0.0         6 = FREEZING RAIN OR DRIZZLE
                        GRTST DEPTH:   0           7 = DUSTSTORM OR SANDSTORM:
                                                       VSBY 1/2 MILE OR LESS
                                                   8 = SMOKE OR HAZE
[NO. OF DAYS WITH]      [WEATHER - DAYS WITH]      9 = BLOWING SNOW
                                                   X = TORNADO
MAX 32 OR BELOW:   0    0.01 INCH OR MORE:   5
MAX 90 OR ABOVE:   3    0.10 INCH OR MORE:   2
MIN 32 OR BELOW:   0    0.50 INCH OR MORE:   1
MIN  0 OR BELOW:   0    1.00 INCH OR MORE:   0

[HDD (BASE 65) ]
TOTAL THIS MO.    57    CLEAR  (SCALE 0-3)  11
DPTR FM NORMAL     M    PTCLDY (SCALE 4-7)  14
TOTAL FM JUL 1    87    CLOUDY (SCALE 8-10)  0
DPTR FM NORMAL     M

[CDD (BASE 65) ]
TOTAL THIS MO.   112
DPTR FM NORMAL     M    [PRESSURE DATA]
TOTAL FM JAN 1   543    HIGHEST SLP M ON M
DPTR FM NORMAL     M    LOWEST  SLP M ON M

[REMARKS]
